{"id":7374,"date":"2022-01-23T22:57:49","date_gmt":"2022-01-23T21:57:49","guid":{"rendered":"https:\/\/www.hml-fetish.de\/shop\/?post_type=product&#038;p=7374"},"modified":"2025-11-17T13:22:50","modified_gmt":"2025-11-17T12:22:50","slug":"barcode-brief-hole","status":"publish","type":"product","link":"https:\/\/www.hml-fetish.de\/shop\/barcode-brief-hole\/","title":{"rendered":"barcode Brief Hole"},"content":{"rendered":"<p>Dieser Brief sieht von vorne aus wie ein einfacher Slip. Von hinten \u00fcberrascht er Deine Bewunderer mit einem freien Arsch. Das ist verbl\u00fcffend und sexy. Macht sich sehr gut unter einer Chaps.<\/p>\n<p>Materialmix: 95% Baumwolle, 5% Elasthan. Gr\u00f6\u00dfen S, M, L und XL.<\/p>\n<p><img decoding=\"async\" title=\"barcode Berlin\" src=\"\/template\/barcode.gif\" alt=\"barcode Berlin\" \/><\/p>\n<p><img decoding=\"async\" title=\"Gr\u00f6\u00dfentabelle\" src=\"\/GIF\/size_unisex_sp.gif\" alt=\"Gr\u00f6\u00dfentabelle\" width=\"114\" height=\"194\" border=\"0\" \/><\/p>\n","protected":false},"excerpt":{"rendered":"<h4>barcode Brief Hole<\/h4>\n<p>Dieser Brief sieht von vorne aus wie ein einfacher Slip. Von hinten \u00fcberrascht er Deine Bewunderer mit einem freien Arsch. Das ist verbl\u00fcffend und sexy. Macht sich sehr gut unter einer Chaps. Materialmix: 95% Baumwolle, 5% Elasthan. Gr\u00f6\u00dfen S, M, L und XL.<\/p>\n","protected":false},"featured_media":7598,"comment_status":"open","ping_status":"closed","template":"","meta":[],"product_brand":[],"product_cat":[117,108,105,119],"product_tag":[1482],"class_list":{"0":"post-7374","1":"product","2":"type-product","3":"status-publish","4":"has-post-thumbnail","6":"product_cat-slips-strings","7":"product_cat-restposten-einzelstuecke","8":"product_cat-sonderangebote","9":"product_cat-supporter","10":"product_tag-barcode-berlin","11":"product_shipping_class-brief","13":"first","14":"instock","15":"sale","16":"taxable","17":"shipping-taxable","18":"purchasable","19":"product-type-variable"},"_links":{"self":[{"href":"https:\/\/www.hml-fetish.de\/shop\/wp-json\/wp\/v2\/product\/7374","targetHints":{"allow":["GET"]}}],"collection":[{"href":"https:\/\/www.hml-fetish.de\/shop\/wp-json\/wp\/v2\/product"}],"about":[{"href":"https:\/\/www.hml-fetish.de\/shop\/wp-json\/wp\/v2\/types\/product"}],"replies":[{"embeddable":true,"href":"https:\/\/www.hml-fetish.de\/shop\/wp-json\/wp\/v2\/comments?post=7374"}],"version-history":[{"count":0,"href":"https:\/\/www.hml-fetish.de\/shop\/wp-json\/wp\/v2\/product\/7374\/revisions"}],"wp:featuredmedia":[{"embeddable":true,"href":"https:\/\/www.hml-fetish.de\/shop\/wp-json\/wp\/v2\/media\/7598"}],"wp:attachment":[{"href":"https:\/\/www.hml-fetish.de\/shop\/wp-json\/wp\/v2\/media?parent=7374"}],"wp:term":[{"taxonomy":"product_brand","embeddable":true,"href":"https:\/\/www.hml-fetish.de\/shop\/wp-json\/wp\/v2\/product_brand?post=7374"},{"taxonomy":"product_cat","embeddable":true,"href":"https:\/\/www.hml-fetish.de\/shop\/wp-json\/wp\/v2\/product_cat?post=7374"},{"taxonomy":"product_tag","embeddable":true,"href":"https:\/\/www.hml-fetish.de\/shop\/wp-json\/wp\/v2\/product_tag?post=7374"}],"curies":[{"name":"wp","href":"https:\/\/api.w.org\/{rel}","templated":true}]}}