{"id":7371,"date":"2022-01-23T22:57:48","date_gmt":"2022-01-23T21:57:48","guid":{"rendered":"https:\/\/www.hml-fetish.de\/shop\/?post_type=product&#038;p=7371"},"modified":"2022-06-26T11:51:44","modified_gmt":"2022-06-26T09:51:44","slug":"leder-frag-vest","status":"publish","type":"product","link":"https:\/\/www.hml-fetish.de\/shop\/leder-frag-vest\/","title":{"rendered":"Leder Frag Vest"},"content":{"rendered":"<p>F\u00fcr unsere maskuline und robuste \u00bbSplitterschutz-Weste\u00ab verwenden wir ein sehr weiches Rindnappa, mattschwarz, mit weichem angenehmen Griff.<\/p>\n<p>Der scheinbare Gegensatz aus dem weichen Charakter des Materials, mit dem die Leder Frag Vest auch gef\u00fcttert ist und der kerligen Sicherheits-Optik erzeugt eine interessante Spannung und ein besonderes Tragegef\u00fchl, das nur diese Weste bietet.<\/p>\n<p>Ausgesucht ebenm\u00e4\u00dfig genarbte St\u00fccke aufwendig verarbeitet. Vlies-Padding und Protektoren-Pads. Eine Au\u00dfen-, eine Innentasche. F\u00fcr nahezu jede Gr\u00f6\u00dfe einstellbar. Schmutzunempfindliches durchgef\u00e4rbtes Rindleder, hoch abrieb- und lichtecht.<\/p>\n<p>Ausf\u00fchrlich informiert diese PDF-Datei:<br \/>\n253 KB Download <a href=\"\/pdf\/fragvest.pdf\"><img decoding=\"async\" src=\"\/template\/pdf.gif\" alt=\"Hintergrundinfos als PDF herunterladen\" border=\"0\" \/><\/a><\/p>\n","protected":false},"excerpt":{"rendered":"<h4>Leder Frag Vest<\/h4>\n<p>F\u00fcr unsere maskuline und robuste \u00bbSplitterschutz-Weste\u00ab verwenden wir ein sehr weiches Rindnappa, mattschwarz, mit weichem angenehmen Griff.<\/p>\n","protected":false},"featured_media":7661,"comment_status":"open","ping_status":"closed","template":"","meta":[],"product_brand":[],"product_cat":[161,95,160,179],"product_tag":[4398],"class_list":{"0":"post-7371","1":"product","2":"type-product","3":"status-publish","4":"has-post-thumbnail","6":"product_cat-hemden-westen","7":"product_cat-bestseller","8":"product_cat-jacken","9":"product_cat-kleidung","10":"product_tag-hml-fetish-original","11":"product_shipping_class-paket","13":"first","14":"instock","15":"taxable","16":"shipping-taxable","17":"purchasable","18":"product-type-simple"},"_links":{"self":[{"href":"https:\/\/www.hml-fetish.de\/shop\/wp-json\/wp\/v2\/product\/7371","targetHints":{"allow":["GET"]}}],"collection":[{"href":"https:\/\/www.hml-fetish.de\/shop\/wp-json\/wp\/v2\/product"}],"about":[{"href":"https:\/\/www.hml-fetish.de\/shop\/wp-json\/wp\/v2\/types\/product"}],"replies":[{"embeddable":true,"href":"https:\/\/www.hml-fetish.de\/shop\/wp-json\/wp\/v2\/comments?post=7371"}],"version-history":[{"count":0,"href":"https:\/\/www.hml-fetish.de\/shop\/wp-json\/wp\/v2\/product\/7371\/revisions"}],"wp:featuredmedia":[{"embeddable":true,"href":"https:\/\/www.hml-fetish.de\/shop\/wp-json\/wp\/v2\/media\/7661"}],"wp:attachment":[{"href":"https:\/\/www.hml-fetish.de\/shop\/wp-json\/wp\/v2\/media?parent=7371"}],"wp:term":[{"taxonomy":"product_brand","embeddable":true,"href":"https:\/\/www.hml-fetish.de\/shop\/wp-json\/wp\/v2\/product_brand?post=7371"},{"taxonomy":"product_cat","embeddable":true,"href":"https:\/\/www.hml-fetish.de\/shop\/wp-json\/wp\/v2\/product_cat?post=7371"},{"taxonomy":"product_tag","embeddable":true,"href":"https:\/\/www.hml-fetish.de\/shop\/wp-json\/wp\/v2\/product_tag?post=7371"}],"curies":[{"name":"wp","href":"https:\/\/api.w.org\/{rel}","templated":true}]}}