{"id":7367,"date":"2022-01-23T22:57:28","date_gmt":"2022-01-23T21:57:28","guid":{"rendered":"https:\/\/www.hml-fetish.de\/shop\/?post_type=product&#038;p=7367"},"modified":"2023-04-27T14:42:51","modified_gmt":"2023-04-27T12:42:51","slug":"leder-weste-geschnuert","status":"publish","type":"product","link":"https:\/\/www.hml-fetish.de\/shop\/leder-weste-geschnuert\/","title":{"rendered":"Leder-Weste geschn\u00fcrt"},"content":{"rendered":"<p>Die Leder-Weste geschn\u00fcrt ist aus etwa 1,1 mm dickem Rindleder und voll durchgef\u00e4rbt. Sie hat seitlich mit Leder hinterlegte Schn\u00fcrungen mit Lederb\u00e4ndern und rechts eine kleine aufgesetzte Tasche. Vorne bleibt sie offen. In den Unisex-Gr\u00f6\u00dfen von XS bis XXL<\/p>\n<p>Die Hinterlegung der Schn\u00fcrung ist beim Grundmodell aus schwarzem Leder. Eine zus\u00e4tzliche Innentasche vorne links gibt es optional auch und f\u00fcr 15 \u20ac Aufpreis.<\/p>\n<p><a href=\"\/de\/pages\/hilfe001.htm\"><img decoding=\"async\" title=\"Gr\u00f6\u00dfentabelle\" src=\"\/GIF\/size_unisex_up.gif\" alt=\"Gr\u00f6\u00dfentabelle\" width=\"114\" height=\"194\" border=\"0\" \/><\/a><\/p>\n","protected":false},"excerpt":{"rendered":"<h4>Leder-Weste geschn\u00fcrt<\/h4>\n<p>Die Lederweste ist aus etwa 1,1 mm dickem Rindleder und voll durchgef\u00e4rbt. Sie hat seitlich mit Leder hinterlegte Schn\u00fcrungen mit Lederb\u00e4ndern und rechts eine kleine aufgesetzte Tasche. Vorne bleibt sie offen.<\/p>\n","protected":false},"featured_media":7750,"comment_status":"open","ping_status":"closed","template":"","meta":[],"product_brand":[],"product_cat":[161,108,105],"product_tag":[],"class_list":{"0":"post-7367","1":"product","2":"type-product","3":"status-publish","4":"has-post-thumbnail","6":"product_cat-hemden-westen","7":"product_cat-restposten-einzelstuecke","8":"product_cat-sonderangebote","9":"product_shipping_class-paket","11":"first","12":"instock","13":"sale","14":"taxable","15":"shipping-taxable","16":"purchasable","17":"product-type-variable"},"_links":{"self":[{"href":"https:\/\/www.hml-fetish.de\/shop\/wp-json\/wp\/v2\/product\/7367","targetHints":{"allow":["GET"]}}],"collection":[{"href":"https:\/\/www.hml-fetish.de\/shop\/wp-json\/wp\/v2\/product"}],"about":[{"href":"https:\/\/www.hml-fetish.de\/shop\/wp-json\/wp\/v2\/types\/product"}],"replies":[{"embeddable":true,"href":"https:\/\/www.hml-fetish.de\/shop\/wp-json\/wp\/v2\/comments?post=7367"}],"version-history":[{"count":0,"href":"https:\/\/www.hml-fetish.de\/shop\/wp-json\/wp\/v2\/product\/7367\/revisions"}],"wp:featuredmedia":[{"embeddable":true,"href":"https:\/\/www.hml-fetish.de\/shop\/wp-json\/wp\/v2\/media\/7750"}],"wp:attachment":[{"href":"https:\/\/www.hml-fetish.de\/shop\/wp-json\/wp\/v2\/media?parent=7367"}],"wp:term":[{"taxonomy":"product_brand","embeddable":true,"href":"https:\/\/www.hml-fetish.de\/shop\/wp-json\/wp\/v2\/product_brand?post=7367"},{"taxonomy":"product_cat","embeddable":true,"href":"https:\/\/www.hml-fetish.de\/shop\/wp-json\/wp\/v2\/product_cat?post=7367"},{"taxonomy":"product_tag","embeddable":true,"href":"https:\/\/www.hml-fetish.de\/shop\/wp-json\/wp\/v2\/product_tag?post=7367"}],"curies":[{"name":"wp","href":"https:\/\/api.w.org\/{rel}","templated":true}]}}