{"id":7279,"date":"2022-01-23T22:56:03","date_gmt":"2022-01-23T21:56:03","guid":{"rendered":"https:\/\/www.hml-fetish.de\/shop\/?post_type=product&#038;p=7279"},"modified":"2025-12-27T12:45:08","modified_gmt":"2025-12-27T11:45:08","slug":"hanes-beefy-t-shirt","status":"publish","type":"product","link":"https:\/\/www.hml-fetish.de\/shop\/hanes-beefy-t-shirt\/","title":{"rendered":"Hanes Beefy T-Shirt"},"content":{"rendered":"<p>Das T-Shirt \u00fcberhaupt. Markenqualit\u00e4t von Hanes aus 100 % Baumwolle und mit einer Gewebest\u00e4rke von 215 g\/qm. Doppeln\u00e4hte an Halsausschnitt, Schultern und Saum. Halsbund dauerelastisch durch Lycra-Beimischung. Nur bei diesem Marken-Shirt leiert der Halsbund wohl nie aus. Eben ein richtig gutes T-Shirt.<\/p>\n<p><img decoding=\"async\" title=\"Hanes Beefy-T\" src=\"\/GIF\/hanes.gif\" alt=\"Hanes Beefy-T\" width=\"132\" height=\"119\" border=\"0\" \/>\u00a0<img decoding=\"async\" title=\"Gr\u00f6\u00dfentabelle\" src=\"\/GIF\/size_unisex_sp.gif\" alt=\"Gr\u00f6\u00dfentabelle\" width=\"114\" height=\"194\" border=\"0\" \/><\/p>\n","protected":false},"excerpt":{"rendered":"<h4>Hanes Beefy T-Shirt<\/h4>\n<p>Das T-Shirt \u00fcberhaupt. Markenqualit\u00e4t aus 100 % Baumwolle und mit einer Gewebest\u00e4rke von 215 g\/qm. Doppeln\u00e4hte an Halsausschnitt, Schultern und Saum. Halsbund dauerelastisch durch Lycra-Beimischung. Nur bei diesem Marken-Shirt leiert der Halsbund wohl nie aus. Eben ein richtig gutes T-Shirt<\/p>\n","protected":false},"featured_media":10472,"comment_status":"open","ping_status":"closed","template":"","meta":[],"product_brand":[],"product_cat":[116],"product_tag":[],"class_list":{"0":"post-7279","1":"product","2":"type-product","3":"status-publish","4":"has-post-thumbnail","6":"product_cat-shirts-tops","7":"product_shipping_class-brief","9":"first","10":"instock","11":"sale","12":"taxable","13":"shipping-taxable","14":"purchasable","15":"product-type-variable"},"_links":{"self":[{"href":"https:\/\/www.hml-fetish.de\/shop\/wp-json\/wp\/v2\/product\/7279","targetHints":{"allow":["GET"]}}],"collection":[{"href":"https:\/\/www.hml-fetish.de\/shop\/wp-json\/wp\/v2\/product"}],"about":[{"href":"https:\/\/www.hml-fetish.de\/shop\/wp-json\/wp\/v2\/types\/product"}],"replies":[{"embeddable":true,"href":"https:\/\/www.hml-fetish.de\/shop\/wp-json\/wp\/v2\/comments?post=7279"}],"version-history":[{"count":0,"href":"https:\/\/www.hml-fetish.de\/shop\/wp-json\/wp\/v2\/product\/7279\/revisions"}],"wp:featuredmedia":[{"embeddable":true,"href":"https:\/\/www.hml-fetish.de\/shop\/wp-json\/wp\/v2\/media\/10472"}],"wp:attachment":[{"href":"https:\/\/www.hml-fetish.de\/shop\/wp-json\/wp\/v2\/media?parent=7279"}],"wp:term":[{"taxonomy":"product_brand","embeddable":true,"href":"https:\/\/www.hml-fetish.de\/shop\/wp-json\/wp\/v2\/product_brand?post=7279"},{"taxonomy":"product_cat","embeddable":true,"href":"https:\/\/www.hml-fetish.de\/shop\/wp-json\/wp\/v2\/product_cat?post=7279"},{"taxonomy":"product_tag","embeddable":true,"href":"https:\/\/www.hml-fetish.de\/shop\/wp-json\/wp\/v2\/product_tag?post=7279"}],"curies":[{"name":"wp","href":"https:\/\/api.w.org\/{rel}","templated":true}]}}