{"id":7275,"date":"2022-01-23T22:56:01","date_gmt":"2022-01-23T21:56:01","guid":{"rendered":"https:\/\/www.hml-fetish.de\/shop\/?post_type=product&#038;p=7275"},"modified":"2025-10-15T11:30:54","modified_gmt":"2025-10-15T09:30:54","slug":"bundeswehr-t-shirt","status":"publish","type":"product","link":"https:\/\/www.hml-fetish.de\/shop\/bundeswehr-t-shirt\/","title":{"rendered":"Bundeswehr T-Shirt"},"content":{"rendered":"<p>Das original von der Bundeswehr genutzte T-Shirt. In ganz hervorragender Qualit\u00e4t. Das h\u00e4lt richtig was aus. Olivgr\u00fcn-braun und in den Gr\u00f6\u00dfen von S, M, L, XL und XXL.<br \/>\n<BR><BR><img decoding=\"async\" src=\"\/GIF\/size_unisex_sp.gif\" alt=\"Gr\u00f6\u00dfentabelle\" title=\"Gr\u00f6\u00dfentabelle\" border=\"0\" height=\"194\" width=\"114\"><\/p>\n","protected":false},"excerpt":{"rendered":"<h4>Bundeswehr T-Shirt<\/h4>\n<p>Das original von der Bundeswehr genutzte T-Shirt. In ganz hervorragender Qualit\u00e4t. Das h\u00e4lt richtig was aus. Olivgr\u00fcn-braun und in den Gr\u00f6\u00dfen von S, M, L, XL und XXL.<\/p>\n","protected":false},"featured_media":10574,"comment_status":"open","ping_status":"closed","template":"","meta":[],"product_brand":[],"product_cat":[170,95,116],"product_tag":[4379],"class_list":{"0":"post-7275","1":"product","2":"type-product","3":"status-publish","4":"has-post-thumbnail","6":"product_cat-army-kleidung","7":"product_cat-bestseller","8":"product_cat-shirts-tops","9":"product_tag-bestseller-fetisch","10":"product_shipping_class-brief","12":"first","13":"instock","14":"sale","15":"taxable","16":"shipping-taxable","17":"purchasable","18":"product-type-variable"},"_links":{"self":[{"href":"https:\/\/www.hml-fetish.de\/shop\/wp-json\/wp\/v2\/product\/7275","targetHints":{"allow":["GET"]}}],"collection":[{"href":"https:\/\/www.hml-fetish.de\/shop\/wp-json\/wp\/v2\/product"}],"about":[{"href":"https:\/\/www.hml-fetish.de\/shop\/wp-json\/wp\/v2\/types\/product"}],"replies":[{"embeddable":true,"href":"https:\/\/www.hml-fetish.de\/shop\/wp-json\/wp\/v2\/comments?post=7275"}],"version-history":[{"count":0,"href":"https:\/\/www.hml-fetish.de\/shop\/wp-json\/wp\/v2\/product\/7275\/revisions"}],"wp:featuredmedia":[{"embeddable":true,"href":"https:\/\/www.hml-fetish.de\/shop\/wp-json\/wp\/v2\/media\/10574"}],"wp:attachment":[{"href":"https:\/\/www.hml-fetish.de\/shop\/wp-json\/wp\/v2\/media?parent=7275"}],"wp:term":[{"taxonomy":"product_brand","embeddable":true,"href":"https:\/\/www.hml-fetish.de\/shop\/wp-json\/wp\/v2\/product_brand?post=7275"},{"taxonomy":"product_cat","embeddable":true,"href":"https:\/\/www.hml-fetish.de\/shop\/wp-json\/wp\/v2\/product_cat?post=7275"},{"taxonomy":"product_tag","embeddable":true,"href":"https:\/\/www.hml-fetish.de\/shop\/wp-json\/wp\/v2\/product_tag?post=7275"}],"curies":[{"name":"wp","href":"https:\/\/api.w.org\/{rel}","templated":true}]}}