{"id":7274,"date":"2022-01-23T22:56:01","date_gmt":"2022-01-23T21:56:01","guid":{"rendered":"https:\/\/www.hml-fetish.de\/shop\/?post_type=product&#038;p=7274"},"modified":"2024-08-30T21:55:01","modified_gmt":"2024-08-30T19:55:01","slug":"nippel-schraubkappen","status":"publish","type":"product","link":"https:\/\/www.hml-fetish.de\/shop\/nippel-schraubkappen\/","title":{"rendered":"Nippel Schraubkappen"},"content":{"rendered":"<p>Wenn Du gr\u00f6\u00dfere Nippel trainieren willst, bekommst Du hier reichlich Auswahl. Feucht machen, aufsetzen, vorsichtig drehen und Spa\u00df haben! Jeweils ein Paar in den Gr\u00f6\u00dfen S (20 mm Innendurchmesser), M (28 mm), L (39 mm) und XL (50 mm).<\/p>\n","protected":false},"excerpt":{"rendered":"<h4>Nippel Schraubkappen<\/h4>\n<p>Wenn Du gr\u00f6\u00dfere Nippel trainieren willst, bekommst Du hier reichlich Auswahl. Feucht machen, aufsetzen, vorsichtig drehen und Spa\u00df haben! Jeweils ein Paar in den Gr\u00f6\u00dfen S (20 mm Innendurchmesser), M (28 mm), L (39 mm) und XL (50 mm).<\/p>\n","protected":false},"featured_media":10603,"comment_status":"open","ping_status":"closed","template":"","meta":[],"product_brand":[],"product_cat":[136,95,141],"product_tag":[],"class_list":{"0":"post-7274","1":"product","2":"type-product","3":"status-publish","4":"has-post-thumbnail","6":"product_cat-klinik","7":"product_cat-bestseller","8":"product_cat-tt","9":"product_shipping_class-brief","11":"first","12":"instock","13":"taxable","14":"shipping-taxable","15":"purchasable","16":"product-type-variable"},"_links":{"self":[{"href":"https:\/\/www.hml-fetish.de\/shop\/wp-json\/wp\/v2\/product\/7274","targetHints":{"allow":["GET"]}}],"collection":[{"href":"https:\/\/www.hml-fetish.de\/shop\/wp-json\/wp\/v2\/product"}],"about":[{"href":"https:\/\/www.hml-fetish.de\/shop\/wp-json\/wp\/v2\/types\/product"}],"replies":[{"embeddable":true,"href":"https:\/\/www.hml-fetish.de\/shop\/wp-json\/wp\/v2\/comments?post=7274"}],"version-history":[{"count":0,"href":"https:\/\/www.hml-fetish.de\/shop\/wp-json\/wp\/v2\/product\/7274\/revisions"}],"wp:featuredmedia":[{"embeddable":true,"href":"https:\/\/www.hml-fetish.de\/shop\/wp-json\/wp\/v2\/media\/10603"}],"wp:attachment":[{"href":"https:\/\/www.hml-fetish.de\/shop\/wp-json\/wp\/v2\/media?parent=7274"}],"wp:term":[{"taxonomy":"product_brand","embeddable":true,"href":"https:\/\/www.hml-fetish.de\/shop\/wp-json\/wp\/v2\/product_brand?post=7274"},{"taxonomy":"product_cat","embeddable":true,"href":"https:\/\/www.hml-fetish.de\/shop\/wp-json\/wp\/v2\/product_cat?post=7274"},{"taxonomy":"product_tag","embeddable":true,"href":"https:\/\/www.hml-fetish.de\/shop\/wp-json\/wp\/v2\/product_tag?post=7274"}],"curies":[{"name":"wp","href":"https:\/\/api.w.org\/{rel}","templated":true}]}}