{"id":7216,"date":"2022-01-23T22:55:16","date_gmt":"2022-01-23T21:55:16","guid":{"rendered":"https:\/\/www.hml-fetish.de\/shop\/?post_type=product&#038;p=7216"},"modified":"2026-01-23T05:40:40","modified_gmt":"2026-01-23T04:40:40","slug":"stiefel-anziehhaken","status":"publish","type":"product","link":"https:\/\/www.hml-fetish.de\/shop\/stiefel-anziehhaken\/","title":{"rendered":"Stiefel Anziehhaken"},"content":{"rendered":"<p>Mit diesen praktischen Haken geht das Anziehen Deiner Schaftstiefel kinderleicht! Einfach beide Haken in die Schlaufen oben im Schaft der Stiefel einziehen, den Stiefel an den Haken h\u00e4ngend halten und Du kannst Deinen Fu\u00df problemlos in den Stiefel einf\u00fchren. Wir liefern ein Paar Metallhaken mit Echtholzgriffen. Gerade bei engen Sch\u00e4ften ein n\u00fctzliches Accessoire!<\/p>\n","protected":false},"excerpt":{"rendered":"<h4>Stiefel Anziehhaken<\/h4>\n<p>Mit diesen praktischen Haken geht das Anziehen der Schaftstiefel kinderleicht! Einfach beide Haken in die Schlaufen oben im Schaft der Stiefel einziehen, den Stiefel an den Haken h\u00e4ngend halten und Du kannst Deinen Fu\u00df problemlos in den Stiefel einf\u00fchren. Wir liefern ein Paar Metallhaken mit Echtholzgriffen. Gerade bei engen Sch\u00e4ften ein n\u00fctzliches Accessoire!<\/p>\n","protected":false},"featured_media":11636,"comment_status":"open","ping_status":"closed","template":"","meta":[],"product_brand":[],"product_cat":[153,171],"product_tag":[],"class_list":{"0":"post-7216","1":"product","2":"type-product","3":"status-publish","4":"has-post-thumbnail","6":"product_cat-stiefel","7":"product_cat-army-boots-caps","8":"product_shipping_class-brief","10":"first","11":"instock","12":"taxable","13":"shipping-taxable","14":"purchasable","15":"product-type-simple"},"_links":{"self":[{"href":"https:\/\/www.hml-fetish.de\/shop\/wp-json\/wp\/v2\/product\/7216","targetHints":{"allow":["GET"]}}],"collection":[{"href":"https:\/\/www.hml-fetish.de\/shop\/wp-json\/wp\/v2\/product"}],"about":[{"href":"https:\/\/www.hml-fetish.de\/shop\/wp-json\/wp\/v2\/types\/product"}],"replies":[{"embeddable":true,"href":"https:\/\/www.hml-fetish.de\/shop\/wp-json\/wp\/v2\/comments?post=7216"}],"version-history":[{"count":0,"href":"https:\/\/www.hml-fetish.de\/shop\/wp-json\/wp\/v2\/product\/7216\/revisions"}],"wp:featuredmedia":[{"embeddable":true,"href":"https:\/\/www.hml-fetish.de\/shop\/wp-json\/wp\/v2\/media\/11636"}],"wp:attachment":[{"href":"https:\/\/www.hml-fetish.de\/shop\/wp-json\/wp\/v2\/media?parent=7216"}],"wp:term":[{"taxonomy":"product_brand","embeddable":true,"href":"https:\/\/www.hml-fetish.de\/shop\/wp-json\/wp\/v2\/product_brand?post=7216"},{"taxonomy":"product_cat","embeddable":true,"href":"https:\/\/www.hml-fetish.de\/shop\/wp-json\/wp\/v2\/product_cat?post=7216"},{"taxonomy":"product_tag","embeddable":true,"href":"https:\/\/www.hml-fetish.de\/shop\/wp-json\/wp\/v2\/product_tag?post=7216"}],"curies":[{"name":"wp","href":"https:\/\/api.w.org\/{rel}","templated":true}]}}