{"id":7203,"date":"2022-01-23T22:55:12","date_gmt":"2022-01-23T21:55:12","guid":{"rendered":"https:\/\/www.hml-fetish.de\/shop\/?post_type=product&#038;p=7203"},"modified":"2024-02-23T12:28:15","modified_gmt":"2024-02-23T11:28:15","slug":"verstellbare-cockschlinge","status":"publish","type":"product","link":"https:\/\/www.hml-fetish.de\/shop\/verstellbare-cockschlinge\/","title":{"rendered":"verstellbare Cockschlinge"},"content":{"rendered":"<p>Ganz simpel und sch\u00f6n anzuschauen. Jedenfalls hast du damit den Vorteil, flexibel einzustellen, wie stark das fiese Ding wirken soll. Ein elastisches 4 mm Kunststoffband, rund und rei\u00dffest, mit einem Stopper. Einfach umlegen, zuziehen, fertig &#8211; und noch besser: eine Universalgr\u00f6\u00dfe.<br \/>\n<BR>Die Vergr\u00f6\u00dferung, die Du beim Vakuum-Pumpen erzielt hast, kannst Du damit \u00fcber viele Stunden halten!<\/p>\n","protected":false},"excerpt":{"rendered":"<h4>verstellbare Cockschlinge<\/h4>\n<p>Ganz simpel und sch\u00f6n anzuschauen. Jedenfalls hast du damit den Vorteil, flexibel einzustellen, wie stark das fiese Ding wirken soll. Ein elastisches 4 mm Kunststoffband, rund und rei\u00dffest, mit einem Stopper. Einfach umlegen, zuziehen, fertig &#8211; und noch besser: eine Universalgr\u00f6\u00dfe.<\/p>\n","protected":false},"featured_media":11776,"comment_status":"open","ping_status":"closed","template":"","meta":[],"product_brand":[],"product_cat":[167,95,165,135],"product_tag":[],"class_list":{"0":"post-7203","1":"product","2":"type-product","3":"status-publish","4":"has-post-thumbnail","6":"product_cat-cockringe","7":"product_cat-bestseller","8":"product_cat-cockbaender","9":"product_cat-toys","10":"product_shipping_class-brief","12":"first","13":"instock","14":"taxable","15":"shipping-taxable","16":"purchasable","17":"product-type-simple"},"_links":{"self":[{"href":"https:\/\/www.hml-fetish.de\/shop\/wp-json\/wp\/v2\/product\/7203","targetHints":{"allow":["GET"]}}],"collection":[{"href":"https:\/\/www.hml-fetish.de\/shop\/wp-json\/wp\/v2\/product"}],"about":[{"href":"https:\/\/www.hml-fetish.de\/shop\/wp-json\/wp\/v2\/types\/product"}],"replies":[{"embeddable":true,"href":"https:\/\/www.hml-fetish.de\/shop\/wp-json\/wp\/v2\/comments?post=7203"}],"version-history":[{"count":0,"href":"https:\/\/www.hml-fetish.de\/shop\/wp-json\/wp\/v2\/product\/7203\/revisions"}],"wp:featuredmedia":[{"embeddable":true,"href":"https:\/\/www.hml-fetish.de\/shop\/wp-json\/wp\/v2\/media\/11776"}],"wp:attachment":[{"href":"https:\/\/www.hml-fetish.de\/shop\/wp-json\/wp\/v2\/media?parent=7203"}],"wp:term":[{"taxonomy":"product_brand","embeddable":true,"href":"https:\/\/www.hml-fetish.de\/shop\/wp-json\/wp\/v2\/product_brand?post=7203"},{"taxonomy":"product_cat","embeddable":true,"href":"https:\/\/www.hml-fetish.de\/shop\/wp-json\/wp\/v2\/product_cat?post=7203"},{"taxonomy":"product_tag","embeddable":true,"href":"https:\/\/www.hml-fetish.de\/shop\/wp-json\/wp\/v2\/product_tag?post=7203"}],"curies":[{"name":"wp","href":"https:\/\/api.w.org\/{rel}","templated":true}]}}