{"id":7195,"date":"2022-01-23T22:55:10","date_gmt":"2022-01-23T21:55:10","guid":{"rendered":"https:\/\/www.hml-fetish.de\/shop\/?post_type=product&#038;p=7195"},"modified":"2024-12-12T16:04:10","modified_gmt":"2024-12-12T15:04:10","slug":"rainbow-cockring-10-mm","status":"publish","type":"product","link":"https:\/\/www.hml-fetish.de\/shop\/rainbow-cockring-10-mm\/","title":{"rendered":"Rainbow-Cockring 10 mm"},"content":{"rendered":"<p>Starke und gleichzeitig edle Optik: Ein Cockring aus poliertem Edelstahl, der in Regenbogenfarben oxidiert ist. Die sanften Farbverl\u00e4ufe und die glatt schimmernde Oberfl\u00e4che machen jeden Ring zu einem wertvollen Unikat. Gedreht, also ohne Schwei\u00dfnaht. Materialquerschnitt 10 mm \u00d7 5 mm. Die Kanten sind leicht abgerundet gegl\u00e4ttet. In verschiedenen Gr\u00f6\u00dfen zwischen 40 mm und 55 mm Innendurchmesser erh\u00e4ltlich.<br \/>\n<BR><img decoding=\"async\" src=\"\/GIF\/size_ID.gif\" alt=\"Gr\u00f6\u00dfe = Innendurchmesser\" title=\"Gr\u00f6\u00dfe = Innendurchmesser\" border=\"0\" height=\"67\" width=\"183\"><\/p>\n","protected":false},"excerpt":{"rendered":"<h4>Rainbow-Cockring 10 mm<\/h4>\n<p>Starke und gleichzeitig edle Optik: Ein Cockring aus poliertem Edelstahl, der anodisch in den Farben des Regenbogens oxidiert ist. Die sanften Farbverl\u00e4ufe und die glatt schimmernde Oberfl\u00e4che machen jeden Ring zu einem wertvollen Unikat. Gedreht, also ohne Schwei\u00dfnaht. Materialquerschnitt 10 mm \u00d7 5 mm. Die Kanten sind leicht abgerundet gegl\u00e4ttet. In verschiedenen Gr\u00f6\u00dfen zwischen 40 mm und 55 mm Innendurchmesser erh\u00e4ltlich.<\/p>\n","protected":false},"featured_media":11964,"comment_status":"open","ping_status":"closed","template":"","meta":[],"product_brand":[],"product_cat":[167,125,108],"product_tag":[],"class_list":{"0":"post-7195","1":"product","2":"type-product","3":"status-publish","4":"has-post-thumbnail","6":"product_cat-cockringe","7":"product_cat-gay-pride","8":"product_cat-restposten-einzelstuecke","9":"product_shipping_class-brief","11":"first","12":"instock","13":"sale","14":"taxable","15":"shipping-taxable","16":"purchasable","17":"product-type-variable"},"_links":{"self":[{"href":"https:\/\/www.hml-fetish.de\/shop\/wp-json\/wp\/v2\/product\/7195","targetHints":{"allow":["GET"]}}],"collection":[{"href":"https:\/\/www.hml-fetish.de\/shop\/wp-json\/wp\/v2\/product"}],"about":[{"href":"https:\/\/www.hml-fetish.de\/shop\/wp-json\/wp\/v2\/types\/product"}],"replies":[{"embeddable":true,"href":"https:\/\/www.hml-fetish.de\/shop\/wp-json\/wp\/v2\/comments?post=7195"}],"version-history":[{"count":0,"href":"https:\/\/www.hml-fetish.de\/shop\/wp-json\/wp\/v2\/product\/7195\/revisions"}],"wp:featuredmedia":[{"embeddable":true,"href":"https:\/\/www.hml-fetish.de\/shop\/wp-json\/wp\/v2\/media\/11964"}],"wp:attachment":[{"href":"https:\/\/www.hml-fetish.de\/shop\/wp-json\/wp\/v2\/media?parent=7195"}],"wp:term":[{"taxonomy":"product_brand","embeddable":true,"href":"https:\/\/www.hml-fetish.de\/shop\/wp-json\/wp\/v2\/product_brand?post=7195"},{"taxonomy":"product_cat","embeddable":true,"href":"https:\/\/www.hml-fetish.de\/shop\/wp-json\/wp\/v2\/product_cat?post=7195"},{"taxonomy":"product_tag","embeddable":true,"href":"https:\/\/www.hml-fetish.de\/shop\/wp-json\/wp\/v2\/product_tag?post=7195"}],"curies":[{"name":"wp","href":"https:\/\/api.w.org\/{rel}","templated":true}]}}