{"id":7186,"date":"2022-01-23T22:55:00","date_gmt":"2022-01-23T21:55:00","guid":{"rendered":"https:\/\/www.hml-fetish.de\/shop\/?post_type=product&#038;p=7186"},"modified":"2026-04-30T17:21:28","modified_gmt":"2026-04-30T15:21:28","slug":"cock-kaefig","status":"publish","type":"product","link":"https:\/\/www.hml-fetish.de\/shop\/cock-kaefig\/","title":{"rendered":"Cock-K\u00e4fig"},"content":{"rendered":"<p>Dieses Upgrade f\u00fcr Deine Hardware besteht aus drei miteinander verschweissten Stahlringen. Einmal angelegt bootet es Dein System automatisch und garantiert Dir ein langanhaltend stabiles Betriebssystem, das sich mit allen denkbaren Programmen vertr\u00e4gt.<br \/>\n<BR>Es gibt den Cock-K\u00e4fig in der Gr\u00f6\u00dfe M mit Ringen von 35 mm, 40 mm und 45 mm Innendurchmesser. Oder brauchst Du Gr\u00f6\u00dfe L mit 40 mm, 45 mm und 50 mm?<\/p>\n","protected":false},"excerpt":{"rendered":"<h4>Cock-K\u00e4fig<\/h4>\n<p>Dieses Upgrade f\u00fcr Deine Hardware besteht aus drei miteinander verschweissten Stahlringen. Einmal angelegt bootet es Dein System automatisch und garantiert Dir ein langanhaltend stabiles Betriebssystem, das sich mit allen denkbaren Programmen vertr\u00e4gt.<\/p>\n","protected":false},"featured_media":12160,"comment_status":"open","ping_status":"closed","template":"","meta":[],"product_brand":[],"product_cat":[167,95,130,166],"product_tag":[],"class_list":{"0":"post-7186","1":"product","2":"type-product","3":"status-publish","4":"has-post-thumbnail","6":"product_cat-cockringe","7":"product_cat-bestseller","8":"product_cat-cbt","9":"product_cat-cockhalfter","10":"product_shipping_class-paket","12":"first","13":"instock","14":"taxable","15":"shipping-taxable","16":"purchasable","17":"product-type-variable"},"_links":{"self":[{"href":"https:\/\/www.hml-fetish.de\/shop\/wp-json\/wp\/v2\/product\/7186","targetHints":{"allow":["GET"]}}],"collection":[{"href":"https:\/\/www.hml-fetish.de\/shop\/wp-json\/wp\/v2\/product"}],"about":[{"href":"https:\/\/www.hml-fetish.de\/shop\/wp-json\/wp\/v2\/types\/product"}],"replies":[{"embeddable":true,"href":"https:\/\/www.hml-fetish.de\/shop\/wp-json\/wp\/v2\/comments?post=7186"}],"version-history":[{"count":0,"href":"https:\/\/www.hml-fetish.de\/shop\/wp-json\/wp\/v2\/product\/7186\/revisions"}],"wp:featuredmedia":[{"embeddable":true,"href":"https:\/\/www.hml-fetish.de\/shop\/wp-json\/wp\/v2\/media\/12160"}],"wp:attachment":[{"href":"https:\/\/www.hml-fetish.de\/shop\/wp-json\/wp\/v2\/media?parent=7186"}],"wp:term":[{"taxonomy":"product_brand","embeddable":true,"href":"https:\/\/www.hml-fetish.de\/shop\/wp-json\/wp\/v2\/product_brand?post=7186"},{"taxonomy":"product_cat","embeddable":true,"href":"https:\/\/www.hml-fetish.de\/shop\/wp-json\/wp\/v2\/product_cat?post=7186"},{"taxonomy":"product_tag","embeddable":true,"href":"https:\/\/www.hml-fetish.de\/shop\/wp-json\/wp\/v2\/product_tag?post=7186"}],"curies":[{"name":"wp","href":"https:\/\/api.w.org\/{rel}","templated":true}]}}