{"id":7182,"date":"2022-01-23T22:54:59","date_gmt":"2022-01-23T21:54:59","guid":{"rendered":"https:\/\/www.hml-fetish.de\/shop\/?post_type=product&#038;p=7182"},"modified":"2025-06-17T13:57:24","modified_gmt":"2025-06-17T11:57:24","slug":"jock-strap-mit-beutel-aus-farbigem-3d-mesh","status":"publish","type":"product","link":"https:\/\/www.hml-fetish.de\/shop\/jock-strap-mit-beutel-aus-farbigem-3d-mesh\/","title":{"rendered":"Jock-Strap mit Beutel aus farbigem 3D-Mesh"},"content":{"rendered":"<p>Der Mittelstreifen des Beutels und seine Einfassung bestehen aus schwarzem Kunstleder. An den Seiten befindet sich 3D-Mesh Gewebe in vier kr\u00e4ftigen Farben (rot, orange, gelb oder blau). Innen befindet sich ein Futter aus schwarzem Baumwollstoff. Elastische und einstellbare Pob\u00e4nder. Das Mesh-Gewebe f\u00fchlt sich so erregend an, da\u00df Du automatisch beginnst, den Beutel in der Hand zu kneten. Oder jemand anderes tut das mit Dir, wenn Du ihm so gegen\u00fcbertrittst.<\/p>\n<p><img decoding=\"async\" title=\"Gr\u00f6\u00dfentabelle\" src=\"\/GIF\/size_unisex_sp.gif\" alt=\"Gr\u00f6\u00dfentabelle\" width=\"114\" height=\"194\" border=\"0\" \/><\/p>\n","protected":false},"excerpt":{"rendered":"<h4>Jock-Strap mit Beutel aus farbigem 3D-Mesh<\/h4>\n<p>Der Mittelstreifen des Beutels und seine Einfassung bestehen aus schwarzem Kunstleder. An den Seiten befindet sich 3D-Mesh Gewebe in vier kr\u00e4ftigen Farben (rot, orange, gelb oder blau). Innen befindet sich ein Futter aus schwarzem Baumwollstoff. Elastische und einstellbare Pob\u00e4nder. Das Mesh-Gewebe f\u00fchlt sich so erregend an, da\u00df Du automatisch beginnst, den Beutel in der Hand zu kneten. Oder jemand anderes tut das mit Dir, wenn Du ihm so gegen\u00fcbertrittst.<\/p>\n","protected":false},"featured_media":37546,"comment_status":"open","ping_status":"closed","template":"","meta":[],"product_brand":[],"product_cat":[162,95,125,119],"product_tag":[4385,4398],"class_list":{"0":"post-7182","1":"product","2":"type-product","3":"status-publish","4":"has-post-thumbnail","6":"product_cat-unterwaesche","7":"product_cat-bestseller","8":"product_cat-gay-pride","9":"product_cat-supporter","10":"product_tag-bestseller-underwear","11":"product_tag-hml-fetish-original","12":"product_shipping_class-brief","14":"first","15":"instock","16":"taxable","17":"shipping-taxable","18":"purchasable","19":"product-type-variable"},"_links":{"self":[{"href":"https:\/\/www.hml-fetish.de\/shop\/wp-json\/wp\/v2\/product\/7182","targetHints":{"allow":["GET"]}}],"collection":[{"href":"https:\/\/www.hml-fetish.de\/shop\/wp-json\/wp\/v2\/product"}],"about":[{"href":"https:\/\/www.hml-fetish.de\/shop\/wp-json\/wp\/v2\/types\/product"}],"replies":[{"embeddable":true,"href":"https:\/\/www.hml-fetish.de\/shop\/wp-json\/wp\/v2\/comments?post=7182"}],"version-history":[{"count":0,"href":"https:\/\/www.hml-fetish.de\/shop\/wp-json\/wp\/v2\/product\/7182\/revisions"}],"wp:featuredmedia":[{"embeddable":true,"href":"https:\/\/www.hml-fetish.de\/shop\/wp-json\/wp\/v2\/media\/37546"}],"wp:attachment":[{"href":"https:\/\/www.hml-fetish.de\/shop\/wp-json\/wp\/v2\/media?parent=7182"}],"wp:term":[{"taxonomy":"product_brand","embeddable":true,"href":"https:\/\/www.hml-fetish.de\/shop\/wp-json\/wp\/v2\/product_brand?post=7182"},{"taxonomy":"product_cat","embeddable":true,"href":"https:\/\/www.hml-fetish.de\/shop\/wp-json\/wp\/v2\/product_cat?post=7182"},{"taxonomy":"product_tag","embeddable":true,"href":"https:\/\/www.hml-fetish.de\/shop\/wp-json\/wp\/v2\/product_tag?post=7182"}],"curies":[{"name":"wp","href":"https:\/\/api.w.org\/{rel}","templated":true}]}}