{"id":7181,"date":"2022-01-23T22:54:58","date_gmt":"2022-01-23T21:54:58","guid":{"rendered":"https:\/\/www.hml-fetish.de\/shop\/?post_type=product&#038;p=7181"},"modified":"2022-12-24T14:33:42","modified_gmt":"2022-12-24T13:33:42","slug":"fetisso-gummi-slip-mit-kondom","status":"publish","type":"product","link":"https:\/\/www.hml-fetish.de\/shop\/fetisso-gummi-slip-mit-kondom\/","title":{"rendered":"Fetisso Gummi Slip mit Kondom"},"content":{"rendered":"<p>Diesen Slip bekommst Du in 0,4 mm starkem gegossenem Rubber. Dies ist d\u00fcnn und gef\u00fchlsecht, aber immer noch einen Hauch st\u00e4rker als \u00fcbliche Unterw\u00e4sche aus Gummi. Das integrierte Kondom wirkt wie ein Cockring, so da\u00df Du &#8211; einmal angezogen &#8211; keine Chance mehr hast, Deine Erektion zu verbergen. In den Gr\u00f6\u00dfen S bis XL (entsprechend den Slipgr\u00f6\u00dfen 4 bis 7). Das macht sich auch verdammt gut unter einer Jeans.<\/p>\n<p>Diese Version hat ein schlichtes Kondom. So schnell wirst Du dieses scharfe Latex-Teil nicht mehr ausziehen wollen.<\/p>\n<p><img decoding=\"async\" title=\"Gr\u00f6\u00dfentabelle\" src=\"\/GIF\/size_unisex_sp.gif\" alt=\"Gr\u00f6\u00dfentabelle\" width=\"114\" height=\"194\" border=\"0\" \/><\/p>\n","protected":false},"excerpt":{"rendered":"<h4>Fetisso Gummi Slip mit Kondom<\/h4>\n<p>Diesen Slip bekommst Du in 0,4 mm starkem gegossenem Rubber. Dies ist d\u00fcnn und gef\u00fchlsecht, aber immer noch einen Hauch st\u00e4rker als \u00fcbliche Unterw\u00e4sche aus Gummi. Das integrierte Kondom wirkt wie ein Cockring, so da\u00df Du &#8211; einmal angezogen &#8211; keine Chance mehr hast, Deine Erektion zu verbergen. In den Gr\u00f6\u00dfen S bis XL (entsprechend den Slipgr\u00f6\u00dfen 4 bis 7). Das macht sich auch verdammt gut unter einer Jeans.<\/p>\n","protected":false},"featured_media":12378,"comment_status":"open","ping_status":"closed","template":"","meta":[],"product_brand":[],"product_cat":[175,95,117],"product_tag":[4385],"class_list":{"0":"post-7181","1":"product","2":"type-product","3":"status-publish","4":"has-post-thumbnail","6":"product_cat-gummi-unterwaesche","7":"product_cat-bestseller","8":"product_cat-slips-strings","9":"product_tag-bestseller-underwear","10":"product_shipping_class-brief","12":"first","13":"instock","14":"taxable","15":"shipping-taxable","16":"purchasable","17":"product-type-variable"},"_links":{"self":[{"href":"https:\/\/www.hml-fetish.de\/shop\/wp-json\/wp\/v2\/product\/7181","targetHints":{"allow":["GET"]}}],"collection":[{"href":"https:\/\/www.hml-fetish.de\/shop\/wp-json\/wp\/v2\/product"}],"about":[{"href":"https:\/\/www.hml-fetish.de\/shop\/wp-json\/wp\/v2\/types\/product"}],"replies":[{"embeddable":true,"href":"https:\/\/www.hml-fetish.de\/shop\/wp-json\/wp\/v2\/comments?post=7181"}],"version-history":[{"count":0,"href":"https:\/\/www.hml-fetish.de\/shop\/wp-json\/wp\/v2\/product\/7181\/revisions"}],"wp:featuredmedia":[{"embeddable":true,"href":"https:\/\/www.hml-fetish.de\/shop\/wp-json\/wp\/v2\/media\/12378"}],"wp:attachment":[{"href":"https:\/\/www.hml-fetish.de\/shop\/wp-json\/wp\/v2\/media?parent=7181"}],"wp:term":[{"taxonomy":"product_brand","embeddable":true,"href":"https:\/\/www.hml-fetish.de\/shop\/wp-json\/wp\/v2\/product_brand?post=7181"},{"taxonomy":"product_cat","embeddable":true,"href":"https:\/\/www.hml-fetish.de\/shop\/wp-json\/wp\/v2\/product_cat?post=7181"},{"taxonomy":"product_tag","embeddable":true,"href":"https:\/\/www.hml-fetish.de\/shop\/wp-json\/wp\/v2\/product_tag?post=7181"}],"curies":[{"name":"wp","href":"https:\/\/api.w.org\/{rel}","templated":true}]}}