{"id":7161,"date":"2022-01-23T22:54:53","date_gmt":"2022-01-23T21:54:53","guid":{"rendered":"https:\/\/www.hml-fetish.de\/shop\/?post_type=product&#038;p=7161"},"modified":"2025-11-26T14:55:43","modified_gmt":"2025-11-26T13:55:43","slug":"leder-boxer-short","status":"publish","type":"product","link":"https:\/\/www.hml-fetish.de\/shop\/leder-boxer-short\/","title":{"rendered":"Leder Boxer Short"},"content":{"rendered":"<p>Eine Boxershort aus schwarzem Leder, einem speziell behandelten Rind-Nappa mit weichem Griff. Nat\u00fcrlich ohne Innenslip. Sch\u00f6n kurz, knackeeng und mit einem breiten abgesteppten Leder-Stretchbund. Mit einer kleinen, verdeckten Innentasche, gro\u00df genug um etwas Kleingeld, einen Schl\u00fcssel oder ein Kondom aufzunehmen. Wirklich sehr knapp geschnitten, also im Zweifel lieber eine Nummer gr\u00f6\u00dfer bestellen.<\/p>\n<p>Mit Seitenstreifen aus Leder in Schwarz, Wei\u00df, Rot, Gelb, Blau oder Grau.<\/p>\n<p><img decoding=\"async\" title=\"Gr\u00f6\u00dfentabelle\" src=\"\/GIF\/size_unisex_sp.gif\" alt=\"Gr\u00f6\u00dfentabelle\" width=\"114\" height=\"194\" border=\"0\" \/><\/p>\n","protected":false},"excerpt":{"rendered":"<h4>Leder Boxer Short<\/h4>\n<p>Eine schwarze Leder Sport Short aus einem speziell behandelten Rind-Nappa mit weichem Griff. Nat\u00fcrlich ohne Innenslip. Sch\u00f6n kurz, knackeeng und mit einem breiten abgesteppten Leder-Stretchbund. Mit einer kleinen, verdeckten Innentasche, gro\u00df genug um etwas Kleingeld, einen Schl\u00fcssel oder ein Kondom aufzunehmen. Wirklich sehr knapp geschnitten, also im Zweifel lieber eine Nummer gr\u00f6\u00dfer bestellen.<\/p>\n","protected":false},"featured_media":12959,"comment_status":"open","ping_status":"closed","template":"","meta":[],"product_brand":[],"product_cat":[95,118,162],"product_tag":[4398],"class_list":{"0":"post-7161","1":"product","2":"type-product","3":"status-publish","4":"has-post-thumbnail","6":"product_cat-bestseller","7":"product_cat-sportswear","8":"product_cat-unterwaesche","9":"product_tag-hml-fetish-original","10":"product_shipping_class-brief","12":"first","13":"instock","14":"taxable","15":"shipping-taxable","16":"purchasable","17":"product-type-variable"},"_links":{"self":[{"href":"https:\/\/www.hml-fetish.de\/shop\/wp-json\/wp\/v2\/product\/7161","targetHints":{"allow":["GET"]}}],"collection":[{"href":"https:\/\/www.hml-fetish.de\/shop\/wp-json\/wp\/v2\/product"}],"about":[{"href":"https:\/\/www.hml-fetish.de\/shop\/wp-json\/wp\/v2\/types\/product"}],"replies":[{"embeddable":true,"href":"https:\/\/www.hml-fetish.de\/shop\/wp-json\/wp\/v2\/comments?post=7161"}],"version-history":[{"count":0,"href":"https:\/\/www.hml-fetish.de\/shop\/wp-json\/wp\/v2\/product\/7161\/revisions"}],"wp:featuredmedia":[{"embeddable":true,"href":"https:\/\/www.hml-fetish.de\/shop\/wp-json\/wp\/v2\/media\/12959"}],"wp:attachment":[{"href":"https:\/\/www.hml-fetish.de\/shop\/wp-json\/wp\/v2\/media?parent=7161"}],"wp:term":[{"taxonomy":"product_brand","embeddable":true,"href":"https:\/\/www.hml-fetish.de\/shop\/wp-json\/wp\/v2\/product_brand?post=7161"},{"taxonomy":"product_cat","embeddable":true,"href":"https:\/\/www.hml-fetish.de\/shop\/wp-json\/wp\/v2\/product_cat?post=7161"},{"taxonomy":"product_tag","embeddable":true,"href":"https:\/\/www.hml-fetish.de\/shop\/wp-json\/wp\/v2\/product_tag?post=7161"}],"curies":[{"name":"wp","href":"https:\/\/api.w.org\/{rel}","templated":true}]}}