{"id":7155,"date":"2022-01-23T22:54:33","date_gmt":"2022-01-23T21:54:33","guid":{"rendered":"https:\/\/www.hml-fetish.de\/shop\/?post_type=product&#038;p=7155"},"modified":"2022-06-29T13:34:48","modified_gmt":"2022-06-29T11:34:48","slug":"hml-adult-supporter","status":"publish","type":"product","link":"https:\/\/www.hml-fetish.de\/shop\/hml-adult-supporter\/","title":{"rendered":"HML Adult Supporter"},"content":{"rendered":"<p>Der bekannte geile Athletic Supporter und das aus feinem schwarzem Leder. Komplett aus Leder, auch die Pob\u00e4nder und das breite Bund. Sch\u00e4rfer geht&#8217;s nicht. Jetzt auch mit farbigen Frontstreifen! Sechs Farben zur Auswahl: schwarz, rot, blau, gelb, wei\u00df und grau.<\/p>\n<p><img decoding=\"async\" title=\"Gr\u00f6\u00dfentabelle\" src=\"\/GIF\/size_unisex_sp.gif\" alt=\"Gr\u00f6\u00dfentabelle\" width=\"114\" height=\"194\" border=\"0\" \/><\/p>\n","protected":false},"excerpt":{"rendered":"<h4>HML Adult Supporter<\/h4>\n<p>Der bekannte geile Athletic Supporter und das aus feinem schwarzem Leder. Komplett aus Leder, auch die Pob\u00e4nder und das breite Bund. Sch\u00e4rfer geht&#8217;s nicht. Jetzt auch mit farbigen Frontstreifen! Sechs Farben zur Auswahl: schwarz, rot, blau, gelb, wei\u00df und grau.<\/p>\n","protected":false},"featured_media":13171,"comment_status":"open","ping_status":"closed","template":"","meta":[],"product_brand":[],"product_cat":[162,95,125,119],"product_tag":[4398],"class_list":{"0":"post-7155","1":"product","2":"type-product","3":"status-publish","4":"has-post-thumbnail","6":"product_cat-unterwaesche","7":"product_cat-bestseller","8":"product_cat-gay-pride","9":"product_cat-supporter","10":"product_tag-hml-fetish-original","11":"product_shipping_class-paket","13":"first","14":"instock","15":"taxable","16":"shipping-taxable","17":"purchasable","18":"product-type-variable"},"_links":{"self":[{"href":"https:\/\/www.hml-fetish.de\/shop\/wp-json\/wp\/v2\/product\/7155","targetHints":{"allow":["GET"]}}],"collection":[{"href":"https:\/\/www.hml-fetish.de\/shop\/wp-json\/wp\/v2\/product"}],"about":[{"href":"https:\/\/www.hml-fetish.de\/shop\/wp-json\/wp\/v2\/types\/product"}],"replies":[{"embeddable":true,"href":"https:\/\/www.hml-fetish.de\/shop\/wp-json\/wp\/v2\/comments?post=7155"}],"version-history":[{"count":0,"href":"https:\/\/www.hml-fetish.de\/shop\/wp-json\/wp\/v2\/product\/7155\/revisions"}],"wp:featuredmedia":[{"embeddable":true,"href":"https:\/\/www.hml-fetish.de\/shop\/wp-json\/wp\/v2\/media\/13171"}],"wp:attachment":[{"href":"https:\/\/www.hml-fetish.de\/shop\/wp-json\/wp\/v2\/media?parent=7155"}],"wp:term":[{"taxonomy":"product_brand","embeddable":true,"href":"https:\/\/www.hml-fetish.de\/shop\/wp-json\/wp\/v2\/product_brand?post=7155"},{"taxonomy":"product_cat","embeddable":true,"href":"https:\/\/www.hml-fetish.de\/shop\/wp-json\/wp\/v2\/product_cat?post=7155"},{"taxonomy":"product_tag","embeddable":true,"href":"https:\/\/www.hml-fetish.de\/shop\/wp-json\/wp\/v2\/product_tag?post=7155"}],"curies":[{"name":"wp","href":"https:\/\/api.w.org\/{rel}","templated":true}]}}