{"id":7149,"date":"2022-01-23T22:54:31","date_gmt":"2022-01-23T21:54:31","guid":{"rendered":"https:\/\/www.hml-fetish.de\/shop\/?post_type=product&#038;p=7149"},"modified":"2026-02-10T17:24:30","modified_gmt":"2026-02-10T16:24:30","slug":"nervenraedchen-5-fach","status":"publish","type":"product","link":"https:\/\/www.hml-fetish.de\/shop\/nervenraedchen-5-fach\/","title":{"rendered":"Nervenr\u00e4dchen 5-fach"},"content":{"rendered":"<p>Ein Nervenrad im Stil des Original Wartenbergs mit f\u00fcnffachem Nadelr\u00e4dchen. Ganz aus medizinischem Edelstahl. Hochwertig verarbeitet und sieht echt gef\u00e4hrlich aus. Stell Dir vor, wie sich das anf\u00fchlt, wenn Du die Augen verbunden hast und Dir jemand mit diesem Instrument ganz sachte \u00fcber den K\u00f6rper rollt! Die f\u00fcnf parallel laufenden R\u00e4dchen k\u00f6nnen die Erregung bis ins unerme\u00dfliche steigern!<\/p>\n","protected":false},"excerpt":{"rendered":"<h4>Nervenr\u00e4dchen 5-fach<\/h4>\n<p>Ein Nervenrad im Stil des Originals von Wartenberg mit f\u00fcnffachem Nadelr\u00e4dchen. Ganz aus medizinischem Edelstahl. Hochwertig verarbeitet und sieht echt gef\u00e4hrlich aus. Stell Dir vor, wie sich das anf\u00fchlt, wenn Du die Augen verbunden hast und Dir jemand mit diesem Instrument ganz sachte \u00fcber den K\u00f6rper rollt! Die f\u00fcnf parallel laufenden R\u00e4dchen k\u00f6nnen die Erregung bis ins unerme\u00dfliche steigern!<\/p>\n","protected":false},"featured_media":13458,"comment_status":"open","ping_status":"closed","template":"","meta":[],"product_brand":[],"product_cat":[141,130,132],"product_tag":[],"class_list":{"0":"post-7149","1":"product","2":"type-product","3":"status-publish","4":"has-post-thumbnail","6":"product_cat-tt","7":"product_cat-cbt","8":"product_cat-dungeon","9":"product_shipping_class-brief","11":"first","12":"instock","13":"taxable","14":"shipping-taxable","15":"purchasable","16":"product-type-simple"},"_links":{"self":[{"href":"https:\/\/www.hml-fetish.de\/shop\/wp-json\/wp\/v2\/product\/7149","targetHints":{"allow":["GET"]}}],"collection":[{"href":"https:\/\/www.hml-fetish.de\/shop\/wp-json\/wp\/v2\/product"}],"about":[{"href":"https:\/\/www.hml-fetish.de\/shop\/wp-json\/wp\/v2\/types\/product"}],"replies":[{"embeddable":true,"href":"https:\/\/www.hml-fetish.de\/shop\/wp-json\/wp\/v2\/comments?post=7149"}],"version-history":[{"count":0,"href":"https:\/\/www.hml-fetish.de\/shop\/wp-json\/wp\/v2\/product\/7149\/revisions"}],"wp:featuredmedia":[{"embeddable":true,"href":"https:\/\/www.hml-fetish.de\/shop\/wp-json\/wp\/v2\/media\/13458"}],"wp:attachment":[{"href":"https:\/\/www.hml-fetish.de\/shop\/wp-json\/wp\/v2\/media?parent=7149"}],"wp:term":[{"taxonomy":"product_brand","embeddable":true,"href":"https:\/\/www.hml-fetish.de\/shop\/wp-json\/wp\/v2\/product_brand?post=7149"},{"taxonomy":"product_cat","embeddable":true,"href":"https:\/\/www.hml-fetish.de\/shop\/wp-json\/wp\/v2\/product_cat?post=7149"},{"taxonomy":"product_tag","embeddable":true,"href":"https:\/\/www.hml-fetish.de\/shop\/wp-json\/wp\/v2\/product_tag?post=7149"}],"curies":[{"name":"wp","href":"https:\/\/api.w.org\/{rel}","templated":true}]}}