{"id":7146,"date":"2022-01-23T22:54:30","date_gmt":"2022-01-23T21:54:30","guid":{"rendered":"https:\/\/www.hml-fetish.de\/shop\/?post_type=product&#038;p=7146"},"modified":"2024-07-16T02:23:55","modified_gmt":"2024-07-16T00:23:55","slug":"nadelraedchen","status":"publish","type":"product","link":"https:\/\/www.hml-fetish.de\/shop\/nadelraedchen\/","title":{"rendered":"Nadelr\u00e4dchen"},"content":{"rendered":"<p>Ein stabiler Griff und sehr spitze Edelstahl-Nadeln. Mit sanftem Andruck \u00fcber gewisse K\u00f6rperstellen rollen &#8230; unbeschreiblich. Stell Dir vor, wie sich das anf\u00fchlt, wenn Du die Augen verbunden hast und Dir jemand mit diesem R\u00e4dchen ganz sachte \u00fcber Deinen K\u00f6rper rollt\u2026<\/p>\n<p>Ein einfaches Modell mit braunem Griff.<\/p>\n","protected":false},"excerpt":{"rendered":"<h4>Nadelr\u00e4dchen<\/h4>\n<p>Ein stabiler Griff und sehr spitze Edelstahl-Nadeln. Mit sanftem Andruck \u00fcber gewisse K\u00f6rperstellen rollen &#8230; unbeschreiblich. Stell Dir vor, wie sich das anf\u00fchlt, wenn Du die Augen verbunden hast und Dir jemand mit diesem R\u00e4dchen ganz sachte \u00fcber Deinen K\u00f6rper rollt\u2026<\/p>\n","protected":false},"featured_media":13487,"comment_status":"open","ping_status":"closed","template":"","meta":[],"product_brand":[],"product_cat":[141,130,108],"product_tag":[],"class_list":{"0":"post-7146","1":"product","2":"type-product","3":"status-publish","4":"has-post-thumbnail","6":"product_cat-tt","7":"product_cat-cbt","8":"product_cat-restposten-einzelstuecke","9":"product_shipping_class-brief","11":"first","12":"instock","13":"taxable","14":"shipping-taxable","15":"purchasable","16":"product-type-simple"},"_links":{"self":[{"href":"https:\/\/www.hml-fetish.de\/shop\/wp-json\/wp\/v2\/product\/7146","targetHints":{"allow":["GET"]}}],"collection":[{"href":"https:\/\/www.hml-fetish.de\/shop\/wp-json\/wp\/v2\/product"}],"about":[{"href":"https:\/\/www.hml-fetish.de\/shop\/wp-json\/wp\/v2\/types\/product"}],"replies":[{"embeddable":true,"href":"https:\/\/www.hml-fetish.de\/shop\/wp-json\/wp\/v2\/comments?post=7146"}],"version-history":[{"count":0,"href":"https:\/\/www.hml-fetish.de\/shop\/wp-json\/wp\/v2\/product\/7146\/revisions"}],"wp:featuredmedia":[{"embeddable":true,"href":"https:\/\/www.hml-fetish.de\/shop\/wp-json\/wp\/v2\/media\/13487"}],"wp:attachment":[{"href":"https:\/\/www.hml-fetish.de\/shop\/wp-json\/wp\/v2\/media?parent=7146"}],"wp:term":[{"taxonomy":"product_brand","embeddable":true,"href":"https:\/\/www.hml-fetish.de\/shop\/wp-json\/wp\/v2\/product_brand?post=7146"},{"taxonomy":"product_cat","embeddable":true,"href":"https:\/\/www.hml-fetish.de\/shop\/wp-json\/wp\/v2\/product_cat?post=7146"},{"taxonomy":"product_tag","embeddable":true,"href":"https:\/\/www.hml-fetish.de\/shop\/wp-json\/wp\/v2\/product_tag?post=7146"}],"curies":[{"name":"wp","href":"https:\/\/api.w.org\/{rel}","templated":true}]}}