{"id":7145,"date":"2022-01-23T22:54:30","date_gmt":"2022-01-23T21:54:30","guid":{"rendered":"https:\/\/www.hml-fetish.de\/shop\/?post_type=product&#038;p=7145"},"modified":"2025-04-18T21:51:26","modified_gmt":"2025-04-18T19:51:26","slug":"feld-sling","status":"publish","type":"product","link":"https:\/\/www.hml-fetish.de\/shop\/feld-sling\/","title":{"rendered":"Feld-Sling"},"content":{"rendered":"<p>Geh\u00f6rt ins Reise- und Handgep\u00e4ck. Oberschenkel-Schlaufen, die \u00fcber den Nacken miteinander verbunden sind, unterst\u00fctzen die richtige K\u00f6rperhaltung. Verstellbare, grobe Baumwoll-Gurte und gepolsterte Auflagen f\u00fcr den robusten Einsatz. In woodland-tarnfarben und in schwarz.<\/p>\n","protected":false},"excerpt":{"rendered":"<h4>Feld-Sling<\/h4>\n<p>Geh\u00f6rt ins Reise- und Handgep\u00e4ck. Oberschenkel-Schlaufen, die \u00fcber den Nacken miteinander verbunden sind, unterst\u00fctzen die richtige K\u00f6rperhaltung. Verstellbare, grobe Baumwoll-Gurte und gepolsterte Auflagen f\u00fcr den robusten Einsatz. In woodland-tarnfarben und in schwarz.<\/p>\n","protected":false},"featured_media":13496,"comment_status":"open","ping_status":"closed","template":"","meta":[],"product_brand":[],"product_cat":[169,137,132,103],"product_tag":[],"class_list":{"0":"post-7145","1":"product","2":"type-product","3":"status-publish","4":"has-post-thumbnail","6":"product_cat-army-accessoires","7":"product_cat-bondage","8":"product_cat-dungeon","9":"product_cat-online-flohmarkt","10":"product_shipping_class-paket","12":"first","13":"instock","14":"taxable","15":"shipping-taxable","16":"purchasable","17":"product-type-variable"},"_links":{"self":[{"href":"https:\/\/www.hml-fetish.de\/shop\/wp-json\/wp\/v2\/product\/7145","targetHints":{"allow":["GET"]}}],"collection":[{"href":"https:\/\/www.hml-fetish.de\/shop\/wp-json\/wp\/v2\/product"}],"about":[{"href":"https:\/\/www.hml-fetish.de\/shop\/wp-json\/wp\/v2\/types\/product"}],"replies":[{"embeddable":true,"href":"https:\/\/www.hml-fetish.de\/shop\/wp-json\/wp\/v2\/comments?post=7145"}],"version-history":[{"count":0,"href":"https:\/\/www.hml-fetish.de\/shop\/wp-json\/wp\/v2\/product\/7145\/revisions"}],"wp:featuredmedia":[{"embeddable":true,"href":"https:\/\/www.hml-fetish.de\/shop\/wp-json\/wp\/v2\/media\/13496"}],"wp:attachment":[{"href":"https:\/\/www.hml-fetish.de\/shop\/wp-json\/wp\/v2\/media?parent=7145"}],"wp:term":[{"taxonomy":"product_brand","embeddable":true,"href":"https:\/\/www.hml-fetish.de\/shop\/wp-json\/wp\/v2\/product_brand?post=7145"},{"taxonomy":"product_cat","embeddable":true,"href":"https:\/\/www.hml-fetish.de\/shop\/wp-json\/wp\/v2\/product_cat?post=7145"},{"taxonomy":"product_tag","embeddable":true,"href":"https:\/\/www.hml-fetish.de\/shop\/wp-json\/wp\/v2\/product_tag?post=7145"}],"curies":[{"name":"wp","href":"https:\/\/api.w.org\/{rel}","templated":true}]}}