{"id":7139,"date":"2022-01-23T22:54:28","date_gmt":"2022-01-23T21:54:28","guid":{"rendered":"https:\/\/www.hml-fetish.de\/shop\/?post_type=product&#038;p=7139"},"modified":"2024-01-07T10:51:28","modified_gmt":"2024-01-07T09:51:28","slug":"xman-silicone","status":"publish","type":"product","link":"https:\/\/www.hml-fetish.de\/shop\/xman-silicone\/","title":{"rendered":"Xman Silicone"},"content":{"rendered":"<p>Sehr ergiebig, wasser-, fett- und \u00f6lfrei. FDA-gepr\u00fcft. Neben dem fuck Bodyglide, unserer \u00bbHausmarke\u00ab, wohl das preiswerteste Gleitmittel auf Silikonbasis. In vier Packungsgr\u00f6\u00dfen zu haben: Als kleines Cruising Fl\u00e4schen mit 30 ml Inhalt f\u00fcr 5 \u20ac (entspr. 16,67 \u20ac je 100 ml), in der Standardgr\u00f6\u00dfe mit 100 ml f\u00fcr 10,00 \u20ac sowie mit 245 ml f\u00fcr 19,90 \u20ac (8,12\u20ac je 100 ml) und mit 490 ml f\u00fcr 39,50 \u20ac (8,06 \u20ac je 100 ml).<\/p>\n<p>Wie alle Gleitmittel auf Silikonbasis ist Xman Silicone au\u00dferdem ein hervorragendes Massage\u00f6l. In geringer Menge aufgebracht und einpoliert, macht es auch Dein Gummi sch\u00f6n gl\u00e4nzend. Nicht nur das Deines Kondoms.<\/p>\n","protected":false},"excerpt":{"rendered":"<h4>Xman Silicone<\/h4>\n<p>Sehr ergiebig, wasser-, fett- und \u00f6lfrei. FDA-gepr\u00fcft. Neben dem <a title=\"fuck Bodyglide\" href=\"https:\/\/www.hml-fetish.de\/shop\/fuck-bodyglide-dickfluessig\/\">fuck Bodyglide<\/a>, unserer \u00bbHausmarke\u00ab, wohl das preiswerteste Gleitmittel auf Silikonbasis. In vier Packungsgr\u00f6\u00dfen zu haben: Als kleines Cruising Fl\u00e4schen mit 30 ml Inhalt f\u00fcr 5 \u20ac (entspr. 16,67 \u20ac je 100 ml), in der Standardgr\u00f6\u00dfe mit 100 ml f\u00fcr 10,00 \u20ac sowie mit 245 ml f\u00fcr 19,90 \u20ac (8,12\u20ac je 100 ml) und mit 490 ml f\u00fcr 39,50 \u20ac (8,06 \u20ac je 100 ml).<\/p>\n","protected":false},"featured_media":13624,"comment_status":"open","ping_status":"closed","template":"","meta":[],"product_brand":[],"product_cat":[144,95,127,178],"product_tag":[],"class_list":{"0":"post-7139","1":"product","2":"type-product","3":"status-publish","4":"has-post-thumbnail","6":"product_cat-kondome-gleitmittel","7":"product_cat-bestseller","8":"product_cat-diverses","9":"product_cat-gummipflege","10":"product_shipping_class-paket","12":"first","13":"instock","14":"taxable","15":"shipping-taxable","16":"purchasable","17":"product-type-variable"},"_links":{"self":[{"href":"https:\/\/www.hml-fetish.de\/shop\/wp-json\/wp\/v2\/product\/7139","targetHints":{"allow":["GET"]}}],"collection":[{"href":"https:\/\/www.hml-fetish.de\/shop\/wp-json\/wp\/v2\/product"}],"about":[{"href":"https:\/\/www.hml-fetish.de\/shop\/wp-json\/wp\/v2\/types\/product"}],"replies":[{"embeddable":true,"href":"https:\/\/www.hml-fetish.de\/shop\/wp-json\/wp\/v2\/comments?post=7139"}],"version-history":[{"count":0,"href":"https:\/\/www.hml-fetish.de\/shop\/wp-json\/wp\/v2\/product\/7139\/revisions"}],"wp:featuredmedia":[{"embeddable":true,"href":"https:\/\/www.hml-fetish.de\/shop\/wp-json\/wp\/v2\/media\/13624"}],"wp:attachment":[{"href":"https:\/\/www.hml-fetish.de\/shop\/wp-json\/wp\/v2\/media?parent=7139"}],"wp:term":[{"taxonomy":"product_brand","embeddable":true,"href":"https:\/\/www.hml-fetish.de\/shop\/wp-json\/wp\/v2\/product_brand?post=7139"},{"taxonomy":"product_cat","embeddable":true,"href":"https:\/\/www.hml-fetish.de\/shop\/wp-json\/wp\/v2\/product_cat?post=7139"},{"taxonomy":"product_tag","embeddable":true,"href":"https:\/\/www.hml-fetish.de\/shop\/wp-json\/wp\/v2\/product_tag?post=7139"}],"curies":[{"name":"wp","href":"https:\/\/api.w.org\/{rel}","templated":true}]}}