{"id":7114,"date":"2022-01-23T22:54:13","date_gmt":"2022-01-23T21:54:13","guid":{"rendered":"https:\/\/www.hml-fetish.de\/shop\/?post_type=product&#038;p=7114"},"modified":"2024-01-06T12:00:25","modified_gmt":"2024-01-06T11:00:25","slug":"kombi-cockring","status":"publish","type":"product","link":"https:\/\/www.hml-fetish.de\/shop\/kombi-cockring\/","title":{"rendered":"Kombi-Cockring"},"content":{"rendered":"<p>Zwei oben und unten mit Lederb\u00e4ndern verbundene Cockringe. Der gr\u00f6\u00dfere Ring ist austauschbar. Bitte unten anw\u00e4hlen, welche Innendurchmesser Du ben\u00f6tigst. Auch diese Konstruktion ist sehr eng! Hast du diesen Ballstretcher angelegt, werden deine Eier mit wachsender Erektion seitlich fett und rund geformt. Ein sehr geiler Anblick.<\/p>\n<p>Wir liefern den Kombi-Cockring mit Ringen von 35 mm und 45 mm Innendurchmesser. Ben\u00f6tigst Du andere Ringe (ohne Mehrkosten!), so teile und das beim Auschecken Deiner Bestellung im Kommentarfeld mit.<\/p>\n<p><img decoding=\"async\" title=\"Gr\u00f6\u00dfe = Innendurchmesser\" src=\"\/GIF\/size_ID.gif\" alt=\"Gr\u00f6\u00dfe = Innendurchmesser\" width=\"183\" height=\"67\" border=\"0\" \/><\/p>\n","protected":false},"excerpt":{"rendered":"<h4>Kombi-Cockring<\/h4>\n<p>Zwei oben und unten mit Lederb\u00e4ndern verbundene vernickelte Stahlringe. Der gr\u00f6\u00dfere Ring ist austauschbar. Bitte unten anw\u00e4hlen, welche Innendurchmesser Du ben\u00f6tigst. Auch diese Konstruktion ist sehr eng! Hast du diesen Ballstretcher angelegt, werden deine Eier mit wachsender Erektion seitlich fett und rund geformt. Ein sehr geiler Anblick.<\/p>\n","protected":false},"featured_media":14083,"comment_status":"open","ping_status":"closed","template":"","meta":[],"product_brand":[],"product_cat":[167,130,166],"product_tag":[],"class_list":{"0":"post-7114","1":"product","2":"type-product","3":"status-publish","4":"has-post-thumbnail","6":"product_cat-cockringe","7":"product_cat-cbt","8":"product_cat-cockhalfter","9":"product_shipping_class-brief","11":"first","12":"instock","13":"taxable","14":"shipping-taxable","15":"purchasable","16":"product-type-simple"},"_links":{"self":[{"href":"https:\/\/www.hml-fetish.de\/shop\/wp-json\/wp\/v2\/product\/7114","targetHints":{"allow":["GET"]}}],"collection":[{"href":"https:\/\/www.hml-fetish.de\/shop\/wp-json\/wp\/v2\/product"}],"about":[{"href":"https:\/\/www.hml-fetish.de\/shop\/wp-json\/wp\/v2\/types\/product"}],"replies":[{"embeddable":true,"href":"https:\/\/www.hml-fetish.de\/shop\/wp-json\/wp\/v2\/comments?post=7114"}],"version-history":[{"count":0,"href":"https:\/\/www.hml-fetish.de\/shop\/wp-json\/wp\/v2\/product\/7114\/revisions"}],"wp:featuredmedia":[{"embeddable":true,"href":"https:\/\/www.hml-fetish.de\/shop\/wp-json\/wp\/v2\/media\/14083"}],"wp:attachment":[{"href":"https:\/\/www.hml-fetish.de\/shop\/wp-json\/wp\/v2\/media?parent=7114"}],"wp:term":[{"taxonomy":"product_brand","embeddable":true,"href":"https:\/\/www.hml-fetish.de\/shop\/wp-json\/wp\/v2\/product_brand?post=7114"},{"taxonomy":"product_cat","embeddable":true,"href":"https:\/\/www.hml-fetish.de\/shop\/wp-json\/wp\/v2\/product_cat?post=7114"},{"taxonomy":"product_tag","embeddable":true,"href":"https:\/\/www.hml-fetish.de\/shop\/wp-json\/wp\/v2\/product_tag?post=7114"}],"curies":[{"name":"wp","href":"https:\/\/api.w.org\/{rel}","templated":true}]}}