{"id":7107,"date":"2022-01-23T22:54:11","date_gmt":"2022-01-23T21:54:11","guid":{"rendered":"https:\/\/www.hml-fetish.de\/shop\/?post_type=product&#038;p=7107"},"modified":"2024-07-06T19:43:53","modified_gmt":"2024-07-06T17:43:53","slug":"maximizer","status":"publish","type":"product","link":"https:\/\/www.hml-fetish.de\/shop\/maximizer\/","title":{"rendered":"Maximizer"},"content":{"rendered":"<p>Das neue Spezial-Cockband: Bringt Dein Geh\u00e4nge in die richtige Position, so da\u00df es Deinen String oder Slip viel besser ausf\u00fcllt. Und solltest Du erregt werden, wird durch die zweifache Engung alles noch viel praller werden. Das Teil ist wirklich enorm wirksam! Das in einer schn\u00f6rkelfreien kerligen Optik aus schwarzem Rindleder. Mit einem nickelfreien Druckknopf verschlie\u00dfbar.<\/p>\n<p>Es gibt den Maximizer in vier Gr\u00f6\u00dfen. Bitte w\u00e4hle die f\u00fcr Dich passenden Innendurchmesser: Cockband 45mm (mit einem 30mm Loch), 50mm (mit 35mm Loch), 55mm (mit 40mm) und 60mm Cockband (mit einem 45mm Loch).<\/p>\n","protected":false},"excerpt":{"rendered":"<h4>Maximizer<\/h4>\n<p>Das neue Spezial-Cockband: Bringt Dein Geh\u00e4nge in die richtige Position, so da\u00df es Deinen String oder Slip viel besser ausf\u00fcllt. Und solltest Du erregt werden, wird durch die zweifache Engung alles noch viel praller werden. Das Teil ist wirklich enorm wirksam! Das in einer schn\u00f6rkelfreien kerligen Optik aus schwarzem Rindleder. Mit einem nickelfreien Druckknopf verschlie\u00dfbar.<\/p>\n","protected":false},"featured_media":14175,"comment_status":"open","ping_status":"closed","template":"","meta":[],"product_brand":[],"product_cat":[165,95],"product_tag":[4398],"class_list":{"0":"post-7107","1":"product","2":"type-product","3":"status-publish","4":"has-post-thumbnail","6":"product_cat-cockbaender","7":"product_cat-bestseller","8":"product_tag-hml-fetish-original","9":"product_shipping_class-brief","11":"first","12":"instock","13":"taxable","14":"shipping-taxable","15":"purchasable","16":"product-type-variable"},"_links":{"self":[{"href":"https:\/\/www.hml-fetish.de\/shop\/wp-json\/wp\/v2\/product\/7107","targetHints":{"allow":["GET"]}}],"collection":[{"href":"https:\/\/www.hml-fetish.de\/shop\/wp-json\/wp\/v2\/product"}],"about":[{"href":"https:\/\/www.hml-fetish.de\/shop\/wp-json\/wp\/v2\/types\/product"}],"replies":[{"embeddable":true,"href":"https:\/\/www.hml-fetish.de\/shop\/wp-json\/wp\/v2\/comments?post=7107"}],"version-history":[{"count":0,"href":"https:\/\/www.hml-fetish.de\/shop\/wp-json\/wp\/v2\/product\/7107\/revisions"}],"wp:featuredmedia":[{"embeddable":true,"href":"https:\/\/www.hml-fetish.de\/shop\/wp-json\/wp\/v2\/media\/14175"}],"wp:attachment":[{"href":"https:\/\/www.hml-fetish.de\/shop\/wp-json\/wp\/v2\/media?parent=7107"}],"wp:term":[{"taxonomy":"product_brand","embeddable":true,"href":"https:\/\/www.hml-fetish.de\/shop\/wp-json\/wp\/v2\/product_brand?post=7107"},{"taxonomy":"product_cat","embeddable":true,"href":"https:\/\/www.hml-fetish.de\/shop\/wp-json\/wp\/v2\/product_cat?post=7107"},{"taxonomy":"product_tag","embeddable":true,"href":"https:\/\/www.hml-fetish.de\/shop\/wp-json\/wp\/v2\/product_tag?post=7107"}],"curies":[{"name":"wp","href":"https:\/\/api.w.org\/{rel}","templated":true}]}}