{"id":7068,"date":"2022-01-23T22:53:22","date_gmt":"2022-01-23T21:53:22","guid":{"rendered":"https:\/\/www.hml-fetish.de\/shop\/?post_type=product&#038;p=7068"},"modified":"2024-07-29T11:30:50","modified_gmt":"2024-07-29T09:30:50","slug":"smooth-segments","status":"publish","type":"product","link":"https:\/\/www.hml-fetish.de\/shop\/smooth-segments\/","title":{"rendered":"Smooth Segments"},"content":{"rendered":"<p>Diese Piercing Ringe bestechen durch ihre schn\u00f6rkellose maskuline Optik. Schlichte Ringe, die durch Herausnehmen eines Segmets ge\u00f6ffnet werden. Daf\u00fcr nimmst du die Spreizzange oder, bei den Gr\u00f6\u00dfen ab 7 mm Dicke, den beiliegenden klitzekleinen Inbusschl\u00fcssel bzw. einen kleinen Schraubenzieher.<br \/>\n<br \/>Wir haben sie in acht Gr\u00f6\u00dfen. Der kleinste kostet 12,50 \u20ac und hat einen Material-Querschnitt von 1,6 mm bei einem Ring-Innendurchmesser von 12 mm. Der gr\u00f6\u00dfte ist 12,5 mm dick, mi\u00dft 25 mm im Durchmesser und kostet 72,50 \u20ac. Dazwischen gibt es welche mit 2 mm Dicke x 12 mm Durchmesser, in 2,4 mm x 14 mm, in 3,2 x 16 mm, in 4 mm dick x 19 mm gro\u00df, in 5 mm x 19 mm und in 7 mm x 22 mm, 8 mm x 19 mm, 8 mm x 25 mm, 10 mm x 19 mm und 10 mm x 25 mm.<\/p>\n","protected":false},"excerpt":{"rendered":"<h4>Smooth Segments<\/h4>\n<p>Diese Piercing Ringe bestechen durch ihre schn\u00f6rkellose maskuline Optik. Schlichte Ringe, die durch Herausnehmen eines Segmets ge\u00f6ffnet werden. Daf\u00fcr nimmst du die Spreizzange oder, bei den Gr\u00f6\u00dfen ab 7 mm Dicke, den beiliegenden klitzekleinen Inbusschl\u00fcssel bzw. einen kleinen Schraubenzieher.<\/p>\n","protected":false},"featured_media":15104,"comment_status":"open","ping_status":"closed","template":"","meta":[],"product_brand":[],"product_cat":[168],"product_tag":[],"class_list":{"0":"post-7068","1":"product","2":"type-product","3":"status-publish","4":"has-post-thumbnail","6":"product_cat-piercing","7":"product_shipping_class-brief","9":"first","10":"instock","11":"taxable","12":"shipping-taxable","13":"purchasable","14":"product-type-variable"},"_links":{"self":[{"href":"https:\/\/www.hml-fetish.de\/shop\/wp-json\/wp\/v2\/product\/7068","targetHints":{"allow":["GET"]}}],"collection":[{"href":"https:\/\/www.hml-fetish.de\/shop\/wp-json\/wp\/v2\/product"}],"about":[{"href":"https:\/\/www.hml-fetish.de\/shop\/wp-json\/wp\/v2\/types\/product"}],"replies":[{"embeddable":true,"href":"https:\/\/www.hml-fetish.de\/shop\/wp-json\/wp\/v2\/comments?post=7068"}],"version-history":[{"count":0,"href":"https:\/\/www.hml-fetish.de\/shop\/wp-json\/wp\/v2\/product\/7068\/revisions"}],"wp:featuredmedia":[{"embeddable":true,"href":"https:\/\/www.hml-fetish.de\/shop\/wp-json\/wp\/v2\/media\/15104"}],"wp:attachment":[{"href":"https:\/\/www.hml-fetish.de\/shop\/wp-json\/wp\/v2\/media?parent=7068"}],"wp:term":[{"taxonomy":"product_brand","embeddable":true,"href":"https:\/\/www.hml-fetish.de\/shop\/wp-json\/wp\/v2\/product_brand?post=7068"},{"taxonomy":"product_cat","embeddable":true,"href":"https:\/\/www.hml-fetish.de\/shop\/wp-json\/wp\/v2\/product_cat?post=7068"},{"taxonomy":"product_tag","embeddable":true,"href":"https:\/\/www.hml-fetish.de\/shop\/wp-json\/wp\/v2\/product_tag?post=7068"}],"curies":[{"name":"wp","href":"https:\/\/api.w.org\/{rel}","templated":true}]}}