{"id":7064,"date":"2022-01-23T22:53:21","date_gmt":"2022-01-23T21:53:21","guid":{"rendered":"https:\/\/www.hml-fetish.de\/shop\/?post_type=product&#038;p=7064"},"modified":"2022-04-11T11:47:56","modified_gmt":"2022-04-11T09:47:56","slug":"piercing-ring","status":"publish","type":"product","link":"https:\/\/www.hml-fetish.de\/shop\/piercing-ring\/","title":{"rendered":"Piercing-Ring"},"content":{"rendered":"<p>Schn\u00f6rkellose Ringe f\u00fcr dein Piercing. Die Kugel hat zwei Vertiefungen und wird in den Ringe eingeklemmt. Mit Hilfe einer Spreizzange kannst Du den Ring \u00f6ffnen (manchmal geht&#8217;s auch mit den Fingern). Du bekommst die Ringe in einer breiten Gr\u00f6\u00dfen-Auswahl (jeweils Drahtst\u00e4rke und Innendurchmesser):<br \/>\n<BR>Mit bis zu 4 mm Querschnitt bekommst du hier auch die fetten Ringe f\u00fcr dein Piercing. Die Kugel ist in den Ring eingeklemmt. Nimm eine Spreizzange (Sprengringzange) um ihn zu \u00f6ffnen.<\/p>\n","protected":false},"excerpt":{"rendered":"<h4>Piercing-Ring<\/h4>\n<p>Schn\u00f6rkellose Ringe f\u00fcr dein Piercing. Die Kugel hat zwei Vertiefungen und wird in den Ringe eingeklemmt. Mit Hilfe einer Spreizzange kannst Du den Piercing-Ring \u00f6ffnen (manchmal geht&#8217;s auch mit den Fingern). Du bekommst die Ringe in einer breiten Gr\u00f6\u00dfen-Auswahl (jeweils Innendurchmesser):<\/p>\n","protected":false},"featured_media":15275,"comment_status":"open","ping_status":"closed","template":"","meta":[],"product_brand":[],"product_cat":[168],"product_tag":[],"class_list":{"0":"post-7064","1":"product","2":"type-product","3":"status-publish","4":"has-post-thumbnail","6":"product_cat-piercing","7":"product_shipping_class-brief","9":"first","10":"instock","11":"taxable","12":"shipping-taxable","13":"purchasable","14":"product-type-variable"},"_links":{"self":[{"href":"https:\/\/www.hml-fetish.de\/shop\/wp-json\/wp\/v2\/product\/7064","targetHints":{"allow":["GET"]}}],"collection":[{"href":"https:\/\/www.hml-fetish.de\/shop\/wp-json\/wp\/v2\/product"}],"about":[{"href":"https:\/\/www.hml-fetish.de\/shop\/wp-json\/wp\/v2\/types\/product"}],"replies":[{"embeddable":true,"href":"https:\/\/www.hml-fetish.de\/shop\/wp-json\/wp\/v2\/comments?post=7064"}],"version-history":[{"count":0,"href":"https:\/\/www.hml-fetish.de\/shop\/wp-json\/wp\/v2\/product\/7064\/revisions"}],"wp:featuredmedia":[{"embeddable":true,"href":"https:\/\/www.hml-fetish.de\/shop\/wp-json\/wp\/v2\/media\/15275"}],"wp:attachment":[{"href":"https:\/\/www.hml-fetish.de\/shop\/wp-json\/wp\/v2\/media?parent=7064"}],"wp:term":[{"taxonomy":"product_brand","embeddable":true,"href":"https:\/\/www.hml-fetish.de\/shop\/wp-json\/wp\/v2\/product_brand?post=7064"},{"taxonomy":"product_cat","embeddable":true,"href":"https:\/\/www.hml-fetish.de\/shop\/wp-json\/wp\/v2\/product_cat?post=7064"},{"taxonomy":"product_tag","embeddable":true,"href":"https:\/\/www.hml-fetish.de\/shop\/wp-json\/wp\/v2\/product_tag?post=7064"}],"curies":[{"name":"wp","href":"https:\/\/api.w.org\/{rel}","templated":true}]}}