{"id":7063,"date":"2022-01-23T22:53:21","date_gmt":"2022-01-23T21:53:21","guid":{"rendered":"https:\/\/www.hml-fetish.de\/shop\/?post_type=product&#038;p=7063"},"modified":"2026-04-30T17:13:05","modified_gmt":"2026-04-30T15:13:05","slug":"penis-plug-hohl","status":"publish","type":"product","link":"https:\/\/www.hml-fetish.de\/shop\/penis-plug-hohl\/","title":{"rendered":"Penis Plug hohl"},"content":{"rendered":"<p>Dieser Harnr\u00f6hren-Plug setzt kein Piercing voraus, sondern wird \u00fcber einen Ring fixiert, der sich eng um die Basis Deiner Eichel legt. Der Plug ist 8 mm dick und 60 mm lang bei einer einf\u00fchrbaren L\u00e4nge von etwa 30 mm. Das Ganze ist aus hochgl\u00e4nzend poliertem, antiallergischem Edelstahl gedreht. Benutze zum Einf\u00fchren reichlich Gleitmittel.<br \/>\n<BR>Mit dieser Version des Penis Plugs kannst Du pinkeln, denn dieser Plug ist hohl. Dennoch ist es ein unbeschreibliches Gef\u00fchl, sich durch dieses enge Loch zu erleichtern. Auch wenn er hohl ist, solltest Du mit diesem Plug besser nicht kommen. Oder\u2026 wer wei\u00df\u2026 Verschiedene Eichelring-Gr\u00f6\u00dfen zwischen 25 mm und 32 mm erh\u00e4ltlich.<br \/>\n<BR><img decoding=\"async\" src=\"\/GIF\/size_ID.gif\" alt=\"Gr\u00f6\u00dfe = Innendurchmesser\" title=\"Gr\u00f6\u00dfe = Innendurchmesser\" border=\"0\" height=\"67\" width=\"183\"><\/p>\n","protected":false},"excerpt":{"rendered":"<h4>Penis Plug hohl<\/h4>\n<p>Dieser Harnr\u00f6hren-Plug setzt kein Piercing voraus, sondern wird \u00fcber einen Ring fixiert, der sich eng um die Basis Deiner Eichel legt. Der Plug ist 8 mm dick und 60 mm lang bei einer einf\u00fchrbaren L\u00e4nge von etwa 30 mm. Das Ganze ist aus hochgl\u00e4nzend poliertem, antiallergischem Edelstahl gedreht. Benutze zum Einf\u00fchren reichlich Gleitmittel.<\/p>\n","protected":false},"featured_media":15330,"comment_status":"open","ping_status":"closed","template":"","meta":[],"product_brand":[],"product_cat":[168,95,130],"product_tag":[],"class_list":{"0":"post-7063","1":"product","2":"type-product","3":"status-publish","4":"has-post-thumbnail","6":"product_cat-piercing","7":"product_cat-bestseller","8":"product_cat-cbt","9":"product_shipping_class-brief","11":"first","12":"instock","13":"taxable","14":"shipping-taxable","15":"purchasable","16":"product-type-variable"},"_links":{"self":[{"href":"https:\/\/www.hml-fetish.de\/shop\/wp-json\/wp\/v2\/product\/7063","targetHints":{"allow":["GET"]}}],"collection":[{"href":"https:\/\/www.hml-fetish.de\/shop\/wp-json\/wp\/v2\/product"}],"about":[{"href":"https:\/\/www.hml-fetish.de\/shop\/wp-json\/wp\/v2\/types\/product"}],"replies":[{"embeddable":true,"href":"https:\/\/www.hml-fetish.de\/shop\/wp-json\/wp\/v2\/comments?post=7063"}],"version-history":[{"count":0,"href":"https:\/\/www.hml-fetish.de\/shop\/wp-json\/wp\/v2\/product\/7063\/revisions"}],"wp:featuredmedia":[{"embeddable":true,"href":"https:\/\/www.hml-fetish.de\/shop\/wp-json\/wp\/v2\/media\/15330"}],"wp:attachment":[{"href":"https:\/\/www.hml-fetish.de\/shop\/wp-json\/wp\/v2\/media?parent=7063"}],"wp:term":[{"taxonomy":"product_brand","embeddable":true,"href":"https:\/\/www.hml-fetish.de\/shop\/wp-json\/wp\/v2\/product_brand?post=7063"},{"taxonomy":"product_cat","embeddable":true,"href":"https:\/\/www.hml-fetish.de\/shop\/wp-json\/wp\/v2\/product_cat?post=7063"},{"taxonomy":"product_tag","embeddable":true,"href":"https:\/\/www.hml-fetish.de\/shop\/wp-json\/wp\/v2\/product_tag?post=7063"}],"curies":[{"name":"wp","href":"https:\/\/api.w.org\/{rel}","templated":true}]}}