{"id":7059,"date":"2022-01-23T22:53:20","date_gmt":"2022-01-23T21:53:20","guid":{"rendered":"https:\/\/www.hml-fetish.de\/shop\/?post_type=product&#038;p=7059"},"modified":"2026-02-10T17:22:05","modified_gmt":"2026-02-10T16:22:05","slug":"brillenetui-aus-leder","status":"publish","type":"product","link":"https:\/\/www.hml-fetish.de\/shop\/brillenetui-aus-leder\/","title":{"rendered":"Brillenetui aus Leder"},"content":{"rendered":"<p>Ein robustes Etui f\u00fcr Deine Brille. Pa\u00dft f\u00fcr alle Gr\u00f6\u00dfen (nur f\u00fcr das Modell &#8216;Elton John&#8217; empfehlen wir unsere extra gro\u00dfe G\u00fcrteltasche). Au\u00dfenma\u00dfe ca. 180 mm x 75 mm x 40 mm. Angefertigt aus ca. 3 mm dickem, schwarzem glatten Nappaleder und mit einem Druckknopf verschlie\u00dfbar.<\/p>\n","protected":false},"excerpt":{"rendered":"<h4>Brillenetui aus Leder<\/h4>\n<p>Ein robustes Etui f\u00fcr Deine Brille. Pa\u00dft f\u00fcr alle Gr\u00f6\u00dfen (nur f\u00fcr das Modell &#8216;Elton John&#8217; empfehlen wir unsere extra gro\u00dfe G\u00fcrteltasche). Au\u00dfenma\u00dfe ca. 180 mm x 75 mm x 40 mm. Angefertigt aus ca. 3 mm dickem, schwarzem glatten Nappaleder und mit einem Druckknopf verschlie\u00dfbar.<\/p>\n","protected":false},"featured_media":15433,"comment_status":"open","ping_status":"closed","template":"","meta":[],"product_brand":[],"product_cat":[151,127],"product_tag":[3809,4398],"class_list":{"0":"post-7059","1":"product","2":"type-product","3":"status-publish","4":"has-post-thumbnail","6":"product_cat-accessoires-2","7":"product_cat-diverses","8":"product_tag-fh-ledermanufaktur","9":"product_tag-hml-fetish-original","10":"product_shipping_class-paket","12":"first","13":"instock","14":"taxable","15":"shipping-taxable","16":"purchasable","17":"product-type-simple"},"_links":{"self":[{"href":"https:\/\/www.hml-fetish.de\/shop\/wp-json\/wp\/v2\/product\/7059","targetHints":{"allow":["GET"]}}],"collection":[{"href":"https:\/\/www.hml-fetish.de\/shop\/wp-json\/wp\/v2\/product"}],"about":[{"href":"https:\/\/www.hml-fetish.de\/shop\/wp-json\/wp\/v2\/types\/product"}],"replies":[{"embeddable":true,"href":"https:\/\/www.hml-fetish.de\/shop\/wp-json\/wp\/v2\/comments?post=7059"}],"version-history":[{"count":0,"href":"https:\/\/www.hml-fetish.de\/shop\/wp-json\/wp\/v2\/product\/7059\/revisions"}],"wp:featuredmedia":[{"embeddable":true,"href":"https:\/\/www.hml-fetish.de\/shop\/wp-json\/wp\/v2\/media\/15433"}],"wp:attachment":[{"href":"https:\/\/www.hml-fetish.de\/shop\/wp-json\/wp\/v2\/media?parent=7059"}],"wp:term":[{"taxonomy":"product_brand","embeddable":true,"href":"https:\/\/www.hml-fetish.de\/shop\/wp-json\/wp\/v2\/product_brand?post=7059"},{"taxonomy":"product_cat","embeddable":true,"href":"https:\/\/www.hml-fetish.de\/shop\/wp-json\/wp\/v2\/product_cat?post=7059"},{"taxonomy":"product_tag","embeddable":true,"href":"https:\/\/www.hml-fetish.de\/shop\/wp-json\/wp\/v2\/product_tag?post=7059"}],"curies":[{"name":"wp","href":"https:\/\/api.w.org\/{rel}","templated":true}]}}