{"id":7023,"date":"2022-01-23T22:52:51","date_gmt":"2022-01-23T21:52:51","guid":{"rendered":"https:\/\/www.hml-fetish.de\/shop\/?post_type=product&#038;p=7023"},"modified":"2026-02-10T17:21:07","modified_gmt":"2026-02-10T16:21:07","slug":"klopfer","status":"publish","type":"product","link":"https:\/\/www.hml-fetish.de\/shop\/klopfer\/","title":{"rendered":"Klopfer"},"content":{"rendered":"<p>Detailgetreu aus Kunststoff gearbeitet mit einer kleinen Hand an der Spitze. Preiswert und gut! Die knallt richtig laut, wenn Du gut zielst und hinterl\u00e4\u00dft mit geringem Aufwand einen gro\u00dfen Eindruck. Bitte nicht einfach blind draufdreschen! Du riskierst ernsthafte Verletzungen!<\/p>\n","protected":false},"excerpt":{"rendered":"<h4>Klopfer<\/h4>\n<p>Detailgetreu aus Kunststoff gearbeitet mit einer kleinen Hand an der Spitze. Preiswert und gut! Die knallt richtig laut, wenn Du gut zielst und hinterl\u00e4\u00dft mit geringem Aufwand einen gro\u00dfen Eindruck. Bitte nicht einfach blind draufdreschen! Du riskierst ernsthafte Verletzungen!<\/p>\n","protected":false},"featured_media":15925,"comment_status":"open","ping_status":"closed","template":"","meta":[],"product_brand":[],"product_cat":[134],"product_tag":[],"class_list":{"0":"post-7023","1":"product","2":"type-product","3":"status-publish","4":"has-post-thumbnail","6":"product_cat-flag","7":"product_shipping_class-paket","9":"first","10":"instock","11":"taxable","12":"shipping-taxable","13":"purchasable","14":"product-type-simple"},"_links":{"self":[{"href":"https:\/\/www.hml-fetish.de\/shop\/wp-json\/wp\/v2\/product\/7023","targetHints":{"allow":["GET"]}}],"collection":[{"href":"https:\/\/www.hml-fetish.de\/shop\/wp-json\/wp\/v2\/product"}],"about":[{"href":"https:\/\/www.hml-fetish.de\/shop\/wp-json\/wp\/v2\/types\/product"}],"replies":[{"embeddable":true,"href":"https:\/\/www.hml-fetish.de\/shop\/wp-json\/wp\/v2\/comments?post=7023"}],"version-history":[{"count":0,"href":"https:\/\/www.hml-fetish.de\/shop\/wp-json\/wp\/v2\/product\/7023\/revisions"}],"wp:featuredmedia":[{"embeddable":true,"href":"https:\/\/www.hml-fetish.de\/shop\/wp-json\/wp\/v2\/media\/15925"}],"wp:attachment":[{"href":"https:\/\/www.hml-fetish.de\/shop\/wp-json\/wp\/v2\/media?parent=7023"}],"wp:term":[{"taxonomy":"product_brand","embeddable":true,"href":"https:\/\/www.hml-fetish.de\/shop\/wp-json\/wp\/v2\/product_brand?post=7023"},{"taxonomy":"product_cat","embeddable":true,"href":"https:\/\/www.hml-fetish.de\/shop\/wp-json\/wp\/v2\/product_cat?post=7023"},{"taxonomy":"product_tag","embeddable":true,"href":"https:\/\/www.hml-fetish.de\/shop\/wp-json\/wp\/v2\/product_tag?post=7023"}],"curies":[{"name":"wp","href":"https:\/\/api.w.org\/{rel}","templated":true}]}}