{"id":7010,"date":"2022-01-23T22:52:47","date_gmt":"2022-01-23T21:52:47","guid":{"rendered":"https:\/\/www.hml-fetish.de\/shop\/?post_type=product&#038;p=7010"},"modified":"2022-12-05T18:24:15","modified_gmt":"2022-12-05T17:24:15","slug":"silicone-cock-and-ballstretcher","status":"publish","type":"product","link":"https:\/\/www.hml-fetish.de\/shop\/silicone-cock-and-ballstretcher\/","title":{"rendered":"Silicone Cock and Ballstretcher"},"content":{"rendered":"<p>Diese schwarze Manschette aus Silikon-Kunststoff versorgt nicht nur Deinen Schwanz, sondern auch Deine Eier mit Druck. Da sie super dehnbar ist, pa\u00dft sie um jedes Ger\u00e4t. Je gr\u00f6\u00dfer, desto mehr. Ziehst Du ein wenig an dem d\u00fcnnen, elastischen Band, das \u00fcber den Eiern liegt und l\u00e4\u00dft es zur\u00fcckschnellen, h\u00f6rt der Tr\u00e4ger die Englein im Himmel singen\u2026<br \/>\n<BR>Hergestellt in den USA aus extrem robustem Material. Universalgr\u00f6\u00dfe. Reinigung mit handwarmem Wasser und milder Seife. Vertr\u00e4gt sich mit allen Gleitmitteln.<\/p>\n","protected":false},"excerpt":{"rendered":"<h4>Silicone Cock and Ballstretcher<\/h4>\n<p>Diese schwarze Manschette aus Silikon-Kunststoff versorgt nicht nur Deinen Schwanz, sondern auch Deine Eier mit Druck. Da sie super dehnbar ist, pa\u00dft sie um jedes Ger\u00e4t. Je gr\u00f6\u00dfer, desto mehr. Ziehst Du ein wenig an dem d\u00fcnnen, elastischen Band, das \u00fcber den Eiern liegt und l\u00e4\u00dft es zur\u00fcckschnellen, h\u00f6rt der Tr\u00e4ger die Englein im Himmel singen\u2026<\/p>\n","protected":false},"featured_media":16156,"comment_status":"open","ping_status":"closed","template":"","meta":[],"product_brand":[],"product_cat":[166,130],"product_tag":[3919],"class_list":{"0":"post-7010","1":"product","2":"type-product","3":"status-publish","4":"has-post-thumbnail","6":"product_cat-cockhalfter","7":"product_cat-cbt","8":"product_tag-oxballs","9":"product_shipping_class-paket","11":"first","12":"instock","13":"taxable","14":"shipping-taxable","15":"purchasable","16":"product-type-simple"},"_links":{"self":[{"href":"https:\/\/www.hml-fetish.de\/shop\/wp-json\/wp\/v2\/product\/7010","targetHints":{"allow":["GET"]}}],"collection":[{"href":"https:\/\/www.hml-fetish.de\/shop\/wp-json\/wp\/v2\/product"}],"about":[{"href":"https:\/\/www.hml-fetish.de\/shop\/wp-json\/wp\/v2\/types\/product"}],"replies":[{"embeddable":true,"href":"https:\/\/www.hml-fetish.de\/shop\/wp-json\/wp\/v2\/comments?post=7010"}],"version-history":[{"count":0,"href":"https:\/\/www.hml-fetish.de\/shop\/wp-json\/wp\/v2\/product\/7010\/revisions"}],"wp:featuredmedia":[{"embeddable":true,"href":"https:\/\/www.hml-fetish.de\/shop\/wp-json\/wp\/v2\/media\/16156"}],"wp:attachment":[{"href":"https:\/\/www.hml-fetish.de\/shop\/wp-json\/wp\/v2\/media?parent=7010"}],"wp:term":[{"taxonomy":"product_brand","embeddable":true,"href":"https:\/\/www.hml-fetish.de\/shop\/wp-json\/wp\/v2\/product_brand?post=7010"},{"taxonomy":"product_cat","embeddable":true,"href":"https:\/\/www.hml-fetish.de\/shop\/wp-json\/wp\/v2\/product_cat?post=7010"},{"taxonomy":"product_tag","embeddable":true,"href":"https:\/\/www.hml-fetish.de\/shop\/wp-json\/wp\/v2\/product_tag?post=7010"}],"curies":[{"name":"wp","href":"https:\/\/api.w.org\/{rel}","templated":true}]}}