{"id":7002,"date":"2022-01-23T22:52:26","date_gmt":"2022-01-23T21:52:26","guid":{"rendered":"https:\/\/www.hml-fetish.de\/shop\/?post_type=product&#038;p=7002"},"modified":"2022-06-26T12:33:34","modified_gmt":"2022-06-26T10:33:34","slug":"leder-muskelband-mit-schnalle","status":"publish","type":"product","link":"https:\/\/www.hml-fetish.de\/shop\/leder-muskelband-mit-schnalle\/","title":{"rendered":"Leder-Muskelband mit Schnalle"},"content":{"rendered":"<p>Frisch aus unserer Werkstatt: ein fettes und dickes Oberarmband mit Schnalle. Das ist reiner Porno, wenn Du damit auf der Tanzfl\u00e4che bist. Rost- und nickelfreie Nieten. Eine Universalgr\u00f6\u00dfe. Zwei Breiten: 5 cm (einreihig vernietet) und 6 cm (zweireihig vernietet).<\/p>\n","protected":false},"excerpt":{"rendered":"<h4>Leder-Muskelband mit Schnalle<\/h4>\n<p>Frisch aus unserer Werkstatt: ein fettes und dickes Oberarmband mit Schnalle. Das ist reiner Porno, wenn Du damit auf der Tanzfl\u00e4che bist. Rost- und nickelfreie Nieten. Eine Universalgr\u00f6\u00dfe. Zwei Breiten: 5 cm (einreihig vernietet) und 6 cm (zweireihig vernietet).<\/p>\n","protected":false},"featured_media":16356,"comment_status":"open","ping_status":"closed","template":"","meta":[],"product_brand":[],"product_cat":[152,169,106],"product_tag":[4398],"class_list":{"0":"post-7002","1":"product","2":"type-product","3":"status-publish","4":"has-post-thumbnail","6":"product_cat-armbaender","7":"product_cat-army-accessoires","8":"product_cat-neu-bei-hml","9":"product_tag-hml-fetish-original","10":"product_shipping_class-paket","12":"first","13":"instock","14":"taxable","15":"shipping-taxable","16":"purchasable","17":"product-type-variable"},"_links":{"self":[{"href":"https:\/\/www.hml-fetish.de\/shop\/wp-json\/wp\/v2\/product\/7002","targetHints":{"allow":["GET"]}}],"collection":[{"href":"https:\/\/www.hml-fetish.de\/shop\/wp-json\/wp\/v2\/product"}],"about":[{"href":"https:\/\/www.hml-fetish.de\/shop\/wp-json\/wp\/v2\/types\/product"}],"replies":[{"embeddable":true,"href":"https:\/\/www.hml-fetish.de\/shop\/wp-json\/wp\/v2\/comments?post=7002"}],"version-history":[{"count":0,"href":"https:\/\/www.hml-fetish.de\/shop\/wp-json\/wp\/v2\/product\/7002\/revisions"}],"wp:featuredmedia":[{"embeddable":true,"href":"https:\/\/www.hml-fetish.de\/shop\/wp-json\/wp\/v2\/media\/16356"}],"wp:attachment":[{"href":"https:\/\/www.hml-fetish.de\/shop\/wp-json\/wp\/v2\/media?parent=7002"}],"wp:term":[{"taxonomy":"product_brand","embeddable":true,"href":"https:\/\/www.hml-fetish.de\/shop\/wp-json\/wp\/v2\/product_brand?post=7002"},{"taxonomy":"product_cat","embeddable":true,"href":"https:\/\/www.hml-fetish.de\/shop\/wp-json\/wp\/v2\/product_cat?post=7002"},{"taxonomy":"product_tag","embeddable":true,"href":"https:\/\/www.hml-fetish.de\/shop\/wp-json\/wp\/v2\/product_tag?post=7002"}],"curies":[{"name":"wp","href":"https:\/\/api.w.org\/{rel}","templated":true}]}}