{"id":6994,"date":"2022-01-23T22:52:24","date_gmt":"2022-01-23T21:52:24","guid":{"rendered":"https:\/\/www.hml-fetish.de\/shop\/?post_type=product&#038;p=6994"},"modified":"2026-01-28T08:21:57","modified_gmt":"2026-01-28T07:21:57","slug":"leder-schirmmuetze-runde-form","status":"publish","type":"product","link":"https:\/\/www.hml-fetish.de\/shop\/leder-schirmmuetze-runde-form\/","title":{"rendered":"Leder Schirmm\u00fctze runde Form"},"content":{"rendered":"<p>Schwarzes, gl\u00e4nzend weiches Leder, aufwendig verarbeitet mit blickdichtem Kunststoffschirm, Schwei\u00dfband und Satinfutter. Selbst der Kinnriemen ist aus Leder. Erh\u00e4ltlich in den Gr\u00f6\u00dfen 55 bis 62 (Hutgr\u00f6\u00dfe = cm Stirnumfang).<\/p>\n<p>Diese M\u00fctze gibt es exklusiv nur von uns und hier in runder Form im Stil der Dienstm\u00fctze, wie sie bei der US Army oder dem Los Angeles Police Department (LAPD) getragen wird.<\/p>\n<p><img decoding=\"async\" title=\"Gr\u00f6\u00dfentabelle\" src=\"\/GIF\/size_MA.gif\" alt=\"Gr\u00f6\u00dfentabelle\" width=\"114\" height=\"164\" border=\"0\" \/><\/p>\n","protected":false},"excerpt":{"rendered":"<h4>Leder Schirmm\u00fctze runde Form<\/h4>\n<p>Schwarzes, gl\u00e4nzend weiches Leder, aufwendig verarbeitet mit blickdichtem Kunststoffschirm, Schwei\u00dfband und Satinfutter. Selbst der Kinnriemen ist aus Leder. Erh\u00e4ltlich in den Gr\u00f6\u00dfen 55 bis 62 (Hutgr\u00f6\u00dfe = cm Stirnumfang).<\/p>\n","protected":false},"featured_media":16752,"comment_status":"open","ping_status":"closed","template":"","meta":[],"product_brand":[],"product_cat":[3787,146,95],"product_tag":[4398],"class_list":{"0":"post-6994","1":"product","2":"type-product","3":"status-publish","4":"has-post-thumbnail","6":"product_cat-muetzen","7":"product_cat-accessoires","8":"product_cat-bestseller","9":"product_tag-hml-fetish-original","10":"product_shipping_class-paket","12":"first","13":"instock","14":"taxable","15":"shipping-taxable","16":"purchasable","17":"product-type-variable"},"_links":{"self":[{"href":"https:\/\/www.hml-fetish.de\/shop\/wp-json\/wp\/v2\/product\/6994","targetHints":{"allow":["GET"]}}],"collection":[{"href":"https:\/\/www.hml-fetish.de\/shop\/wp-json\/wp\/v2\/product"}],"about":[{"href":"https:\/\/www.hml-fetish.de\/shop\/wp-json\/wp\/v2\/types\/product"}],"replies":[{"embeddable":true,"href":"https:\/\/www.hml-fetish.de\/shop\/wp-json\/wp\/v2\/comments?post=6994"}],"version-history":[{"count":0,"href":"https:\/\/www.hml-fetish.de\/shop\/wp-json\/wp\/v2\/product\/6994\/revisions"}],"wp:featuredmedia":[{"embeddable":true,"href":"https:\/\/www.hml-fetish.de\/shop\/wp-json\/wp\/v2\/media\/16752"}],"wp:attachment":[{"href":"https:\/\/www.hml-fetish.de\/shop\/wp-json\/wp\/v2\/media?parent=6994"}],"wp:term":[{"taxonomy":"product_brand","embeddable":true,"href":"https:\/\/www.hml-fetish.de\/shop\/wp-json\/wp\/v2\/product_brand?post=6994"},{"taxonomy":"product_cat","embeddable":true,"href":"https:\/\/www.hml-fetish.de\/shop\/wp-json\/wp\/v2\/product_cat?post=6994"},{"taxonomy":"product_tag","embeddable":true,"href":"https:\/\/www.hml-fetish.de\/shop\/wp-json\/wp\/v2\/product_tag?post=6994"}],"curies":[{"name":"wp","href":"https:\/\/api.w.org\/{rel}","templated":true}]}}