{"id":6984,"date":"2022-01-23T22:52:21","date_gmt":"2022-01-23T21:52:21","guid":{"rendered":"https:\/\/www.hml-fetish.de\/shop\/?post_type=product&#038;p=6984"},"modified":"2026-03-30T09:05:37","modified_gmt":"2026-03-30T07:05:37","slug":"mike-gorden-empath","status":"publish","type":"product","link":"https:\/\/www.hml-fetish.de\/shop\/mike-gorden-empath\/","title":{"rendered":"Mike Gorden &#8211; Empath (Print)"},"content":{"rendered":"<h2>Der Mo\u00edra-Zyklus: Gay-Hardcore<\/h2>\n<h4>Klappentext:<\/h4>\n<p><P>Der ultimative Kick beim Sex \u2013 Paolo Costa ist jung, attraktiv und besitzt eine einzigartige Gabe: Er kann die Gef\u00fchle anderer Menschen sp\u00fcren.<\/P><br \/>\n<P>F\u00fcr Kommissar Torsten J\u00e4ger k\u00f6nnte Paolos besondere F\u00e4higkeit der Schl\u00fcssel zu einer Reihe mysteri\u00f6ser Vermisstenf\u00e4lle sein. Doch je tiefer er in den Fall eintaucht, desto klarer erkennt er, dass der ihm mit Absicht zugeschanzt wurde.<\/P><br \/>\n<P>Als unter seinen Augen eine weitere Person verschwindet, deren Profil so gar nicht zu den anderen Verschwundenen passt, und Leichen mit Folterspuren auftauchen, beginnt eine nervenzerfetzende Jagd, in der die Grenzen zwischen Gut und B\u00f6se verschwimmen.<\/P><br \/>\n<iframe width=\"560\" height=\"315\" src=\"https:\/\/www.youtube.com\/embed\/NMfSz_r5i5o?si=yNLpUFFGeZ-pYjoL\" title=\"YouTube video player\" frameborder=\"0\" allow=\"accelerometer; autoplay; clipboard-write; encrypted-media; gyroscope; picture-in-picture; web-share\" referrerpolicy=\"strict-origin-when-cross-origin\" allowfullscreen><\/iframe><\/p>\n<h3><a title=\"Darum geht&#039;s in \u00bbEmpath\u00ab:\" href=\"https:\/\/www.mikegorden.de\/web\/empath\/\" target=\"_blank\" rel=\"noopener\">Darum geht&#8217;s in diesem Buch:<\/a><\/h3>\n<p><P>Paolo ist der ideale Escort und erf\u00fcllt seine Aufgabe mit Leidenschaft. Wenn Du ihm zusiehst, wie er durch seine angeborene Begabung aus jedem seiner Kunden das \u00e4u\u00dferste an Geilheit herauskitzelt, ehe er ihn zum H\u00f6hepunkt f\u00fchrt, wirst Du Dir w\u00fcnschen, Du k\u00f6nntest ihn ebenfalls buchen.<\/P><br \/>\n<P>Im Verlauf der Geschichte entwickelt sich Paolo von einem Jugendlichen zu einem Erwachsenen, schlie\u00dft Freundschaften und lernt, was Verantwortung bedeutet. Dann ger\u00e4t er in den Kampf zweier m\u00e4chtiger Organisationen und auch die Polizei will ein W\u00f6rtchen mitreden.<\/P><br \/>\n<P>Ein engagierter Kommissar setzt sich auf seine Spur. Die Ereignisse beschleunigen sich und Paolo mu\u00df lernen, da\u00df nicht alles, was beiden Spa\u00df macht, auch zwangsl\u00e4ufig erlaubt ist.<\/P><br \/>\n<P><b>\u00bbEmpath\u00ab ist ein Experiment. Das Spin-off aus dem \u00bbMo\u00edra Zyklus\u00ab beschreibt detailliert harten, kompromi\u00dflosen, schwulen Sex zwischen erwachsenen M\u00e4nnern und enth\u00e4lt auch BDSM-Szenen. <strong> Diese Handlung ist integraler Teil einer spannenden und vielschichtigen Geschichte. <\/strong>Nicht weniger, aber auch nicht mehr.<\/b><\/P><br \/>\n<P>Dieser Roman ist Hardcore. Deshalb versenden wir ihn nur mit Alterscheck!<\/P><br \/>\n<P>Autor: Mike Gorden<BR\/><br \/>\nZweite Auflage<BR\/><br \/>\n<a href=\"https:\/\/www.hml-verlag.de\/\" target=\"_blank\" rel=\"noopener\">HML Verlag<\/a> 2024<BR\/><br \/>\n(Erste Auflage 2021)<BR\/><br \/>\nFormat: 12,5 cm x 19 cm.<BR\/><br \/>\nSprache: Deutsch<BR\/><br \/>\n560 Seiten; Paperback<BR\/><br \/>\nISBN 978-3-96851-010-1<BR\/><br \/>\nPreis: 34,99 \u20ac<\/P><br \/>\n<P>Der Autor arbeitet vor Ort! Falls Du eine pers\u00f6nliche Widmung von ihm in Dein neues Buch haben m\u00f6chtest, schreibe den Text bitte beim Auschecken Deiner Bestellung in das Feld \u00bbKommentare\u00ab.<\/P><br \/>\n<P>Bluesky: <a title=\"Mike Gorden Autor\" href=\"https:\/\/bsky.app\/profile\/mikegorden.bsky.social\" target=\"_blank\" rel=\"noopener\">https:\/\/bsky.app\/profile\/mikegorden.bsky.social<\/a><\/P><br \/>\n<P>Mastodon: <a title=\"Mike Gorden Autor\" href=\"https:\/\/lsbt.me\/@MikeGorden\" target=\"_blank\" rel=\"noopener\">https:\/\/lsbt.me\/@MikeGorden<\/a><\/P><br \/>\n<P>Patreon: <a title=\"Mike Gorden Autor\" href=\"https:\/\/www.patreon.com\/c\/MikeGordenAuthor\" target=\"_blank\" rel=\"noopener\">https:\/\/www.patreon.com\/c\/MikeGordenAuthor<\/a><\/P><\/p>\n","protected":false},"excerpt":{"rendered":"<h4>Mike Gorden: Empath (Print), ein Roman aus dem Mo\u00edra-Universum.<\/h4>\n<p><b>Klappentext<\/b><\/p>\n<p><P>Der ultimative Kick beim Sex \u2013 Paolo Costa ist jung, attraktiv und besitzt eine einzigartige Gabe: Er kann die Gef\u00fchle anderer Menschen sp\u00fcren.<\/P><br \/>\n<P>F\u00fcr Kommissar Torsten J\u00e4ger k\u00f6nnte Paolos besondere F\u00e4higkeit der Schl\u00fcssel zu einer Reihe mysteri\u00f6ser Vermisstenf\u00e4lle sein. Doch je tiefer er in den Fall eintaucht, desto klarer erkennt er, dass der ihm mit Absicht zugeschanzt wurde.<\/P><br \/>\n<P>Als unter seinen Augen eine weitere Person verschwindet, deren Profil so gar nicht zu den anderen Verschwundenen passt, und Leichen mit Folterspuren auftauchen, beginnt eine nervenzerfetzende Jagd, in der die Grenzen zwischen Gut und B\u00f6se verschwimmen.<\/P><br \/>\n<P>Zweite, \u00fcberarbeitete, erg\u00e4nzte und erweiterte Auflage mit einem Bonuskapitel.<\/P><br \/>\n<P><B>Bestelle B\u00fccher versandkostenfrei mit dem Gutscheincode &#8220;versandkostenfrei-b\u00fccher&#8221;!<\/B><\/P><br \/>\n<P><B>EBook auch hier kaufen:<\/B><\/P><br \/>\n<P>Thalia: https:\/\/www.thalia.de\/shop\/home\/artikeldetails\/A1071340158<\/P><\/p>\n","protected":false},"featured_media":16957,"comment_status":"open","ping_status":"closed","template":"","meta":[],"product_brand":[],"product_cat":[109,123,95,124],"product_tag":[4392,4398],"class_list":{"0":"post-6984","1":"product","2":"type-product","3":"status-publish","4":"has-post-thumbnail","6":"product_cat-autorenecke-mike-gorden","7":"product_cat-adult","8":"product_cat-bestseller","9":"product_cat-buecher-kalender","10":"product_tag-bestseller-zubehoer","11":"product_tag-hml-fetish-original","12":"product_shipping_class-erwachsen","14":"first","15":"instock","16":"sale","17":"taxable","18":"shipping-taxable","19":"purchasable","20":"product-type-variable"},"_links":{"self":[{"href":"https:\/\/www.hml-fetish.de\/shop\/wp-json\/wp\/v2\/product\/6984","targetHints":{"allow":["GET"]}}],"collection":[{"href":"https:\/\/www.hml-fetish.de\/shop\/wp-json\/wp\/v2\/product"}],"about":[{"href":"https:\/\/www.hml-fetish.de\/shop\/wp-json\/wp\/v2\/types\/product"}],"replies":[{"embeddable":true,"href":"https:\/\/www.hml-fetish.de\/shop\/wp-json\/wp\/v2\/comments?post=6984"}],"version-history":[{"count":1,"href":"https:\/\/www.hml-fetish.de\/shop\/wp-json\/wp\/v2\/product\/6984\/revisions"}],"predecessor-version":[{"id":39714,"href":"https:\/\/www.hml-fetish.de\/shop\/wp-json\/wp\/v2\/product\/6984\/revisions\/39714"}],"wp:featuredmedia":[{"embeddable":true,"href":"https:\/\/www.hml-fetish.de\/shop\/wp-json\/wp\/v2\/media\/16957"}],"wp:attachment":[{"href":"https:\/\/www.hml-fetish.de\/shop\/wp-json\/wp\/v2\/media?parent=6984"}],"wp:term":[{"taxonomy":"product_brand","embeddable":true,"href":"https:\/\/www.hml-fetish.de\/shop\/wp-json\/wp\/v2\/product_brand?post=6984"},{"taxonomy":"product_cat","embeddable":true,"href":"https:\/\/www.hml-fetish.de\/shop\/wp-json\/wp\/v2\/product_cat?post=6984"},{"taxonomy":"product_tag","embeddable":true,"href":"https:\/\/www.hml-fetish.de\/shop\/wp-json\/wp\/v2\/product_tag?post=6984"}],"curies":[{"name":"wp","href":"https:\/\/api.w.org\/{rel}","templated":true}]}}