{"id":6974,"date":"2022-01-23T22:51:58","date_gmt":"2022-01-23T21:51:58","guid":{"rendered":"https:\/\/www.hml-fetish.de\/shop\/?post_type=product&#038;p=6974"},"modified":"2025-12-03T17:24:15","modified_gmt":"2025-12-03T16:24:15","slug":"kunstleder-puppy-maske","status":"publish","type":"product","link":"https:\/\/www.hml-fetish.de\/shop\/kunstleder-puppy-maske\/","title":{"rendered":"Kunstleder Puppy Maske"},"content":{"rendered":"<p>Eine schlichte Hunde-Maske aus weichem und dehnbarem, schwarzen Kunstleder. Die Schnauze ist hochklappbar, so dass dein Welpe mit Strohhalm trinken und manche besonderen Leckerlis besser aufnehmen kann. Kombiniere sie mit einem unserer Bulldog-Harnesse, damit du den Hund an der Leine ausf\u00fchren kannst. Tr\u00e4gt er noch dazu einen Puppy Plug, f\u00e4llt er auf der Stra\u00dfe kaum noch auf. Drei Farbkombinationen: schwarz auf schwarz, rot auf schwarz und blau auf schwarz. Eine Universalgr\u00f6\u00dfe, hinten verstellbar.<\/p>\n","protected":false},"excerpt":{"rendered":"<h4>Kunstleder Puppy Maske<\/h4>\n<p>Eine schlichte Hundemaske aus weichem und dehnbarem, schwarzen Kunstleder. Die Schnauze ist hochklappbar, so dass dein Welpe mit Strohhalm trinken und manche besonderen Leckerlis besser aufnehmen kann. Kombiniere sie mit einem unserer Bulldog-Harnesse, damit du den Hund an der Leine ausf\u00fchren kannst. Tr\u00e4gt er noch dazu einen Puppy Plug, f\u00e4llt er auf der Stra\u00dfe kaum noch auf.<\/p>\n","protected":false},"featured_media":38994,"comment_status":"open","ping_status":"closed","template":"","meta":[],"product_brand":[],"product_cat":[143,138,106],"product_tag":[],"class_list":{"0":"post-6974","1":"product","2":"type-product","3":"status-publish","4":"has-post-thumbnail","6":"product_cat-petplay","7":"product_cat-masken-etc","8":"product_cat-neu-bei-hml","9":"product_shipping_class-paket","11":"first","12":"instock","13":"taxable","14":"shipping-taxable","15":"purchasable","16":"product-type-variable"},"_links":{"self":[{"href":"https:\/\/www.hml-fetish.de\/shop\/wp-json\/wp\/v2\/product\/6974","targetHints":{"allow":["GET"]}}],"collection":[{"href":"https:\/\/www.hml-fetish.de\/shop\/wp-json\/wp\/v2\/product"}],"about":[{"href":"https:\/\/www.hml-fetish.de\/shop\/wp-json\/wp\/v2\/types\/product"}],"replies":[{"embeddable":true,"href":"https:\/\/www.hml-fetish.de\/shop\/wp-json\/wp\/v2\/comments?post=6974"}],"version-history":[{"count":0,"href":"https:\/\/www.hml-fetish.de\/shop\/wp-json\/wp\/v2\/product\/6974\/revisions"}],"wp:featuredmedia":[{"embeddable":true,"href":"https:\/\/www.hml-fetish.de\/shop\/wp-json\/wp\/v2\/media\/38994"}],"wp:attachment":[{"href":"https:\/\/www.hml-fetish.de\/shop\/wp-json\/wp\/v2\/media?parent=6974"}],"wp:term":[{"taxonomy":"product_brand","embeddable":true,"href":"https:\/\/www.hml-fetish.de\/shop\/wp-json\/wp\/v2\/product_brand?post=6974"},{"taxonomy":"product_cat","embeddable":true,"href":"https:\/\/www.hml-fetish.de\/shop\/wp-json\/wp\/v2\/product_cat?post=6974"},{"taxonomy":"product_tag","embeddable":true,"href":"https:\/\/www.hml-fetish.de\/shop\/wp-json\/wp\/v2\/product_tag?post=6974"}],"curies":[{"name":"wp","href":"https:\/\/api.w.org\/{rel}","templated":true}]}}