{"id":6972,"date":"2022-01-23T22:51:57","date_gmt":"2022-01-23T21:51:57","guid":{"rendered":"https:\/\/www.hml-fetish.de\/shop\/?post_type=product&#038;p=6972"},"modified":"2026-02-10T17:19:44","modified_gmt":"2026-02-10T16:19:44","slug":"leder-maske-mit-abschliessbarem-halsband","status":"publish","type":"product","link":"https:\/\/www.hml-fetish.de\/shop\/leder-maske-mit-abschliessbarem-halsband\/","title":{"rendered":"Leder-Maske mit abschlie\u00dfbarem Halsband"},"content":{"rendered":"<p>Stabiles und gleichzeitig leicht dehnbares Leder, m\u00f6glichst wenige N\u00e4hte f\u00fcr m\u00f6glichst wenige Druckstellen und eine optimale Abbildung der Kopfform. So ist im wesentlichen die Aufgabenstellung an die Konstruktion einer guten Ledermaske. Wir denken, dieses Modell kommt einer perfekten L\u00f6sung sehr nahe.<\/p>\n<p>Diese Leder-Vollmaske gibt es hier mit Rei\u00dfverschlu\u00df und mit abschlie\u00dfbarem Halsband inklusive Vorh\u00e4ngeschlo\u00df. Am Lager in den Gr\u00f6\u00dfen S, M, L und XL.<\/p>\n<p><img decoding=\"async\" title=\"MAK-LEDER Maskengr\u00f6\u00dfen\" src=\"\/GIF\/size_MA.gif\" alt=\"MAK-LEDER Maskengr\u00f6\u00dfen\" width=\"114\" height=\"164\" border=\"0\" \/><\/p>\n","protected":false},"excerpt":{"rendered":"<h4>Leder-Maske mit abschlie\u00dfbarem Halsband<\/h4>\n<p>Stabiles und gleichzeitig leicht dehnbares Leder, m\u00f6glichst wenige N\u00e4hte f\u00fcr m\u00f6glichst wenige Druckstellen und eine optimale Abbildung der Kopfform. So ist im wesentlichen die Aufgabenstellung an die Konstruktion einer guten Leder Maske. Wir denken, dieses Modell kommt einer perfekten L\u00f6sung sehr nahe.<\/p>\n","protected":false},"featured_media":17153,"comment_status":"open","ping_status":"closed","template":"","meta":[],"product_brand":[],"product_cat":[138,132],"product_tag":[4418,4398],"class_list":{"0":"post-6972","1":"product","2":"type-product","3":"status-publish","4":"has-post-thumbnail","6":"product_cat-masken-etc","7":"product_cat-dungeon","8":"product_tag-breath-control","9":"product_tag-hml-fetish-original","10":"product_shipping_class-paket","12":"first","13":"instock","14":"taxable","15":"shipping-taxable","16":"purchasable","17":"product-type-variable"},"_links":{"self":[{"href":"https:\/\/www.hml-fetish.de\/shop\/wp-json\/wp\/v2\/product\/6972","targetHints":{"allow":["GET"]}}],"collection":[{"href":"https:\/\/www.hml-fetish.de\/shop\/wp-json\/wp\/v2\/product"}],"about":[{"href":"https:\/\/www.hml-fetish.de\/shop\/wp-json\/wp\/v2\/types\/product"}],"replies":[{"embeddable":true,"href":"https:\/\/www.hml-fetish.de\/shop\/wp-json\/wp\/v2\/comments?post=6972"}],"version-history":[{"count":0,"href":"https:\/\/www.hml-fetish.de\/shop\/wp-json\/wp\/v2\/product\/6972\/revisions"}],"wp:featuredmedia":[{"embeddable":true,"href":"https:\/\/www.hml-fetish.de\/shop\/wp-json\/wp\/v2\/media\/17153"}],"wp:attachment":[{"href":"https:\/\/www.hml-fetish.de\/shop\/wp-json\/wp\/v2\/media?parent=6972"}],"wp:term":[{"taxonomy":"product_brand","embeddable":true,"href":"https:\/\/www.hml-fetish.de\/shop\/wp-json\/wp\/v2\/product_brand?post=6972"},{"taxonomy":"product_cat","embeddable":true,"href":"https:\/\/www.hml-fetish.de\/shop\/wp-json\/wp\/v2\/product_cat?post=6972"},{"taxonomy":"product_tag","embeddable":true,"href":"https:\/\/www.hml-fetish.de\/shop\/wp-json\/wp\/v2\/product_tag?post=6972"}],"curies":[{"name":"wp","href":"https:\/\/api.w.org\/{rel}","templated":true}]}}