{"id":6968,"date":"2022-01-23T22:51:56","date_gmt":"2022-01-23T21:51:56","guid":{"rendered":"https:\/\/www.hml-fetish.de\/shop\/?post_type=product&#038;p=6968"},"modified":"2022-06-26T12:35:56","modified_gmt":"2022-06-26T10:35:56","slug":"gesichtsmaske-aus-perforiertem-leder","status":"publish","type":"product","link":"https:\/\/www.hml-fetish.de\/shop\/gesichtsmaske-aus-perforiertem-leder\/","title":{"rendered":"Gesichtsmaske aus perforiertem Leder"},"content":{"rendered":"<p>Dieser Leder-Mundschutz ist aus 1,1 mm dickem, perforiertem Rindleder gefertigt und innen mit dichtem, blauem Baumwollstoff gef\u00fcttert. Der Stoff ist zweilagig, damit Du dazwischen ein Papiertaschentuch oder ein Blatt K\u00fcchenrolle zum Wechseln legen kannst. Nat\u00fcrlich gibt dieser Mundschutz keine Sicherheit vor Viren, aber bekanntlich regt ein St\u00fcck Leder die Phantasie an, wenn es dicht \u00fcber Mund und Nase liegt! Und ob drau\u00dfen oder drinnen, genie\u00dfe den geilen Ledergeruch, vergi\u00df f\u00fcr einen Moment alles, was die Welt bewegt und la\u00df Dich von Deinen Gef\u00fchlen treiben.<\/p>\n<p>Bei dieser Maske handelt es sich um einen der vielen Exklusiv-Artikel, die Du nur bei uns bekommst! Der Mundbereich ist ca. 10-15 cm x 20 cm hoch und breit.<\/p>\n","protected":false},"excerpt":{"rendered":"<h4>Gesichtsmaske aus perforiertem Leder<\/h4>\n<p>Dieser Mundschutz ist aus 1,1 mm dickem, perforiertem Rindleder gefertigt und innen mit dichtem, blauem Baumwollstoff gef\u00fcttert. Der Stoff ist zweilagig, damit Du dazwischen ein Papiertaschentuch oder ein Blatt K\u00fcchenrolle zum Wechseln legen kannst.<\/p>\n","protected":false},"featured_media":17303,"comment_status":"open","ping_status":"closed","template":"","meta":[],"product_brand":[],"product_cat":[138,95,127],"product_tag":[1977,4398],"class_list":{"0":"post-6968","1":"product","2":"type-product","3":"status-publish","4":"has-post-thumbnail","6":"product_cat-masken-etc","7":"product_cat-bestseller","8":"product_cat-diverses","9":"product_tag-corona-maske-leder","10":"product_tag-hml-fetish-original","11":"product_shipping_class-brief","13":"first","14":"instock","15":"taxable","16":"shipping-taxable","17":"purchasable","18":"product-type-simple"},"_links":{"self":[{"href":"https:\/\/www.hml-fetish.de\/shop\/wp-json\/wp\/v2\/product\/6968","targetHints":{"allow":["GET"]}}],"collection":[{"href":"https:\/\/www.hml-fetish.de\/shop\/wp-json\/wp\/v2\/product"}],"about":[{"href":"https:\/\/www.hml-fetish.de\/shop\/wp-json\/wp\/v2\/types\/product"}],"replies":[{"embeddable":true,"href":"https:\/\/www.hml-fetish.de\/shop\/wp-json\/wp\/v2\/comments?post=6968"}],"version-history":[{"count":0,"href":"https:\/\/www.hml-fetish.de\/shop\/wp-json\/wp\/v2\/product\/6968\/revisions"}],"wp:featuredmedia":[{"embeddable":true,"href":"https:\/\/www.hml-fetish.de\/shop\/wp-json\/wp\/v2\/media\/17303"}],"wp:attachment":[{"href":"https:\/\/www.hml-fetish.de\/shop\/wp-json\/wp\/v2\/media?parent=6968"}],"wp:term":[{"taxonomy":"product_brand","embeddable":true,"href":"https:\/\/www.hml-fetish.de\/shop\/wp-json\/wp\/v2\/product_brand?post=6968"},{"taxonomy":"product_cat","embeddable":true,"href":"https:\/\/www.hml-fetish.de\/shop\/wp-json\/wp\/v2\/product_cat?post=6968"},{"taxonomy":"product_tag","embeddable":true,"href":"https:\/\/www.hml-fetish.de\/shop\/wp-json\/wp\/v2\/product_tag?post=6968"}],"curies":[{"name":"wp","href":"https:\/\/api.w.org\/{rel}","templated":true}]}}