{"id":6960,"date":"2022-01-23T22:51:54","date_gmt":"2022-01-23T21:51:54","guid":{"rendered":"https:\/\/www.hml-fetish.de\/shop\/?post_type=product&#038;p=6960"},"modified":"2026-01-30T10:21:27","modified_gmt":"2026-01-30T09:21:27","slug":"ledermaske","status":"publish","type":"product","link":"https:\/\/www.hml-fetish.de\/shop\/ledermaske\/","title":{"rendered":"Ledermaske"},"content":{"rendered":"<p>Den Grundschnitt unserer High-End Vollmaske haben wir in eine g\u00fcnstige Version transformiert. Mit offener Schn\u00fcrung am Hinterkopf sowie mit Augen-, Nasen- und Mund\u00f6ffnung (und selbstverst\u00e4ndlich der hinterlegten Augen- und Mundpartie).<br \/>\n<BR>Wir verwenden hierf\u00fcr 1,1 mm dickes Rindnappa mit matt gl\u00e4nzender Oberfl\u00e4che, leichter Narbung und sehr weichem Griff. Auch diese Maske wird sich hervorragend an Deine Kopfform anpassen!<br \/>\n<BR>Wir haben zwei Gr\u00f6\u00dfen f\u00fcr Dich am Lager: Gr\u00f6\u00dfe M f\u00fcr einen Stirnumfang von etwa 54 cm bis 58 cm und Gr\u00f6\u00dfe L f\u00fcr etwa 56 cm bis 60 cm.<br \/>\n<BR><img decoding=\"async\" src=\"\/GIF\/size_MA.gif\" alt=\"Gr\u00f6\u00dfentabelle\" title=\"Gr\u00f6\u00dfentabelle\" border=\"0\" height=\"164\" width=\"114\"><\/p>\n","protected":false},"excerpt":{"rendered":"<h4>Ledermaske<\/h4>\n<p>Den Grundschnitt unserer High-End Voll-Maske haben wir in eine g\u00fcnstige Version transformiert. Mit offener Schn\u00fcrung am Hinterkopf sowie mit Augen-, Nasen- und Mund\u00f6ffnung (und selbstverst\u00e4ndlich der hinterlegten Augen- und Mundpartie).<\/p>\n","protected":false},"featured_media":17503,"comment_status":"open","ping_status":"closed","template":"","meta":[],"product_brand":[],"product_cat":[138,108],"product_tag":[],"class_list":{"0":"post-6960","1":"product","2":"type-product","3":"status-publish","4":"has-post-thumbnail","6":"product_cat-masken-etc","7":"product_cat-restposten-einzelstuecke","8":"product_shipping_class-paket","10":"first","11":"instock","12":"sale","13":"taxable","14":"shipping-taxable","15":"purchasable","16":"product-type-variable"},"_links":{"self":[{"href":"https:\/\/www.hml-fetish.de\/shop\/wp-json\/wp\/v2\/product\/6960","targetHints":{"allow":["GET"]}}],"collection":[{"href":"https:\/\/www.hml-fetish.de\/shop\/wp-json\/wp\/v2\/product"}],"about":[{"href":"https:\/\/www.hml-fetish.de\/shop\/wp-json\/wp\/v2\/types\/product"}],"replies":[{"embeddable":true,"href":"https:\/\/www.hml-fetish.de\/shop\/wp-json\/wp\/v2\/comments?post=6960"}],"version-history":[{"count":0,"href":"https:\/\/www.hml-fetish.de\/shop\/wp-json\/wp\/v2\/product\/6960\/revisions"}],"wp:featuredmedia":[{"embeddable":true,"href":"https:\/\/www.hml-fetish.de\/shop\/wp-json\/wp\/v2\/media\/17503"}],"wp:attachment":[{"href":"https:\/\/www.hml-fetish.de\/shop\/wp-json\/wp\/v2\/media?parent=6960"}],"wp:term":[{"taxonomy":"product_brand","embeddable":true,"href":"https:\/\/www.hml-fetish.de\/shop\/wp-json\/wp\/v2\/product_brand?post=6960"},{"taxonomy":"product_cat","embeddable":true,"href":"https:\/\/www.hml-fetish.de\/shop\/wp-json\/wp\/v2\/product_cat?post=6960"},{"taxonomy":"product_tag","embeddable":true,"href":"https:\/\/www.hml-fetish.de\/shop\/wp-json\/wp\/v2\/product_tag?post=6960"}],"curies":[{"name":"wp","href":"https:\/\/api.w.org\/{rel}","templated":true}]}}