{"id":6950,"date":"2022-01-23T22:51:51","date_gmt":"2022-01-23T21:51:51","guid":{"rendered":"https:\/\/www.hml-fetish.de\/shop\/?post_type=product&#038;p=6950"},"modified":"2025-02-21T14:01:01","modified_gmt":"2025-02-21T13:01:01","slug":"schluesselanhaenger-gummi-gratis","status":"publish","type":"product","link":"https:\/\/www.hml-fetish.de\/shop\/schluesselanhaenger-gummi-gratis\/","title":{"rendered":"Schl\u00fcsselanh\u00e4nger Gummi gratis"},"content":{"rendered":"<p>Dieser Anh\u00e4nger zeigt klar die Solidarit\u00e4t mit den an HIV erkrankten Mitgliedern unserer Gemeinschaft und ist etwa 30 x 60 mm gro\u00df.<\/p>\n<p>Diese Anh\u00e4nger gibt es in folgenden Versionen: als Red-Ribbon und als Rainbow-Ribbon. Die Ausf\u00fchrung dieser Schl\u00fcsselanh\u00e4nger ist in Gummi(!)<\/p>\n","protected":false},"excerpt":{"rendered":"<h4>Schl\u00fcsselanh\u00e4nger Gummi gratis<\/h4>\n<p>Dieser Anh\u00e4nger zeigt klar die Solidarit\u00e4t mit den an HIV erkrankten Mitgliedern unserer Gemeinschaft und ist etwa 30 x 60 mm gro\u00df.<\/p>\n","protected":false},"featured_media":17641,"comment_status":"open","ping_status":"closed","template":"","meta":[],"product_brand":[],"product_cat":[104],"product_tag":[],"class_list":{"0":"post-6950","1":"product","2":"type-product","3":"status-publish","4":"has-post-thumbnail","6":"product_cat-gratis-bei-bestellung","7":"product_shipping_class-brief","9":"first","10":"instock","11":"sale","12":"sold-individually","13":"taxable","14":"shipping-taxable","15":"purchasable","16":"product-type-variable"},"_links":{"self":[{"href":"https:\/\/www.hml-fetish.de\/shop\/wp-json\/wp\/v2\/product\/6950","targetHints":{"allow":["GET"]}}],"collection":[{"href":"https:\/\/www.hml-fetish.de\/shop\/wp-json\/wp\/v2\/product"}],"about":[{"href":"https:\/\/www.hml-fetish.de\/shop\/wp-json\/wp\/v2\/types\/product"}],"replies":[{"embeddable":true,"href":"https:\/\/www.hml-fetish.de\/shop\/wp-json\/wp\/v2\/comments?post=6950"}],"version-history":[{"count":0,"href":"https:\/\/www.hml-fetish.de\/shop\/wp-json\/wp\/v2\/product\/6950\/revisions"}],"wp:featuredmedia":[{"embeddable":true,"href":"https:\/\/www.hml-fetish.de\/shop\/wp-json\/wp\/v2\/media\/17641"}],"wp:attachment":[{"href":"https:\/\/www.hml-fetish.de\/shop\/wp-json\/wp\/v2\/media?parent=6950"}],"wp:term":[{"taxonomy":"product_brand","embeddable":true,"href":"https:\/\/www.hml-fetish.de\/shop\/wp-json\/wp\/v2\/product_brand?post=6950"},{"taxonomy":"product_cat","embeddable":true,"href":"https:\/\/www.hml-fetish.de\/shop\/wp-json\/wp\/v2\/product_cat?post=6950"},{"taxonomy":"product_tag","embeddable":true,"href":"https:\/\/www.hml-fetish.de\/shop\/wp-json\/wp\/v2\/product_tag?post=6950"}],"curies":[{"name":"wp","href":"https:\/\/api.w.org\/{rel}","templated":true}]}}