{"id":6945,"date":"2022-01-23T22:51:31","date_gmt":"2022-01-23T21:51:31","guid":{"rendered":"https:\/\/www.hml-fetish.de\/shop\/?post_type=product&#038;p=6945"},"modified":"2022-03-31T14:35:02","modified_gmt":"2022-03-31T12:35:02","slug":"schluesselanhaenger-emaille","status":"publish","type":"product","link":"https:\/\/www.hml-fetish.de\/shop\/schluesselanhaenger-emaille\/","title":{"rendered":"Schl\u00fcsselanh\u00e4nger Emaille"},"content":{"rendered":"<p>Dieser Anh\u00e4nger zeigt klar die Solidarit\u00e4t mit den an HIV erkrankten Mitgliedern unserer Gemeinschaft und ist etwa 30 x 50 mm gro\u00df.<\/p>\n<p>Diese Anh\u00e4nger gibt es in folgenden Versionen: als Red-Rainbow-Ribbon (Regenbogen auf einer H\u00e4lfte des Anh\u00e4ngers abgebildet) und als Rainbow-Ribbon. Die Ausf\u00fchrung dieser Schl\u00fcsselanh\u00e4nger ist in Soft-Emaille \u2013 d\u00fcnne Metallkonturen trennen alle Farben.<\/p>\n","protected":false},"excerpt":{"rendered":"<h4>Schl\u00fcsselanh\u00e4nger Emaille<\/h4>\n<p>Dieser Anh\u00e4nger zeigt klar die Solidarit\u00e4t mit den an HIV erkrankten Mitgliedern unserer Gemeinschaft und ist etwa 30 x 50 mm gro\u00df.<\/p>\n","protected":false},"featured_media":17699,"comment_status":"open","ping_status":"closed","template":"","meta":[],"product_brand":[],"product_cat":[129,125],"product_tag":[],"class_list":{"0":"post-6945","1":"product","2":"type-product","3":"status-publish","4":"has-post-thumbnail","6":"product_cat-hanky-code","7":"product_cat-gay-pride","8":"product_shipping_class-brief","10":"first","11":"instock","12":"taxable","13":"shipping-taxable","14":"purchasable","15":"product-type-variable"},"_links":{"self":[{"href":"https:\/\/www.hml-fetish.de\/shop\/wp-json\/wp\/v2\/product\/6945","targetHints":{"allow":["GET"]}}],"collection":[{"href":"https:\/\/www.hml-fetish.de\/shop\/wp-json\/wp\/v2\/product"}],"about":[{"href":"https:\/\/www.hml-fetish.de\/shop\/wp-json\/wp\/v2\/types\/product"}],"replies":[{"embeddable":true,"href":"https:\/\/www.hml-fetish.de\/shop\/wp-json\/wp\/v2\/comments?post=6945"}],"version-history":[{"count":0,"href":"https:\/\/www.hml-fetish.de\/shop\/wp-json\/wp\/v2\/product\/6945\/revisions"}],"wp:featuredmedia":[{"embeddable":true,"href":"https:\/\/www.hml-fetish.de\/shop\/wp-json\/wp\/v2\/media\/17699"}],"wp:attachment":[{"href":"https:\/\/www.hml-fetish.de\/shop\/wp-json\/wp\/v2\/media?parent=6945"}],"wp:term":[{"taxonomy":"product_brand","embeddable":true,"href":"https:\/\/www.hml-fetish.de\/shop\/wp-json\/wp\/v2\/product_brand?post=6945"},{"taxonomy":"product_cat","embeddable":true,"href":"https:\/\/www.hml-fetish.de\/shop\/wp-json\/wp\/v2\/product_cat?post=6945"},{"taxonomy":"product_tag","embeddable":true,"href":"https:\/\/www.hml-fetish.de\/shop\/wp-json\/wp\/v2\/product_tag?post=6945"}],"curies":[{"name":"wp","href":"https:\/\/api.w.org\/{rel}","templated":true}]}}