{"id":6934,"date":"2022-01-23T22:51:28","date_gmt":"2022-01-23T21:51:28","guid":{"rendered":"https:\/\/www.hml-fetish.de\/shop\/?post_type=product&#038;p=6934"},"modified":"2022-04-01T21:48:10","modified_gmt":"2022-04-01T19:48:10","slug":"pride-pin-16-x-12-mm","status":"publish","type":"product","link":"https:\/\/www.hml-fetish.de\/shop\/pride-pin-16-x-12-mm\/","title":{"rendered":"Pride Pin 16 x 12 mm"},"content":{"rendered":"<p>Der klassische Anstecker f\u00fcr den n\u00e4chsten CSD. Klein und unauff\u00e4llig am Revers Deiner Jacke oder Weste zu befestigen. Diese Anstecker gibt es in folgenden Versionen: Gay-Pride und Leather-Pride.<br \/>\n<BR>Unsere Pins haben einen Gegenstecker, der ein unabsichtliches Herausrutschen der Nadel verhindert. Die Ausf\u00fchrung ist in Soft-Emaille \u2013 d\u00fcnne Metallkonturen trennen alle Farben.<\/p>\n","protected":false},"excerpt":{"rendered":"<h4>Pride Pin 16 x 12 mm<\/h4>\n<p>Der klassische Anstecker f\u00fcr den n\u00e4chsten CSD. Klein und unauff\u00e4llig am Revers Deiner Jacke oder Weste zu befestigen. Diese Anstecker gibt es in folgenden Versionen: Gay-Pride und Leather-Pride.<\/p>\n","protected":false},"featured_media":17846,"comment_status":"open","ping_status":"closed","template":"","meta":[],"product_brand":[],"product_cat":[125],"product_tag":[],"class_list":{"0":"post-6934","1":"product","2":"type-product","3":"status-publish","4":"has-post-thumbnail","6":"product_cat-gay-pride","7":"product_shipping_class-brief","9":"first","10":"instock","11":"taxable","12":"shipping-taxable","13":"purchasable","14":"product-type-variable"},"_links":{"self":[{"href":"https:\/\/www.hml-fetish.de\/shop\/wp-json\/wp\/v2\/product\/6934","targetHints":{"allow":["GET"]}}],"collection":[{"href":"https:\/\/www.hml-fetish.de\/shop\/wp-json\/wp\/v2\/product"}],"about":[{"href":"https:\/\/www.hml-fetish.de\/shop\/wp-json\/wp\/v2\/types\/product"}],"replies":[{"embeddable":true,"href":"https:\/\/www.hml-fetish.de\/shop\/wp-json\/wp\/v2\/comments?post=6934"}],"version-history":[{"count":0,"href":"https:\/\/www.hml-fetish.de\/shop\/wp-json\/wp\/v2\/product\/6934\/revisions"}],"wp:featuredmedia":[{"embeddable":true,"href":"https:\/\/www.hml-fetish.de\/shop\/wp-json\/wp\/v2\/media\/17846"}],"wp:attachment":[{"href":"https:\/\/www.hml-fetish.de\/shop\/wp-json\/wp\/v2\/media?parent=6934"}],"wp:term":[{"taxonomy":"product_brand","embeddable":true,"href":"https:\/\/www.hml-fetish.de\/shop\/wp-json\/wp\/v2\/product_brand?post=6934"},{"taxonomy":"product_cat","embeddable":true,"href":"https:\/\/www.hml-fetish.de\/shop\/wp-json\/wp\/v2\/product_cat?post=6934"},{"taxonomy":"product_tag","embeddable":true,"href":"https:\/\/www.hml-fetish.de\/shop\/wp-json\/wp\/v2\/product_tag?post=6934"}],"curies":[{"name":"wp","href":"https:\/\/api.w.org\/{rel}","templated":true}]}}