{"id":6909,"date":"2022-01-23T22:51:00","date_gmt":"2022-01-23T21:51:00","guid":{"rendered":"https:\/\/www.hml-fetish.de\/shop\/?post_type=product&#038;p=6909"},"modified":"2025-11-24T13:22:42","modified_gmt":"2025-11-24T12:22:42","slug":"leder-fliege","status":"publish","type":"product","link":"https:\/\/www.hml-fetish.de\/shop\/leder-fliege\/","title":{"rendered":"Leder-Fliege"},"content":{"rendered":"<p><P>Krawatten aus feinem, weichem Leder. Jetzt auch als Fliege. Ob Du eine Ausgeh-Uniform tr\u00e4gst, ein Oberhemd oder mit nacktem Oberk\u00f6rper tanzt: Diese Fliege gibt Dir das besondere Etwas! Das Befestigungsband verstellst Du mit Druckkn\u00f6pfen auf Deine Gr\u00f6\u00dfe. Gegebenenfalls kannst Du das Band mit den \u00e4u\u00dferen Kn\u00f6pfen auch k\u00fcrzen.<\/P><br \/>\n<P><B>Produktsicherheit:<\/B><BR><br \/>\nAllergiehinweis: Material Rindleder\/Schafleder, Metallteile mit Hautkontakt sind rost- und nickelfrei<BR><br \/>\nVerantwortliche Person:<BR><br \/>\nHML, Inhaber Dr. Detlef Moller<BR><br \/>\nNeukirchstra\u00dfe 18<BR><br \/>\n28215 Bremen<BR><br \/>\nDeutschland<BR><br \/>\ninfo@hml-fetish.de<\/P><\/p>\n","protected":false},"excerpt":{"rendered":"<h4>Leder-Fliege<\/h4>\n<p>Krawatten aus feinem, weichem Leder. Jetzt auch als Fliege. Ob Du eine Ausgeh-Uniform tr\u00e4gst, ein Oberhemd oder mit nacktem Oberk\u00f6rper tanzt: Diese Fliege gibt Dir das besondere Etwas! Das Befestigungsband verstellst Du mit Druckkn\u00f6pfen auf Deine Gr\u00f6\u00dfe. Gegebenenfalls kannst Du das Band mit den \u00e4u\u00dferen Kn\u00f6pfen auch k\u00fcrzen.<\/p>\n","protected":false},"featured_media":18126,"comment_status":"open","ping_status":"closed","template":"","meta":[],"product_brand":[],"product_cat":[161,151,180,106,105],"product_tag":[4398],"class_list":{"0":"post-6909","1":"product","2":"type-product","3":"status-publish","4":"has-post-thumbnail","6":"product_cat-hemden-westen","7":"product_cat-accessoires-2","8":"product_cat-krawatten","9":"product_cat-neu-bei-hml","10":"product_cat-sonderangebote","11":"product_tag-hml-fetish-original","12":"product_shipping_class-brief","14":"first","15":"instock","16":"taxable","17":"shipping-taxable","18":"purchasable","19":"product-type-variable"},"_links":{"self":[{"href":"https:\/\/www.hml-fetish.de\/shop\/wp-json\/wp\/v2\/product\/6909","targetHints":{"allow":["GET"]}}],"collection":[{"href":"https:\/\/www.hml-fetish.de\/shop\/wp-json\/wp\/v2\/product"}],"about":[{"href":"https:\/\/www.hml-fetish.de\/shop\/wp-json\/wp\/v2\/types\/product"}],"replies":[{"embeddable":true,"href":"https:\/\/www.hml-fetish.de\/shop\/wp-json\/wp\/v2\/comments?post=6909"}],"version-history":[{"count":0,"href":"https:\/\/www.hml-fetish.de\/shop\/wp-json\/wp\/v2\/product\/6909\/revisions"}],"wp:featuredmedia":[{"embeddable":true,"href":"https:\/\/www.hml-fetish.de\/shop\/wp-json\/wp\/v2\/media\/18126"}],"wp:attachment":[{"href":"https:\/\/www.hml-fetish.de\/shop\/wp-json\/wp\/v2\/media?parent=6909"}],"wp:term":[{"taxonomy":"product_brand","embeddable":true,"href":"https:\/\/www.hml-fetish.de\/shop\/wp-json\/wp\/v2\/product_brand?post=6909"},{"taxonomy":"product_cat","embeddable":true,"href":"https:\/\/www.hml-fetish.de\/shop\/wp-json\/wp\/v2\/product_cat?post=6909"},{"taxonomy":"product_tag","embeddable":true,"href":"https:\/\/www.hml-fetish.de\/shop\/wp-json\/wp\/v2\/product_tag?post=6909"}],"curies":[{"name":"wp","href":"https:\/\/api.w.org\/{rel}","templated":true}]}}