{"id":6908,"date":"2022-01-23T22:51:00","date_gmt":"2022-01-23T21:51:00","guid":{"rendered":"https:\/\/www.hml-fetish.de\/shop\/?post_type=product&#038;p=6908"},"modified":"2025-11-24T13:20:41","modified_gmt":"2025-11-24T12:20:41","slug":"leder-krawatte","status":"publish","type":"product","link":"https:\/\/www.hml-fetish.de\/shop\/leder-krawatte\/","title":{"rendered":"Leder Krawatte"},"content":{"rendered":"<p><P>Krawatten aus feinem, weichem Leder. Als schmaler Binder, etwa 5 cm breit und als 9 cm breiter Schlips. Aus einem feinen Leder in Schwarz und in K\u00f6nigsblau sowie auch in Wei\u00df, Rot, Gelb, Oliv und Grau.<\/P><br \/>\n<P>Unsere Krawatten sind fachm\u00e4nnisch gen\u00e4ht, mit Satin gef\u00fcttert und gekrempelt, genau wie es ihr Pendant aus Seide auch ist. Achte auf den feinen Unterschied, denn einfache Leder-Krawatten bestehen oft nur aus einem umgeklebten Streifen Leder.<\/P><br \/>\n<P>Lederkrawatten gleiten weniger und knittern mehr als herk\u00f6mmliche Krawatten. Wir empfehlen, sie nur mit Standard-Knoten (four-in-hand) zu binden.<\/P><\/p>\n<h4>Tutorial: Krawatten binden<\/h4>\n<p><P>Die Krawatte sollte so gebunden sein, da\u00df das breitere Ende etwas oberhalb des G\u00fcrtels endet und das schmale Ende etwa 2 cm k\u00fcrzer ist als das breitere. Das w\u00e4re optimal. Bei einem sehr gro\u00dfen Mann wird das nicht immer gelingen, weil einfach die Krawatte zu kurz ist. Auf jeden Fall sollte sich das breite, vordere Ende des Binders etwa oberhalb des Hosenbundes einpendeln. Das hintere, d\u00fcnne Ende darf hingegen ruhig ein ganzes St\u00fcck weiter oben sein.<\/P><br \/>\n<P>Der einfache Krawattenknoten, oder four-in-hand Knoten, pa\u00dft vor allem zu sportlich-l\u00e4ssiger Kleidung. Er ist leicht zu binden und damit auch f\u00fcr Anf\u00e4nger geeignet.<\/P><br \/>\n<P>Lege Deine Krawatte so um den Hals, da\u00df das breitere Ende rechts liegt. Es mu\u00df l\u00e4nger herunterh\u00e4ngen als das schmalere, so etwa bis knapp unter den Schritt. Das breite Ende mit der rechten Hand fassen und nach links \u00fcber das schmalere Ende legen, das Du mit der linken Hand h\u00e4ltst. Dann das breitere Ende unter das schmalere herumf\u00fchren, so da\u00df es rechts zu liegen kommt. Jetzt das breite Ende nach links \u00fcber den halben Knoten, den Du mit Daumen und Zeigefinger h\u00e4ltst, schieben. Nun das breite Ende mit der linken Hand von unten um das schmale Ende f\u00fchren und nach vorne durchziehen.<\/P><br \/>\n<P>Dann nur noch das breite Ende mit der rechten Hand zwischen die \u00e4u\u00dfere und die darunter liegende Lage des Knotens f\u00fchren und durchschieben. Das schmale Ende der Krawatte festhalten und den Knoten langsam zuziehen. Gegebenenfalls wieder etwas lockern, um die Form zu korrigieren.<\/P><br \/>\n<P><img fetchpriority=\"high\" decoding=\"async\" title=\"Krawattenknoten binden: so gehts\" src=\"\/template\/krawatte.gif\" alt=\"Krawattenknoten binden: so gehts\" width=\"220\" height=\"318\" border=\"0\" \/><\/P><br \/>\n<P><B>Produktsicherheit:<\/B><BR><br \/>\nAllergiehinweis: Material Rindleder\/Schafleder, Metallteile mit Hautkontakt sind rost- und nickelfrei<BR><br \/>\nVerantwortliche Person:<BR><br \/>\nHML, Inhaber Dr. Detlef Moller<BR><br \/>\nNeukirchstra\u00dfe 18<BR><br \/>\n28215 Bremen<BR><br \/>\nDeutschland<BR><br \/>\ninfo@hml-fetish.de<\/P><\/p>\n","protected":false},"excerpt":{"rendered":"<h4>Leder Krawatte<\/h4>\n<p>Krawatten aus feinem, weichem Leder. Als schmaler Binder, etwa 5 cm breit und als 9 cm breiter Schlips. Aus einem feinen Leder in Schwarz und in K\u00f6nigsblau sowie auch in Wei\u00df, Rot, Gelb, Oliv und Grau.<\/p>\n","protected":false},"featured_media":18168,"comment_status":"open","ping_status":"closed","template":"","meta":[],"product_brand":[],"product_cat":[161,151,95,180,105],"product_tag":[4398],"class_list":{"0":"post-6908","1":"product","2":"type-product","3":"status-publish","4":"has-post-thumbnail","6":"product_cat-hemden-westen","7":"product_cat-accessoires-2","8":"product_cat-bestseller","9":"product_cat-krawatten","10":"product_cat-sonderangebote","11":"product_tag-hml-fetish-original","12":"product_shipping_class-paket","14":"first","15":"instock","16":"taxable","17":"shipping-taxable","18":"purchasable","19":"product-type-variable"},"_links":{"self":[{"href":"https:\/\/www.hml-fetish.de\/shop\/wp-json\/wp\/v2\/product\/6908","targetHints":{"allow":["GET"]}}],"collection":[{"href":"https:\/\/www.hml-fetish.de\/shop\/wp-json\/wp\/v2\/product"}],"about":[{"href":"https:\/\/www.hml-fetish.de\/shop\/wp-json\/wp\/v2\/types\/product"}],"replies":[{"embeddable":true,"href":"https:\/\/www.hml-fetish.de\/shop\/wp-json\/wp\/v2\/comments?post=6908"}],"version-history":[{"count":0,"href":"https:\/\/www.hml-fetish.de\/shop\/wp-json\/wp\/v2\/product\/6908\/revisions"}],"wp:featuredmedia":[{"embeddable":true,"href":"https:\/\/www.hml-fetish.de\/shop\/wp-json\/wp\/v2\/media\/18168"}],"wp:attachment":[{"href":"https:\/\/www.hml-fetish.de\/shop\/wp-json\/wp\/v2\/media?parent=6908"}],"wp:term":[{"taxonomy":"product_brand","embeddable":true,"href":"https:\/\/www.hml-fetish.de\/shop\/wp-json\/wp\/v2\/product_brand?post=6908"},{"taxonomy":"product_cat","embeddable":true,"href":"https:\/\/www.hml-fetish.de\/shop\/wp-json\/wp\/v2\/product_cat?post=6908"},{"taxonomy":"product_tag","embeddable":true,"href":"https:\/\/www.hml-fetish.de\/shop\/wp-json\/wp\/v2\/product_tag?post=6908"}],"curies":[{"name":"wp","href":"https:\/\/api.w.org\/{rel}","templated":true}]}}