{"id":6906,"date":"2022-01-23T22:50:59","date_gmt":"2022-01-23T21:50:59","guid":{"rendered":"https:\/\/www.hml-fetish.de\/shop\/?post_type=product&#038;p=6906"},"modified":"2023-07-05T16:01:10","modified_gmt":"2023-07-05T14:01:10","slug":"captain-pin","status":"publish","type":"product","link":"https:\/\/www.hml-fetish.de\/shop\/captain-pin\/","title":{"rendered":"Captain Pin"},"content":{"rendered":"<p>Die bekannten zwei Balken f\u00fcr den Dienstgrad Captain. Solide aus Metall gearbeitet, mit zwei Befestigungsstiften auf der R\u00fcckseite. Erh\u00e4ltlich in gold- und in silberfarben. Du bekommst ein Paar f\u00fcr den Hemdkragen.<\/p>\n","protected":false},"excerpt":{"rendered":"<h4>Captain Pin<\/h4>\n<p>Die bekannten zwei Balken f\u00fcr den Dienstgrad Captain. Solide aus Metall gearbeitet, mit zwei Befestigungsstiften auf der R\u00fcckseite. Erh\u00e4ltlich in gold- und in silberfarben. Du bekommst ein Paar f\u00fcr den Hemdkragen.<\/p>\n","protected":false},"featured_media":18302,"comment_status":"open","ping_status":"closed","template":"","meta":[],"product_brand":[],"product_cat":[149,108],"product_tag":[],"class_list":{"0":"post-6906","1":"product","2":"type-product","3":"status-publish","4":"has-post-thumbnail","6":"product_cat-insignia","7":"product_cat-restposten-einzelstuecke","8":"product_shipping_class-brief","10":"first","11":"instock","12":"taxable","13":"shipping-taxable","14":"purchasable","15":"product-type-variable"},"_links":{"self":[{"href":"https:\/\/www.hml-fetish.de\/shop\/wp-json\/wp\/v2\/product\/6906","targetHints":{"allow":["GET"]}}],"collection":[{"href":"https:\/\/www.hml-fetish.de\/shop\/wp-json\/wp\/v2\/product"}],"about":[{"href":"https:\/\/www.hml-fetish.de\/shop\/wp-json\/wp\/v2\/types\/product"}],"replies":[{"embeddable":true,"href":"https:\/\/www.hml-fetish.de\/shop\/wp-json\/wp\/v2\/comments?post=6906"}],"version-history":[{"count":0,"href":"https:\/\/www.hml-fetish.de\/shop\/wp-json\/wp\/v2\/product\/6906\/revisions"}],"wp:featuredmedia":[{"embeddable":true,"href":"https:\/\/www.hml-fetish.de\/shop\/wp-json\/wp\/v2\/media\/18302"}],"wp:attachment":[{"href":"https:\/\/www.hml-fetish.de\/shop\/wp-json\/wp\/v2\/media?parent=6906"}],"wp:term":[{"taxonomy":"product_brand","embeddable":true,"href":"https:\/\/www.hml-fetish.de\/shop\/wp-json\/wp\/v2\/product_brand?post=6906"},{"taxonomy":"product_cat","embeddable":true,"href":"https:\/\/www.hml-fetish.de\/shop\/wp-json\/wp\/v2\/product_cat?post=6906"},{"taxonomy":"product_tag","embeddable":true,"href":"https:\/\/www.hml-fetish.de\/shop\/wp-json\/wp\/v2\/product_tag?post=6906"}],"curies":[{"name":"wp","href":"https:\/\/api.w.org\/{rel}","templated":true}]}}