{"id":6857,"date":"2022-01-23T22:50:17","date_gmt":"2022-01-23T21:50:17","guid":{"rendered":"https:\/\/www.hml-fetish.de\/shop\/?post_type=product&#038;p=6857"},"modified":"2026-02-10T17:16:56","modified_gmt":"2026-02-10T16:16:56","slug":"jeans-jock","status":"publish","type":"product","link":"https:\/\/www.hml-fetish.de\/shop\/jeans-jock\/","title":{"rendered":"Jeans-Jock"},"content":{"rendered":"<p>Ein Supporter, den es so nur bei HML Fetish gibt. Er ist aus Teilen echter Jeans zusammengesetzt (kein Imitat!) und die N\u00e4hte sind in Handarbeit auf gebraucht getrimmt. So sieht dieser Jock-Strap aus, wie eine ultra-kurze Jeanshose. Der genaue Farbton ist von Hose zu Hose unterschiedlich &#8211; ein Unikat eben. Dieses H\u00f6schen ist ein tolles Accessoire f\u00fcr den Strandurlaub im Sommer oder den Winter am Playa del Ingles!<br \/>\n<BR>Elastikb\u00e4nder sorgen f\u00fcr den strammen Sitz und sind an den Flanken Deines hinteren Einsatzgebietes so angebracht, da\u00df sie einen Push-up Effekt machen. Das formt &#8216;nen netten Knackarsch!<br \/>\n<BR><img decoding=\"async\" src=\"\/GIF\/size_unisex_sp.gif\" alt=\"Gr\u00f6\u00dfentabelle\" title=\"Gr\u00f6\u00dfentabelle\" border=\"0\" height=\"194\" width=\"114\"><\/p>\n","protected":false},"excerpt":{"rendered":"<h4>Jeans-Jock<\/h4>\n<p>Ein Supporter, den es so nur bei HML Fetish gibt. Er ist aus Teilen echter Jeans zusammengesetzt (kein Imitat!) und die N\u00e4hte sind in Handarbeit auf gebraucht getrimmt. So sieht dieser Jock-Strap aus, wie eine ultra-kurze Jeanshose. Der genaue Farbton ist von Hose zu Hose unterschiedlich &#8211; ein Unikat eben. Dieses H\u00f6schen ist ein tolles Accessoire f\u00fcr den Strandurlaub im Sommer oder den Winter am Playa del Ingles!<\/p>\n","protected":false},"featured_media":19269,"comment_status":"open","ping_status":"closed","template":"","meta":[],"product_brand":[],"product_cat":[119],"product_tag":[],"class_list":{"0":"post-6857","1":"product","2":"type-product","3":"status-publish","4":"has-post-thumbnail","6":"product_cat-supporter","7":"product_shipping_class-brief","9":"first","10":"instock","11":"taxable","12":"shipping-taxable","13":"purchasable","14":"product-type-variable"},"_links":{"self":[{"href":"https:\/\/www.hml-fetish.de\/shop\/wp-json\/wp\/v2\/product\/6857","targetHints":{"allow":["GET"]}}],"collection":[{"href":"https:\/\/www.hml-fetish.de\/shop\/wp-json\/wp\/v2\/product"}],"about":[{"href":"https:\/\/www.hml-fetish.de\/shop\/wp-json\/wp\/v2\/types\/product"}],"replies":[{"embeddable":true,"href":"https:\/\/www.hml-fetish.de\/shop\/wp-json\/wp\/v2\/comments?post=6857"}],"version-history":[{"count":0,"href":"https:\/\/www.hml-fetish.de\/shop\/wp-json\/wp\/v2\/product\/6857\/revisions"}],"wp:featuredmedia":[{"embeddable":true,"href":"https:\/\/www.hml-fetish.de\/shop\/wp-json\/wp\/v2\/media\/19269"}],"wp:attachment":[{"href":"https:\/\/www.hml-fetish.de\/shop\/wp-json\/wp\/v2\/media?parent=6857"}],"wp:term":[{"taxonomy":"product_brand","embeddable":true,"href":"https:\/\/www.hml-fetish.de\/shop\/wp-json\/wp\/v2\/product_brand?post=6857"},{"taxonomy":"product_cat","embeddable":true,"href":"https:\/\/www.hml-fetish.de\/shop\/wp-json\/wp\/v2\/product_cat?post=6857"},{"taxonomy":"product_tag","embeddable":true,"href":"https:\/\/www.hml-fetish.de\/shop\/wp-json\/wp\/v2\/product_tag?post=6857"}],"curies":[{"name":"wp","href":"https:\/\/api.w.org\/{rel}","templated":true}]}}