{"id":6804,"date":"2022-01-23T22:49:55","date_gmt":"2022-01-23T21:49:55","guid":{"rendered":"https:\/\/www.hml-fetish.de\/shop\/?post_type=product&#038;p=6804"},"modified":"2025-11-03T17:37:42","modified_gmt":"2025-11-03T16:37:42","slug":"police-handschuh-premium-mit-stulpen-2","status":"publish","type":"product","link":"https:\/\/www.hml-fetish.de\/shop\/police-handschuh-premium-mit-stulpen-2\/","title":{"rendered":"Police-Handschuh PREMIUM mit Stulpen"},"content":{"rendered":"<p>Unsere Leder-Handschuhe f\u00fcr den Au\u00dfeneinsatz. Diese Ausf\u00fchrung besitzt auf dem Handr\u00fccken abgesteppte Ziern\u00e4hte f\u00fcr die besondere Formgebung und enden in 14 cm langen Lederstulpen. Ideal zum Motorradfahren im Sommer, denn sie verhindern, da\u00df Dir der Fahrtwind in die Jacken\u00e4rmel f\u00e4hrt. Aber Du ziehst sie nat\u00fcrlich zum Repr\u00e4sentieren f\u00fcr <a title=\"BLUF - Breeches, Leather and Uniform Fetish\" href=\"https:\/\/www.bluf.com\/\" target=\"_blank\" rel=\"noopener\">den n\u00e4chsten BLUF-Abend<\/a> an. Dieser Handschuh ist aus feinem, weichem Anilinleder gefertigt. Es ist dabei aber wasserabweisend und sehr belastbar. Dieser Handschuh ist ein absolutes must-have f\u00fcr Uniformtr\u00e4ger und Fetischisten. Und Magie tragen sie auch in sich: Einmal \u00fcbergestreift wirst Du sie nie mehr ausziehen wollen!<\/p>\n<p>Wir haben zwei Versionen f\u00fcr Dich am Lager: Du kannst zwischen schwarzen und wei\u00dfen Stulpen w\u00e4hlen. Die mit wei\u00dfen Stulpen tragen die kanadischen Mounties!<\/p>\n<p><img decoding=\"async\" title=\"Gr\u00f6\u00dfentabelle\" src=\"\/GIF\/size_handschuh.gif\" alt=\"Gr\u00f6\u00dfentabelle\" width=\"145\" height=\"192\" border=\"0\" \/><\/p>\n","protected":false},"excerpt":{"rendered":"<h4>Police-Handschuh PREMIUM mit Stulpen<\/h4>\n<p>Unser Handschuh f\u00fcr den Au\u00dfeneinsatz. Diese Ausf\u00fchrung besitzt auf dem Handr\u00fccken abgesteppte Ziern\u00e4hte f\u00fcr die besondere Formgebung und endet in 14 cm langen Lederstulpen. Ideal zum Motorradfahren im Sommer oder zum Repr\u00e4sentieren f\u00fcr den n\u00e4chsten BLUF-Abend. Dieser edle Handschuh ist aus feinem, weichem Anilinleder gefertigt. Es ist dabei aber wasserabweisend und sehr belastbar. Dieser Handschuh ist ein absolutes must-have f\u00fcr Uniformtr\u00e4ger und Fetischisten. Und Magie tragen sie auch in sich: Einmal \u00fcbergestreift wirst Du sie nie mehr ausziehen wollen!<\/p>\n","protected":false},"featured_media":20732,"comment_status":"open","ping_status":"closed","template":"","meta":[],"product_brand":[],"product_cat":[154,146,106],"product_tag":[3290,4398],"class_list":{"0":"post-6804","1":"product","2":"type-product","3":"status-publish","4":"has-post-thumbnail","6":"product_cat-handschuhe","7":"product_cat-accessoires","8":"product_cat-neu-bei-hml","9":"product_tag-bluf-fetisch","10":"product_tag-hml-fetish-original","11":"product_shipping_class-paket","13":"first","14":"instock","15":"taxable","16":"shipping-taxable","17":"purchasable","18":"product-type-variable"},"_links":{"self":[{"href":"https:\/\/www.hml-fetish.de\/shop\/wp-json\/wp\/v2\/product\/6804","targetHints":{"allow":["GET"]}}],"collection":[{"href":"https:\/\/www.hml-fetish.de\/shop\/wp-json\/wp\/v2\/product"}],"about":[{"href":"https:\/\/www.hml-fetish.de\/shop\/wp-json\/wp\/v2\/types\/product"}],"replies":[{"embeddable":true,"href":"https:\/\/www.hml-fetish.de\/shop\/wp-json\/wp\/v2\/comments?post=6804"}],"version-history":[{"count":0,"href":"https:\/\/www.hml-fetish.de\/shop\/wp-json\/wp\/v2\/product\/6804\/revisions"}],"wp:featuredmedia":[{"embeddable":true,"href":"https:\/\/www.hml-fetish.de\/shop\/wp-json\/wp\/v2\/media\/20732"}],"wp:attachment":[{"href":"https:\/\/www.hml-fetish.de\/shop\/wp-json\/wp\/v2\/media?parent=6804"}],"wp:term":[{"taxonomy":"product_brand","embeddable":true,"href":"https:\/\/www.hml-fetish.de\/shop\/wp-json\/wp\/v2\/product_brand?post=6804"},{"taxonomy":"product_cat","embeddable":true,"href":"https:\/\/www.hml-fetish.de\/shop\/wp-json\/wp\/v2\/product_cat?post=6804"},{"taxonomy":"product_tag","embeddable":true,"href":"https:\/\/www.hml-fetish.de\/shop\/wp-json\/wp\/v2\/product_tag?post=6804"}],"curies":[{"name":"wp","href":"https:\/\/api.w.org\/{rel}","templated":true}]}}