{"id":6791,"date":"2022-01-23T22:49:33","date_gmt":"2022-01-23T21:49:33","guid":{"rendered":"https:\/\/www.hml-fetish.de\/shop\/?post_type=product&#038;p=6791"},"modified":"2024-11-25T08:43:09","modified_gmt":"2024-11-25T07:43:09","slug":"profi-handschellen","status":"publish","type":"product","link":"https:\/\/www.hml-fetish.de\/shop\/profi-handschellen\/","title":{"rendered":"Profi-Handschellen"},"content":{"rendered":"<p><P>Qualit\u00e4ts-Handschellen aus Stahl vernickelt. Mit Double-Lock-System und mit zwei Schl\u00fcsseln. Ein Nachbau der Peerless 300. Es sind ordentlich verarbeitete Handschellen zu einem sehr g\u00fcnstigen Preis. Sie sind nicht scharfkantig und relativ bequem zu tragen. Obendrein sind sie sicher arretierbar, indem man &#8211; wie bei den meisten modernen Handschellen &#8211; einen kleinen Stift an der Seite der Schelle mit dem Dorn auf dem Schl\u00fcssel nach innen dr\u00fcckt.<\/P><\/p>\n","protected":false},"excerpt":{"rendered":"<h4>Profi-Handschellen<\/h4>\n<p><P>Qualit\u00e4ts-Handschellen aus Stahl vernickelt. Mit Double-Lock-System und mit zwei Schl\u00fcsseln. Ein Nachbau der Peerless-300. Es sind ordentlich verarbeitete Handschellen zu einem sehr g\u00fcnstigen Preis. Sie sind nicht scharfkantig und relativ bequem zu tragen. Obendrein sind sie sicher arretierbar, indem man &#8211; wie bei den meisten modernen Handschellen &#8211; einen kleinen Stift an der Seite der Schelle mit dem Dorn auf dem Schl\u00fcssel nach innen dr\u00fcckt.<\/P><\/p>\n","protected":false},"featured_media":21032,"comment_status":"open","ping_status":"closed","template":"","meta":[],"product_brand":[],"product_cat":[140,169,95],"product_tag":[],"class_list":{"0":"post-6791","1":"product","2":"type-product","3":"status-publish","4":"has-post-thumbnail","6":"product_cat-stahlfesseln","7":"product_cat-army-accessoires","8":"product_cat-bestseller","9":"product_shipping_class-brief","11":"first","12":"instock","13":"taxable","14":"shipping-taxable","15":"purchasable","16":"product-type-simple"},"_links":{"self":[{"href":"https:\/\/www.hml-fetish.de\/shop\/wp-json\/wp\/v2\/product\/6791","targetHints":{"allow":["GET"]}}],"collection":[{"href":"https:\/\/www.hml-fetish.de\/shop\/wp-json\/wp\/v2\/product"}],"about":[{"href":"https:\/\/www.hml-fetish.de\/shop\/wp-json\/wp\/v2\/types\/product"}],"replies":[{"embeddable":true,"href":"https:\/\/www.hml-fetish.de\/shop\/wp-json\/wp\/v2\/comments?post=6791"}],"version-history":[{"count":0,"href":"https:\/\/www.hml-fetish.de\/shop\/wp-json\/wp\/v2\/product\/6791\/revisions"}],"wp:featuredmedia":[{"embeddable":true,"href":"https:\/\/www.hml-fetish.de\/shop\/wp-json\/wp\/v2\/media\/21032"}],"wp:attachment":[{"href":"https:\/\/www.hml-fetish.de\/shop\/wp-json\/wp\/v2\/media?parent=6791"}],"wp:term":[{"taxonomy":"product_brand","embeddable":true,"href":"https:\/\/www.hml-fetish.de\/shop\/wp-json\/wp\/v2\/product_brand?post=6791"},{"taxonomy":"product_cat","embeddable":true,"href":"https:\/\/www.hml-fetish.de\/shop\/wp-json\/wp\/v2\/product_cat?post=6791"},{"taxonomy":"product_tag","embeddable":true,"href":"https:\/\/www.hml-fetish.de\/shop\/wp-json\/wp\/v2\/product_tag?post=6791"}],"curies":[{"name":"wp","href":"https:\/\/api.w.org\/{rel}","templated":true}]}}