{"id":6790,"date":"2022-01-23T22:49:33","date_gmt":"2022-01-23T21:49:33","guid":{"rendered":"https:\/\/www.hml-fetish.de\/shop\/?post_type=product&#038;p=6790"},"modified":"2022-04-23T11:51:27","modified_gmt":"2022-04-23T09:51:27","slug":"master-key","status":"publish","type":"product","link":"https:\/\/www.hml-fetish.de\/shop\/master-key\/","title":{"rendered":"Master-Key"},"content":{"rendered":"<p><P>Hier ist ein Handschellen-Schl\u00fcssel, den Du nicht verlieren solltest: er pa\u00dft f\u00fcr alle g\u00e4ngigen Handschellen (Ausnahmen sind low-budgets und Darbys). Er ist 10 cm lang, schwarz lackiert und in Form eines Ton-Fa (Polizei-Schlagstock) gearbeitet. Befestige ihn mit dem angebrachten Schl\u00fcsselring an Deinem Schl\u00fcsselbund und Du wirst nie wieder den Schl\u00fcsseldienst rufen m\u00fcssen. Durch seine Gr\u00f6sse ist er auch leichter zu handhaben, als die \u00fcblichen Mini-Schl\u00fcssel.<\/P><\/p>\n","protected":false},"excerpt":{"rendered":"<h4>Master-Key<\/h4>\n<p><P>Hier ist ein Schl\u00fcssel, den Du nicht verlieren solltest: er pa\u00dft f\u00fcr alle g\u00e4ngigen Handschellen (Ausnahmen sind low-budgets und Darbys). Er ist 10 cm lang, schwarz lackiert und in Form eines Ton-Fa (Polizei-Schlagstock) gearbeitet. Befestige ihn mit dem angebrachten Schl\u00fcsselring an Deinem Schl\u00fcsselbund und Du wirst nie wieder den Schl\u00fcsseldienst rufen m\u00fcssen. Durch seine Gr\u00f6sse ist er auch leichter zu handhaben, als die \u00fcblichen Mini-Schl\u00fcssel.<\/P><\/p>\n","protected":false},"featured_media":21050,"comment_status":"open","ping_status":"closed","template":"","meta":[],"product_brand":[],"product_cat":[140],"product_tag":[],"class_list":{"0":"post-6790","1":"product","2":"type-product","3":"status-publish","4":"has-post-thumbnail","6":"product_cat-stahlfesseln","7":"product_shipping_class-brief","9":"first","10":"instock","11":"taxable","12":"shipping-taxable","13":"purchasable","14":"product-type-simple"},"_links":{"self":[{"href":"https:\/\/www.hml-fetish.de\/shop\/wp-json\/wp\/v2\/product\/6790","targetHints":{"allow":["GET"]}}],"collection":[{"href":"https:\/\/www.hml-fetish.de\/shop\/wp-json\/wp\/v2\/product"}],"about":[{"href":"https:\/\/www.hml-fetish.de\/shop\/wp-json\/wp\/v2\/types\/product"}],"replies":[{"embeddable":true,"href":"https:\/\/www.hml-fetish.de\/shop\/wp-json\/wp\/v2\/comments?post=6790"}],"version-history":[{"count":0,"href":"https:\/\/www.hml-fetish.de\/shop\/wp-json\/wp\/v2\/product\/6790\/revisions"}],"wp:featuredmedia":[{"embeddable":true,"href":"https:\/\/www.hml-fetish.de\/shop\/wp-json\/wp\/v2\/media\/21050"}],"wp:attachment":[{"href":"https:\/\/www.hml-fetish.de\/shop\/wp-json\/wp\/v2\/media?parent=6790"}],"wp:term":[{"taxonomy":"product_brand","embeddable":true,"href":"https:\/\/www.hml-fetish.de\/shop\/wp-json\/wp\/v2\/product_brand?post=6790"},{"taxonomy":"product_cat","embeddable":true,"href":"https:\/\/www.hml-fetish.de\/shop\/wp-json\/wp\/v2\/product_cat?post=6790"},{"taxonomy":"product_tag","embeddable":true,"href":"https:\/\/www.hml-fetish.de\/shop\/wp-json\/wp\/v2\/product_tag?post=6790"}],"curies":[{"name":"wp","href":"https:\/\/api.w.org\/{rel}","templated":true}]}}