{"id":6765,"date":"2022-01-23T22:49:17","date_gmt":"2022-01-23T21:49:17","guid":{"rendered":"https:\/\/www.hml-fetish.de\/shop\/?post_type=product&#038;p=6765"},"modified":"2023-02-11T18:41:09","modified_gmt":"2023-02-11T17:41:09","slug":"lederfesseln-mak","status":"publish","type":"product","link":"https:\/\/www.hml-fetish.de\/shop\/lederfesseln-mak\/","title":{"rendered":"Lederfesseln MAK"},"content":{"rendered":"<p><P>Abschlie\u00dfbare Lederfesseln, 60 mm breit und sehr stabil verarbeitet. Innen mit Leder hinterf\u00fcttert, also auch f\u00fcr Metall-Allergiker geeignet. Lieferung als Paar inklusive Doppelkarabiner und verchromten Vorh\u00e4ngeschl\u00f6ssern. Die MAK-LEDER Kollektion wurde f\u00fcr einen ganz besonderen Menschen entwickelt und hat ihre praktische Eignung im  Dauereinsatz am lebenden Objekt \u00fcber viele Jahre bewiesen.<\/P><br \/>\n<P>Du kannst hier drei Variationen dieses Artikels bestellen: Ein Paar Handfesseln, ein Paar Fu\u00dffesseln oder das preisg\u00fcnstige Set aus beiden!<\/P><\/p>\n","protected":false},"excerpt":{"rendered":"<h4>Lederfesseln MAK<\/h4>\n<p><P>Abschlie\u00dfbare Lederfesseln, 60 mm breit und sehr stabil verarbeitet. Innen mit Leder hinterf\u00fcttert, also auch f\u00fcr Metall-Allergiker geeignet. Lieferung als Paar inklusive Doppelkarabiner und verchromten Vorh\u00e4ngeschl\u00f6ssern.<\/P><\/p>\n","protected":false},"featured_media":21947,"comment_status":"open","ping_status":"closed","template":"","meta":[],"product_brand":[],"product_cat":[163,95,137,105],"product_tag":[4398],"class_list":{"0":"post-6765","1":"product","2":"type-product","3":"status-publish","4":"has-post-thumbnail","6":"product_cat-lederfesseln","7":"product_cat-bestseller","8":"product_cat-bondage","9":"product_cat-sonderangebote","10":"product_tag-hml-fetish-original","11":"product_shipping_class-paket","13":"first","14":"instock","15":"taxable","16":"shipping-taxable","17":"purchasable","18":"product-type-variable"},"_links":{"self":[{"href":"https:\/\/www.hml-fetish.de\/shop\/wp-json\/wp\/v2\/product\/6765","targetHints":{"allow":["GET"]}}],"collection":[{"href":"https:\/\/www.hml-fetish.de\/shop\/wp-json\/wp\/v2\/product"}],"about":[{"href":"https:\/\/www.hml-fetish.de\/shop\/wp-json\/wp\/v2\/types\/product"}],"replies":[{"embeddable":true,"href":"https:\/\/www.hml-fetish.de\/shop\/wp-json\/wp\/v2\/comments?post=6765"}],"version-history":[{"count":0,"href":"https:\/\/www.hml-fetish.de\/shop\/wp-json\/wp\/v2\/product\/6765\/revisions"}],"wp:featuredmedia":[{"embeddable":true,"href":"https:\/\/www.hml-fetish.de\/shop\/wp-json\/wp\/v2\/media\/21947"}],"wp:attachment":[{"href":"https:\/\/www.hml-fetish.de\/shop\/wp-json\/wp\/v2\/media?parent=6765"}],"wp:term":[{"taxonomy":"product_brand","embeddable":true,"href":"https:\/\/www.hml-fetish.de\/shop\/wp-json\/wp\/v2\/product_brand?post=6765"},{"taxonomy":"product_cat","embeddable":true,"href":"https:\/\/www.hml-fetish.de\/shop\/wp-json\/wp\/v2\/product_cat?post=6765"},{"taxonomy":"product_tag","embeddable":true,"href":"https:\/\/www.hml-fetish.de\/shop\/wp-json\/wp\/v2\/product_tag?post=6765"}],"curies":[{"name":"wp","href":"https:\/\/api.w.org\/{rel}","templated":true}]}}