{"id":6756,"date":"2022-01-23T22:49:15","date_gmt":"2022-01-23T21:49:15","guid":{"rendered":"https:\/\/www.hml-fetish.de\/shop\/?post_type=product&#038;p=6756"},"modified":"2024-11-25T08:38:24","modified_gmt":"2024-11-25T07:38:24","slug":"two-tone-polo","status":"publish","type":"product","link":"https:\/\/www.hml-fetish.de\/shop\/two-tone-polo\/","title":{"rendered":"Two-Tone Polo"},"content":{"rendered":"<p><P>Ein schwarzes, strapazierf\u00e4higes Markenpoloshirt aus 100% Baumwolle. 3 Kn\u00f6pfe. Kragen- und \u00c4rmelstreifen in rot-wei\u00df. Eher weit geschnitten und erh\u00e4ltlich in den Gr\u00f6\u00dfen S &#8211; 3XL. Ein unschlagbares Preis-Leistungsverh\u00e4ltnis!<br \/>\n<BR><img decoding=\"async\" src=\"\/GIF\/size_unisex_sp.gif\" alt=\"Gr\u00f6\u00dfentabelle\" title=\"Gr\u00f6\u00dfentabelle\" border=\"0\" height=\"194\" width=\"114\"><\/P><\/p>\n","protected":false},"excerpt":{"rendered":"<h4>Two-Tone Polo<\/h4>\n<p><P>Ein schwarzes, strapazierf\u00e4higes Markenpoloshirt aus 100% Baumwolle. 3 Kn\u00f6pfe. Kragen- und \u00c4rmelstreifen in rot-wei\u00df. Eher weit geschnitten und erh\u00e4ltlich in den Gr\u00f6\u00dfen S &#8211; 3XL. Ein unschlagbares Preis-Leistungsverh\u00e4ltnis!><\/P><\/p>\n","protected":false},"featured_media":22332,"comment_status":"open","ping_status":"closed","template":"","meta":[],"product_brand":[],"product_cat":[179,116,105],"product_tag":[],"class_list":{"0":"post-6756","1":"product","2":"type-product","3":"status-publish","4":"has-post-thumbnail","6":"product_cat-kleidung","7":"product_cat-shirts-tops","8":"product_cat-sonderangebote","9":"product_shipping_class-brief","11":"first","12":"instock","13":"taxable","14":"shipping-taxable","15":"purchasable","16":"product-type-variable"},"_links":{"self":[{"href":"https:\/\/www.hml-fetish.de\/shop\/wp-json\/wp\/v2\/product\/6756","targetHints":{"allow":["GET"]}}],"collection":[{"href":"https:\/\/www.hml-fetish.de\/shop\/wp-json\/wp\/v2\/product"}],"about":[{"href":"https:\/\/www.hml-fetish.de\/shop\/wp-json\/wp\/v2\/types\/product"}],"replies":[{"embeddable":true,"href":"https:\/\/www.hml-fetish.de\/shop\/wp-json\/wp\/v2\/comments?post=6756"}],"version-history":[{"count":0,"href":"https:\/\/www.hml-fetish.de\/shop\/wp-json\/wp\/v2\/product\/6756\/revisions"}],"wp:featuredmedia":[{"embeddable":true,"href":"https:\/\/www.hml-fetish.de\/shop\/wp-json\/wp\/v2\/media\/22332"}],"wp:attachment":[{"href":"https:\/\/www.hml-fetish.de\/shop\/wp-json\/wp\/v2\/media?parent=6756"}],"wp:term":[{"taxonomy":"product_brand","embeddable":true,"href":"https:\/\/www.hml-fetish.de\/shop\/wp-json\/wp\/v2\/product_brand?post=6756"},{"taxonomy":"product_cat","embeddable":true,"href":"https:\/\/www.hml-fetish.de\/shop\/wp-json\/wp\/v2\/product_cat?post=6756"},{"taxonomy":"product_tag","embeddable":true,"href":"https:\/\/www.hml-fetish.de\/shop\/wp-json\/wp\/v2\/product_tag?post=6756"}],"curies":[{"name":"wp","href":"https:\/\/api.w.org\/{rel}","templated":true}]}}