{"id":6747,"date":"2022-01-23T22:49:12","date_gmt":"2022-01-23T21:49:12","guid":{"rendered":"https:\/\/www.hml-fetish.de\/shop\/?post_type=product&#038;p=6747"},"modified":"2022-12-06T13:38:10","modified_gmt":"2022-12-06T12:38:10","slug":"bondage-halsband","status":"publish","type":"product","link":"https:\/\/www.hml-fetish.de\/shop\/bondage-halsband\/","title":{"rendered":"Bondage-Halsband"},"content":{"rendered":"<p><P>50 mm breit und besonders stabil. Mit drei Stahlschlaufen (gro\u00dfen D-Ringen), die von einem durchgehenden aufgesetzten Gurt gehalten werden. In den Gr\u00f6\u00dfen S bis 3XL. Die zus\u00e4tzlichen D-Ringe sind sehr praktisch, um z.B. Handfesseln daran zu befestigen. Es macht \u00bbklick\u00ab und Du bist au\u00dfer Gefecht gesetzt.<br \/>\n<BR><img decoding=\"async\" src=\"\/GIF\/size_HB.gif\" alt=\"Gr\u00f6\u00dfentabelle\" title=\"Gr\u00f6\u00dfentabelle\" border=\"0\" height=\"177\" width=\"119\"><\/P><\/p>\n","protected":false},"excerpt":{"rendered":"<h4>Bondage-Halsband<\/h4>\n<p><P>50 mm breit und besonders stabil. Mit drei Stahlschlaufen (gro\u00dfen D-Ringen), die von einem durchgehenden aufgesetzten Gurt gehalten werden. In den Gr\u00f6\u00dfen S bis 3XL. Die zus\u00e4tzlichen D-Ringe sind sehr praktisch, um z.B. Handfesseln daran zu befestigen. Es macht \u00bbklick\u00ab und Du bist au\u00dfer Gefecht gesetzt.<\/P><\/p>\n","protected":false},"featured_media":22606,"comment_status":"open","ping_status":"closed","template":"","meta":[],"product_brand":[],"product_cat":[156,163],"product_tag":[4398],"class_list":{"0":"post-6747","1":"product","2":"type-product","3":"status-publish","4":"has-post-thumbnail","6":"product_cat-harnesse","7":"product_cat-lederfesseln","8":"product_tag-hml-fetish-original","9":"product_shipping_class-paket","11":"first","12":"instock","13":"taxable","14":"shipping-taxable","15":"purchasable","16":"product-type-variable"},"_links":{"self":[{"href":"https:\/\/www.hml-fetish.de\/shop\/wp-json\/wp\/v2\/product\/6747","targetHints":{"allow":["GET"]}}],"collection":[{"href":"https:\/\/www.hml-fetish.de\/shop\/wp-json\/wp\/v2\/product"}],"about":[{"href":"https:\/\/www.hml-fetish.de\/shop\/wp-json\/wp\/v2\/types\/product"}],"replies":[{"embeddable":true,"href":"https:\/\/www.hml-fetish.de\/shop\/wp-json\/wp\/v2\/comments?post=6747"}],"version-history":[{"count":0,"href":"https:\/\/www.hml-fetish.de\/shop\/wp-json\/wp\/v2\/product\/6747\/revisions"}],"wp:featuredmedia":[{"embeddable":true,"href":"https:\/\/www.hml-fetish.de\/shop\/wp-json\/wp\/v2\/media\/22606"}],"wp:attachment":[{"href":"https:\/\/www.hml-fetish.de\/shop\/wp-json\/wp\/v2\/media?parent=6747"}],"wp:term":[{"taxonomy":"product_brand","embeddable":true,"href":"https:\/\/www.hml-fetish.de\/shop\/wp-json\/wp\/v2\/product_brand?post=6747"},{"taxonomy":"product_cat","embeddable":true,"href":"https:\/\/www.hml-fetish.de\/shop\/wp-json\/wp\/v2\/product_cat?post=6747"},{"taxonomy":"product_tag","embeddable":true,"href":"https:\/\/www.hml-fetish.de\/shop\/wp-json\/wp\/v2\/product_tag?post=6747"}],"curies":[{"name":"wp","href":"https:\/\/api.w.org\/{rel}","templated":true}]}}