{"id":6741,"date":"2022-01-23T22:49:11","date_gmt":"2022-01-23T21:49:11","guid":{"rendered":"https:\/\/www.hml-fetish.de\/shop\/?post_type=product&#038;p=6741"},"modified":"2025-03-21T17:43:51","modified_gmt":"2025-03-21T16:43:51","slug":"leder-schultergurt-heavy","status":"publish","type":"product","link":"https:\/\/www.hml-fetish.de\/shop\/leder-schultergurt-heavy\/","title":{"rendered":"Leder Schultergurt Heavy"},"content":{"rendered":"<p><P>Unser 2 cm breiter Schultergurt, hier unterlegt mit einem weiteren, 4 cm breiten, Ledergurt. Das bewirkt nicht nur, da\u00df er h\u00f6here Lasten tragen kann, sondern verleiht ihm auch eine noch kerligere Optik. Dazu bekommst Du zwei unserer speziellen G\u00fcrtelschlaufen, die mit verdeckten Druckkn\u00f6pfen einstellbar sind f\u00fcr 4 cm oder 5 cm breite G\u00fcrtel.<\/P><br \/>\n<P>Den Polizei Schultergurt bekommst Du in den Gr\u00f6\u00dfen S, M, L, XL und XXL und in den Farben Schwarz und Wei\u00df. Wobei Gr\u00f6\u00dfe S gemessen ab G\u00fcrtel-Unterkante etwa 102 cm bis 114 cm lang ist, M einstellbar von 108 cm bis 120 cm, L von etwa 114 cm bis 126 cm, XL von ca. 120 cm bis 132 cm und analog weiter.<\/P><br \/>\n<P><B>Produktsicherheit:<\/B><BR><br \/>\nAllergiehinweis: Material Rindleder, Metallteile mit Hautkontakt sind rost- und nickelfrei<BR><br \/>\nVerantwortliche Person<BR><br \/>\nHML, Inhaber Dr. Detlef Moller<BR><br \/>\nNeukirchstra\u00dfe 18<BR><br \/>\n28215 Bremen<BR><br \/>\nDeutschland<BR><br \/>\ninfo@hml-fetish.de<\/P><\/p>\n","protected":false},"excerpt":{"rendered":"<h4>Leder Schultergurt Heavy<\/h4>\n<p><P>Unser 2 cm breiter Schultergurt, hier unterlegt mit einem weiteren, 4 cm breiten, Ledergurt. Das bewirkt nicht nur, da\u00df er h\u00f6here Lasten tragen kann, sondern verleiht ihm auch eine noch kerligere Optik. Und inklusive zwei unserer speziellen G\u00fcrtelschlaufen, die mit verdeckten Druckkn\u00f6pfen einstellbar sind f\u00fcr 4 cm oder 5 cm breite G\u00fcrtel.<\/P><\/p>\n","protected":false},"featured_media":22851,"comment_status":"open","ping_status":"closed","template":"","meta":[],"product_brand":[],"product_cat":[155,148],"product_tag":[3290,4398],"class_list":{"0":"post-6741","1":"product","2":"type-product","3":"status-publish","4":"has-post-thumbnail","6":"product_cat-guertel-gurte-2","7":"product_cat-guertel-gurte","8":"product_tag-bluf-fetisch","9":"product_tag-hml-fetish-original","10":"product_shipping_class-brief","12":"first","13":"instock","14":"taxable","15":"shipping-taxable","16":"purchasable","17":"product-type-variable"},"_links":{"self":[{"href":"https:\/\/www.hml-fetish.de\/shop\/wp-json\/wp\/v2\/product\/6741","targetHints":{"allow":["GET"]}}],"collection":[{"href":"https:\/\/www.hml-fetish.de\/shop\/wp-json\/wp\/v2\/product"}],"about":[{"href":"https:\/\/www.hml-fetish.de\/shop\/wp-json\/wp\/v2\/types\/product"}],"replies":[{"embeddable":true,"href":"https:\/\/www.hml-fetish.de\/shop\/wp-json\/wp\/v2\/comments?post=6741"}],"version-history":[{"count":0,"href":"https:\/\/www.hml-fetish.de\/shop\/wp-json\/wp\/v2\/product\/6741\/revisions"}],"wp:featuredmedia":[{"embeddable":true,"href":"https:\/\/www.hml-fetish.de\/shop\/wp-json\/wp\/v2\/media\/22851"}],"wp:attachment":[{"href":"https:\/\/www.hml-fetish.de\/shop\/wp-json\/wp\/v2\/media?parent=6741"}],"wp:term":[{"taxonomy":"product_brand","embeddable":true,"href":"https:\/\/www.hml-fetish.de\/shop\/wp-json\/wp\/v2\/product_brand?post=6741"},{"taxonomy":"product_cat","embeddable":true,"href":"https:\/\/www.hml-fetish.de\/shop\/wp-json\/wp\/v2\/product_cat?post=6741"},{"taxonomy":"product_tag","embeddable":true,"href":"https:\/\/www.hml-fetish.de\/shop\/wp-json\/wp\/v2\/product_tag?post=6741"}],"curies":[{"name":"wp","href":"https:\/\/api.w.org\/{rel}","templated":true}]}}