{"id":6740,"date":"2022-01-23T22:49:10","date_gmt":"2022-01-23T21:49:10","guid":{"rendered":"https:\/\/www.hml-fetish.de\/shop\/?post_type=product&#038;p=6740"},"modified":"2025-01-15T15:33:40","modified_gmt":"2025-01-15T14:33:40","slug":"leder-schultergurt-standard","status":"publish","type":"product","link":"https:\/\/www.hml-fetish.de\/shop\/leder-schultergurt-standard\/","title":{"rendered":"Leder Schultergurt Standard"},"content":{"rendered":"<p><P>Ein Leder Schultergurt in der Standard Breite 2 cm, wie sie z.B. von Feldj\u00e4gern getragen wird. Aus schwarzem Rindnappa Leder handgefertigt, zweilagig und rundum abgesteppt. Nat\u00fcrlich inklusive zwei der patenten G\u00fcrtelschlaufen, die mit verdeckten Druckkn\u00f6pfen perfekt f\u00fcr 4 cm breite und 5 cm breite G\u00fcrtel eingestellt werden k\u00f6nnen.<\/P><br \/>\n<P>Der Schultergurt ist in den Gr\u00f6\u00dfen S, M, L und XL erh\u00e4ltlich. Wobei Gr\u00f6\u00dfe S gemessen ab G\u00fcrtel-Unterkante etwa 102 cm bis 114 cm lang ist, M einstellbar von 108 cm bis 120 cm, L von etwa 114 cm bis 126 cm, XL von ca. 120 cm bis 132 cm und entsprechend weiter. Dieser Schultergurt pa\u00dft auch zu unseren G\u00fcrteln und zum Sam Brown G\u00fcrtel.<\/P><br \/>\n<P><B>Produktsicherheit:<\/B><BR><br \/>\nAllergiehinweis: Material Rindleder, Metallteile mit Hautkontakt sind rost- und nickelfrei<BR><br \/>\nVerantwortliche Person<BR><br \/>\nHML, Inhaber Dr. Detlef Moller<BR><br \/>\nNeukirchstra\u00dfe 18<BR><br \/>\n28215 Bremen<BR><br \/>\nDeutschland<BR><br \/>\ninfo@hml-fetish.de<\/P><\/p>\n","protected":false},"excerpt":{"rendered":"<h4>Leder Schultergurt Standard<\/h4>\n<p><P>Ein Leder Schultergurt in der Standard Breite 2 cm, wie sie z.B. von Feldj\u00e4gern getragen wird. Aus schwarzem Rindnappa Leder handgefertigt, zweilagig und rundum abgesteppt. Nat\u00fcrlich inklusive zwei der patenten G\u00fcrtelschlaufen, die mit verdeckten Druckkn\u00f6pfen perfekt f\u00fcr 4 cm breite und 5 cm breite G\u00fcrtel eingestellt werden k\u00f6nnen.<\/P><\/p>\n","protected":false},"featured_media":22886,"comment_status":"open","ping_status":"closed","template":"","meta":[],"product_brand":[],"product_cat":[155,95,148],"product_tag":[3290,4398],"class_list":{"0":"post-6740","1":"product","2":"type-product","3":"status-publish","4":"has-post-thumbnail","6":"product_cat-guertel-gurte-2","7":"product_cat-bestseller","8":"product_cat-guertel-gurte","9":"product_tag-bluf-fetisch","10":"product_tag-hml-fetish-original","11":"product_shipping_class-brief","13":"first","14":"instock","15":"taxable","16":"shipping-taxable","17":"purchasable","18":"product-type-variable"},"_links":{"self":[{"href":"https:\/\/www.hml-fetish.de\/shop\/wp-json\/wp\/v2\/product\/6740","targetHints":{"allow":["GET"]}}],"collection":[{"href":"https:\/\/www.hml-fetish.de\/shop\/wp-json\/wp\/v2\/product"}],"about":[{"href":"https:\/\/www.hml-fetish.de\/shop\/wp-json\/wp\/v2\/types\/product"}],"replies":[{"embeddable":true,"href":"https:\/\/www.hml-fetish.de\/shop\/wp-json\/wp\/v2\/comments?post=6740"}],"version-history":[{"count":0,"href":"https:\/\/www.hml-fetish.de\/shop\/wp-json\/wp\/v2\/product\/6740\/revisions"}],"wp:featuredmedia":[{"embeddable":true,"href":"https:\/\/www.hml-fetish.de\/shop\/wp-json\/wp\/v2\/media\/22886"}],"wp:attachment":[{"href":"https:\/\/www.hml-fetish.de\/shop\/wp-json\/wp\/v2\/media?parent=6740"}],"wp:term":[{"taxonomy":"product_brand","embeddable":true,"href":"https:\/\/www.hml-fetish.de\/shop\/wp-json\/wp\/v2\/product_brand?post=6740"},{"taxonomy":"product_cat","embeddable":true,"href":"https:\/\/www.hml-fetish.de\/shop\/wp-json\/wp\/v2\/product_cat?post=6740"},{"taxonomy":"product_tag","embeddable":true,"href":"https:\/\/www.hml-fetish.de\/shop\/wp-json\/wp\/v2\/product_tag?post=6740"}],"curies":[{"name":"wp","href":"https:\/\/api.w.org\/{rel}","templated":true}]}}