{"id":6736,"date":"2022-01-23T22:48:50","date_gmt":"2022-01-23T21:48:50","guid":{"rendered":"https:\/\/www.hml-fetish.de\/shop\/?post_type=product&#038;p=6736"},"modified":"2025-03-04T13:11:48","modified_gmt":"2025-03-04T12:11:48","slug":"bulldog-harness-mit-druckknoepfen","status":"publish","type":"product","link":"https:\/\/www.hml-fetish.de\/shop\/bulldog-harness-mit-druckknoepfen\/","title":{"rendered":"Bulldog Harness mit Druckkn\u00f6pfen"},"content":{"rendered":"<p>Ein Leder Geschirr f\u00fcr Deinen Oberk\u00f6rper, so kerlig, da\u00df es auch eine Bulldogge tragen k\u00f6nnte, ohne daneben auszuschauen. Deswegen haben wir diesen kernigen Top Harness aus eigener Fertigung \u00bbBulldog-Harness\u00ab getauft. Er besteht aus 3,5 cm breiten, umgebugten und abgesteppten Ledergurten. Jeder einzelne ist in Handarbeit gen\u00e4ht und genietet und mit Druckkn\u00f6pfen verschlie\u00dfbar und verstellbar.<\/p>\n<p>Den D-Ring vorne auf der Brust kannst Du auch mit Karabiner und Kette als F\u00fchrungsring verwenden &#8211; wie f\u00fcr eine echte Bulldogge. Trag&#8217; ihn zum n\u00e4chsten Stra\u00dfenfest und genie\u00dfe die l\u00fcsternen Blicke der anderen M\u00e4nner.<\/p>\n<p><img decoding=\"async\" title=\"Gr\u00f6\u00dfentabelle\" src=\"\/GIF\/size_unisex_up.gif\" alt=\"Gr\u00f6\u00dfentabelle\" width=\"114\" height=\"194\" border=\"0\" \/><\/p>\n","protected":false},"excerpt":{"rendered":"<h4>Bulldog Harness mit Druckkn\u00f6pfen<\/h4>\n<p>Ein Geschirr f\u00fcr Deinen Oberk\u00f6rper, so kerlig, da\u00df ihn auch eine Bulldogge tragen k\u00f6nnte, ohne daneben auszuschauen. Deswegen haben wir diesen kernigen Top Harness aus eigener Fertigung \u00bbBulldog-Harness\u00ab getauft. Er besteht aus 3,5 cm breiten, umgebugten und abgesteppten Ledergurten. Jeder einzelne ist in Handarbeit gen\u00e4ht und genietet und mit Druckkn\u00f6pfen verschlie\u00dfbar und verstellbar.<\/p>\n","protected":false},"featured_media":23074,"comment_status":"open","ping_status":"closed","template":"","meta":[],"product_brand":[],"product_cat":[156,95,143],"product_tag":[4398],"class_list":{"0":"post-6736","1":"product","2":"type-product","3":"status-publish","4":"has-post-thumbnail","6":"product_cat-harnesse","7":"product_cat-bestseller","8":"product_cat-petplay","9":"product_tag-hml-fetish-original","10":"product_shipping_class-paket","12":"first","13":"instock","14":"sale","15":"taxable","16":"shipping-taxable","17":"purchasable","18":"product-type-variable"},"_links":{"self":[{"href":"https:\/\/www.hml-fetish.de\/shop\/wp-json\/wp\/v2\/product\/6736","targetHints":{"allow":["GET"]}}],"collection":[{"href":"https:\/\/www.hml-fetish.de\/shop\/wp-json\/wp\/v2\/product"}],"about":[{"href":"https:\/\/www.hml-fetish.de\/shop\/wp-json\/wp\/v2\/types\/product"}],"replies":[{"embeddable":true,"href":"https:\/\/www.hml-fetish.de\/shop\/wp-json\/wp\/v2\/comments?post=6736"}],"version-history":[{"count":0,"href":"https:\/\/www.hml-fetish.de\/shop\/wp-json\/wp\/v2\/product\/6736\/revisions"}],"wp:featuredmedia":[{"embeddable":true,"href":"https:\/\/www.hml-fetish.de\/shop\/wp-json\/wp\/v2\/media\/23074"}],"wp:attachment":[{"href":"https:\/\/www.hml-fetish.de\/shop\/wp-json\/wp\/v2\/media?parent=6736"}],"wp:term":[{"taxonomy":"product_brand","embeddable":true,"href":"https:\/\/www.hml-fetish.de\/shop\/wp-json\/wp\/v2\/product_brand?post=6736"},{"taxonomy":"product_cat","embeddable":true,"href":"https:\/\/www.hml-fetish.de\/shop\/wp-json\/wp\/v2\/product_cat?post=6736"},{"taxonomy":"product_tag","embeddable":true,"href":"https:\/\/www.hml-fetish.de\/shop\/wp-json\/wp\/v2\/product_tag?post=6736"}],"curies":[{"name":"wp","href":"https:\/\/api.w.org\/{rel}","templated":true}]}}