{"id":6730,"date":"2022-01-23T22:48:49","date_gmt":"2022-01-23T21:48:49","guid":{"rendered":"https:\/\/www.hml-fetish.de\/shop\/?post_type=product&#038;p=6730"},"modified":"2025-01-15T14:06:02","modified_gmt":"2025-01-15T13:06:02","slug":"voll-harness-mit-druckknoepfen","status":"publish","type":"product","link":"https:\/\/www.hml-fetish.de\/shop\/voll-harness-mit-druckknoepfen\/","title":{"rendered":"Voll-Harness mit Druckkn\u00f6pfen"},"content":{"rendered":"<p><P>Ganzk\u00f6rper Harness aus 3 cm oder 4 cm breiten breiten Rindnappa-Ledergurten. Die Gurte sind etwa 2,6 mm dick. Mit dem Leder, das wir daf\u00fcr ausgesucht haben, und durch unsere Art der Fertigung sind sie geschmeidig und sie k\u00f6nnen durchaus auch mal etwas feuchtere Spiele ab.<\/P><br \/>\n<P>Diese Version funktioniert ganz mit Druckkn\u00f6pfen und ist einstellbar. Die Version mit 3 cm breiten Gurten wird mit einer Reihe Druckkn\u00f6pfe geschlossen, die breitere Version mit zwei Reihen. Sie ist so gearbeitet, da\u00df du von diesem Voll-Harness auch nur das Oberteil einzeln tragen kannst (das Unterteil nat\u00fcrlich auch). Zu beiden geh\u00f6rt je ein Nirosta-Cockring mit 50 mm Innendurchmesser, oder jeder anderen Gr\u00f6\u00dfe, die Du uns beim Auschecken Deiner Bestellung im Kommentarfeld mitteilst.<br \/>\n<BR><img decoding=\"async\" src=\"\/GIF\/size_unisex_up.gif\" alt=\"Gr\u00f6\u00dfentabelle\" title=\"Gr\u00f6\u00dfentabelle\" border=\"0\" height=\"194\" width=\"114\"><\/P><br \/>\n<P><B>Produktsicherheit:<\/B><BR><br \/>\nAllergiehinweis: Material Rindleder, Metallteile mit Hautkontakt sind rost- und nickelfrei<BR><br \/>\nVerantwortliche Person<BR><br \/>\nHML, Inhaber Dr. Detlef Moller<BR><br \/>\nNeukirchstra\u00dfe 18<BR><br \/>\n28215 Bremen<BR><br \/>\nDeutschland<BR><br \/>\ninfo@hml-fetish.de<\/P><\/p>\n","protected":false},"excerpt":{"rendered":"<h4>Voll-Harness mit Druckkn\u00f6pfen<\/h4>\n<p><P>Ganzk\u00f6rper-Harness aus 3 cm oder 4 cm breiten breiten Rindnappa-Ledergurten. Die Gurte sind etwa 2,6 mm dick. Mit dem Leder, das wir daf\u00fcr ausgesucht haben, und durch unsere Art der Fertigung sind sie geschmeidig und sie k\u00f6nnen durchaus auch mal etwas feuchtere Spiele ab.<\/P><\/p>\n","protected":false},"featured_media":23280,"comment_status":"open","ping_status":"closed","template":"","meta":[],"product_brand":[],"product_cat":[156,95],"product_tag":[4398],"class_list":{"0":"post-6730","1":"product","2":"type-product","3":"status-publish","4":"has-post-thumbnail","6":"product_cat-harnesse","7":"product_cat-bestseller","8":"product_tag-hml-fetish-original","9":"product_shipping_class-paket","11":"first","12":"instock","13":"taxable","14":"shipping-taxable","15":"purchasable","16":"product-type-variable"},"_links":{"self":[{"href":"https:\/\/www.hml-fetish.de\/shop\/wp-json\/wp\/v2\/product\/6730","targetHints":{"allow":["GET"]}}],"collection":[{"href":"https:\/\/www.hml-fetish.de\/shop\/wp-json\/wp\/v2\/product"}],"about":[{"href":"https:\/\/www.hml-fetish.de\/shop\/wp-json\/wp\/v2\/types\/product"}],"replies":[{"embeddable":true,"href":"https:\/\/www.hml-fetish.de\/shop\/wp-json\/wp\/v2\/comments?post=6730"}],"version-history":[{"count":0,"href":"https:\/\/www.hml-fetish.de\/shop\/wp-json\/wp\/v2\/product\/6730\/revisions"}],"wp:featuredmedia":[{"embeddable":true,"href":"https:\/\/www.hml-fetish.de\/shop\/wp-json\/wp\/v2\/media\/23280"}],"wp:attachment":[{"href":"https:\/\/www.hml-fetish.de\/shop\/wp-json\/wp\/v2\/media?parent=6730"}],"wp:term":[{"taxonomy":"product_brand","embeddable":true,"href":"https:\/\/www.hml-fetish.de\/shop\/wp-json\/wp\/v2\/product_brand?post=6730"},{"taxonomy":"product_cat","embeddable":true,"href":"https:\/\/www.hml-fetish.de\/shop\/wp-json\/wp\/v2\/product_cat?post=6730"},{"taxonomy":"product_tag","embeddable":true,"href":"https:\/\/www.hml-fetish.de\/shop\/wp-json\/wp\/v2\/product_tag?post=6730"}],"curies":[{"name":"wp","href":"https:\/\/api.w.org\/{rel}","templated":true}]}}